{"text_format":"3","workbook":"xlsx","n_sheets":4,"sheets":["401k Calculator","Calculations","Readme","PSW_Sheet"],"not_rendered":{"charts":3,"defined_names":39},"cells_cut":21,"read":"whole","date_system":"1900"}

{"sheet":"401k Calculator","index":0,"n_rows":76,"n_cols":35,"rows_kept":76,"merged":[[1,1,1,37],[4,2,4,6],[4,7,4,9],[4,12,4,16],[4,17,4,19],[4,28,4,36],[5,2,5,6],[5,7,5,9],[5,12,5,13],[5,14,5,16],[5,17,5,19],[5,28,5,30],[5,31,5,33],[5,34,5,36],[6,25,6,27],[6,28,6,30],[6,31,6,33],[6,34,6,36],[7,2,7,6],[7,7,7,9],[7,12,7,16],[7,17,7,19],[7,25,7,27],[7,28,7,30],[7,31,7,33],[7,34,7,36],[8,2,8,6],[8,7,8,9],[8,12,8,16],[8,17,8,19],[8,25,8,27],[8,28,8,30],[8,31,8,33],[8,34,8,36],[9,2,9,6],[9,7,9,9],[9,12,9,16],[9,17,9,19],[9,25,9,27],[9,28,9,30],[10,2,10,6],[10,7,10,9],[10,12,10,16],[10,17,10,19],[10,25,10,27],[10,28,10,30],[11,21,11,22],[14,2,15,3],[14,4,15,6],[14,7,15,9],[14,10,15,12],[14,13,15,15],[14,16,15,18],[14,19,15,21],[14,25,14,36],[16,2,16,3],[16,4,16,6],[16,7,16,9],[16,10,16,12],[16,13,16,15],[16,16,16,18],[16,19,16,21],[17,2,17,3],[17,4,17,6],[17,7,17,9],[17,10,17,12],[17,13,17,15],[17,16,17,18],[17,19,17,21],[18,2,18,3],[18,4,18,6],[18,7,18,9],[18,10,18,12],[18,13,18,15],[18,16,18,18],[18,19,18,21],[19,2,19,3],[19,4,19,6],[19,7,19,9],[19,10,19,12],[19,13,19,15],[19,16,19,18],[19,19,19,21],[20,2,20,3],[20,4,20,6],[20,7,20,9],[20,10,20,12],[20,13,20,15],[20,16,20,18],[20,19,20,21],[21,2,21,3],[21,4,21,6],[21,7,21,9],[21,10,21,12],[21,13,21,15],[21,16,21,18],[21,19,21,21],[22,2,22,3],[22,4,22,6],[22,7,22,9],[22,10,22,12],[22,13,22,15],[22,16,22,18],[22,19,22,21],[23,2,23,3],[23,4,23,6],[23,7,23,9],[23,10,23,12],[23,13,23,15],[23,16,23,18],[23,19,23,21],[24,2,24,3],[24,4,24,6],[24,7,24,9],[24,10,24,12],[24,13,24,15],[24,16,24,18],[24,19,24,21],[25,2,25,3],[25,4,25,6],[25,7,25,9],[25,10,25,12],[25,13,25,15],[25,16,25,18],[25,19,25,21],[26,2,26,3],[26,4,26,6],[26,7,26,9],[26,10,26,12],[26,13,26,15],[26,16,26,18],[26,19,26,21],[27,2,27,3],[27,4,27,6],[27,7,27,9],[27,10,27,12],[27,13,27,15],[27,16,27,18],[27,19,27,21],[28,2,28,3],[28,4,28,6],[28,7,28,9],[28,10,28,12],[28,13,28,15],[28,16,28,18],[28,19,28,21],[29,2,29,3],[29,4,29,6],[29,7,29,9],[29,10,29,12],[29,13,29,15],[29,16,29,18],[29,19,29,21],[29,25,29,36],[30,2,30,3],[30,4,30,6],[30,7,30,9],[30,10,30,12],[30,13,30,15],[30,16,30,18],[30,19,30,21],[31,2,31,3],[31,4,31,6],[31,7,31,9],[31,10,31,12],[31,13,31,15],[31,16,31,18],[31,19,31,21],[31,25,31,36],[32,2,32,3],[32,4,32,6],[32,7,32,9],[32,10,32,12],[32,13,32,15],[32,16,32,18],[32,19,32,21],[33,2,33,3],[33,4,33,6],[33,7,33,9],[33,10,33,12],[33,13,33,15],[33,16,33,18],[33,19,33,21],[34,2,34,3],[34,4,34,6],[34,7,34,9],[34,10,34,12],[34,13,34,15],[34,16,34,18],[34,19,34,21],[35,2,35,3],[35,4,35,6],[35,7,35,9],[35,10,35,12],[35,13,35,15],[35,16,35,18],[35,19,35,21],[36,2,36,3],[36,4,36,6],[36,7,36,9],[36,10,36,12],[36,13,36,15],[36,16,36,18],[36,19,36,21],[37,2,37,3],[37,4,37,6],[37,7,37,9],[37,10,37,12],[37,13,37,15],[37,16,37,18],[37,19,37,21],[38,2,38,3],[38,4,38,6],[38,7,38,9],[38,10,38,12],[38,13,38,15],[38,16,38,18],[38,19,38,21],[39,2,39,3],[39,4,39,6],[39,7,39,9],[39,10,39,12],[39,13,39,15],[39,16,39,18],[39,19,39,21],[40,2,40,3],[40,4,40,6],[40,7,40,9],[40,10,40,12],[40,13,40,15],[40,16,40,18],[40,19,40,21],[41,2,41,3],[41,4,41,6],[41,7,41,9],[41,10,41,12],[41,13,41,15],[41,16,41,18],[41,19,41,21],[42,2,42,3],[42,4,42,6],[42,7,42,9],[42,10,42,12],[42,13,42,15],[42,16,42,18],[42,19,42,21],[43,2,43,3],[43,4,43,6],[43,7,43,9],[43,10,43,12],[43,13,43,15],[43,16,43,18],[43,19,43,21],[44,2,44,3],[44,4,44,6],[44,7,44,9],[44,10,44,12],[44,13,44,15],[44,16,44,18],[44,19,44,21],[45,2,45,3],[45,4,45,6],[45,7,45,9],[45,10,45,12],[45,13,45,15],[45,16,45,18],[45,19,45,21],[46,2,46,3],[46,4,46,6],[46,7,46,9],[46,10,46,12],[46,13,46,15],[46,16,46,18],[46,19,46,21],[47,2,47,3],[47,4,47,6],[47,7,47,9],[47,10,47,12],[47,13,47,15],[47,16,47,18],[47,19,47,21],[47,25,47,36],[48,2,48,3],[48,4,48,6],[48,7,48,9],[48,10,48,12],[48,13,48,15],[48,16,48,18],[48,19,48,21],[49,2,49,3],[49,4,49,6],[49,7,49,9],[49,10,49,12],[49,13,49,15],[49,16,49,18],[49,19,49,21],[50,2,50,3],[50,4,50,6],[50,7,50,9],[50,10,50,12],[50,13,50,15],[50,16,50,18],[50,19,50,21],[51,2,51,3],[51,4,51,6],[51,7,51,9],[51,10,51,12],[51,13,51,15],[51,16,51,18],[51,19,51,21],[52,2,52,3],[52,4,52,6],[52,7,52,9],[52,10,52,12],[52,13,52,15],[52,16,52,18],[52,19,52,21],[53,2,53,3],[53,4,53,6],[53,7,53,9],[53,10,53,12],[53,13,53,15],[53,16,53,18],[53,19,53,21],[54,2,54,3],[54,4,54,6],[54,7,54,9],[54,10,54,12],[54,13,54,15],[54,16,54,18],[54,19,54,21],[55,2,55,3],[55,4,55,6],[55,7,55,9],[55,10,55,12],[55,13,55,15],[55,16,55,18],[55,19,55,21],[56,2,56,3],[56,4,56,6],[56,7,56,9],[56,10,56,12],[56,13,56,15],[56,16,56,18],[56,19,56,21],[57,2,57,3],[57,4,57,6],[57,7,57,9],[57,10,57,12],[57,13,57,15],[57,16,57,18],[57,19,57,21],[58,2,58,3],[58,4,58,6],[58,7,58,9],[58,10,58,12],[58,13,58,15],[58,16,58,18],[58,19,58,21],[59,2,59,3],[59,4,59,6],[59,7,59,9],[59,10,59,12],[59,13,59,15],[59,16,59,18],[59,19,59,21],[60,2,60,3],[60,4,60,6],[60,7,60,9],[60,10,60,12],[60,13,60,15],[60,16,60,18],[60,19,60,21],[61,2,61,3],[61,4,61,6],[61,7,61,9],[61,10,61,12],[61,13,61,15],[61,16,61,18],[61,19,61,21],[62,2,62,3],[62,4,62,6],[62,7,62,9],[62,10,62,12],[62,13,62,15],[62,16,62,18],[62,19,62,21],[63,2,63,3],[63,4,63,6],[63,7,63,9],[63,10,63,12],[63,13,63,15],[63,16,63,18],[63,19,63,21],[64,2,64,3],[64,4,64,6],[64,7,64,9],[64,10,64,12],[64,13,64,15],[64,16,64,18],[64,19,64,21],[65,2,65,3],[65,4,65,6],[65,7,65,9],[65,10,65,12],[65,13,65,15],[65,16,65,18],[65,19,65,21],[66,2,66,3],[66,4,66,6],[66,7,66,9],[66,10,66,12],[66,13,66,15],[66,16,66,18],[66,19,66,21],[67,2,67,3],[67,4,67,6],[67,7,67,9],[67,10,67,12],[67,13,67,15],[67,16,67,18],[67,19,67,21],[68,2,68,3],[68,4,68,6],[68,7,68,9],[68,10,68,12],[68,13,68,15],[68,16,68,18],[68,19,68,21],[69,2,69,3],[69,4,69,6],[69,7,69,9],[69,10,69,12],[69,13,69,15],[69,16,69,18],[69,19,69,21],[70,2,70,3],[70,4,70,6],[70,7,70,9],[70,10,70,12],[70,13,70,15],[70,16,70,18],[70,19,70,21],[71,2,71,3],[71,4,71,6],[71,7,71,9],[71,10,71,12],[71,13,71,15],[71,16,71,18],[71,19,71,21],[72,2,72,3],[72,4,72,6],[72,7,72,9],[72,10,72,12],[72,13,72,15],[72,16,72,18],[72,19,72,21],[73,2,73,3],[73,4,73,6],[73,7,73,9],[73,10,73,12],[73,13,73,15],[73,16,73,18],[73,19,73,21],[74,2,74,3],[74,4,74,6],[74,7,74,9],[74,10,74,12],[74,13,74,15],[74,16,74,18],[74,19,74,21],[75,2,75,3],[75,4,75,6],[75,7,75,9],[75,10,75,12],[75,13,75,15],[75,16,75,18],[75,19,75,21],[76,2,76,3],[77,2,77,3],[78,2,78,3],[79,2,79,3],[80,2,80,3],[81,2,81,3],[82,2,82,3],[83,2,83,3],[84,2,84,3],[85,2,85,3],[86,2,86,3],[87,2,87,3],[88,2,88,3],[89,2,89,3],[90,2,90,3],[91,2,91,3],[92,2,92,3],[93,2,93,3],[94,2,94,3],[95,2,95,3],[96,2,96,3],[97,2,97,3],[98,2,98,3],[99,2,99,3],[100,2,100,3],[101,2,101,3],[102,2,102,3],[103,2,103,3],[104,2,104,3],[105,2,105,3],[106,2,106,3]]}
[]
[null,"401(k) Calculator"]
[]
[]
[null,null," Current Annual Income",{"$nulls":4},{"v":40000,"d":"40,000"},{"$nulls":4},"  Employer Match",{"$nulls":4},{"v":50,"d":"50.00"},null,null,"%",{"$nulls":7},"Contribution"]
[null,null," Exp'd Annual Salary Increase",{"$nulls":4},{"v":3,"d":"3.00"},null,null,"%",null,"  up to ",null,{"v":6,"d":"6.00"},null,null,"% of salary",{"$nulls":10},"Your",null,null,"Employer",null,null,"Total"]
[{"$nulls":25}," Up to now",null,null,{"$f":"H9","v":0},null,null,{"$f":"H10","v":0},null,null,{"$f":"SUM(AC7:AH7)","v":0}]
[null,null," Current Balance",{"$nulls":4},{"$f":"EmployerInitialCont+YourInitialCont","v":0},{"$nulls":4},"  Current Age",{"$nulls":4},25,{"$nulls":7},{"$f":"\" Coming \"&(RetirementAge-CurrentAge)&\" yrs\"","v":" Coming 15 yrs"},null,null,{"$f":"SUM(K17:M76)","v":{"v":44637.39332806117,"d":"44,637"}},null,null,{"$f":"SUM(N17:P76)","v":{"v":22318.696664030584,"d":"22,319"}},null,null,{"$f":"SUM(AC8:AH8)","v":{"v":66956.08999209176,"d":"66,956"}}]
[null,null," Your Contr. up to now",{"$nulls":4},{"v":0,"d":"0.00"},{"$nulls":4},"  Retirement Age",{"$nulls":4},40,{"$nulls":7}," Final",null,null,{"$f":"AC7+AC8","v":{"v":44637.39332806117,"d":"44,637"}},null,null,{"$f":"AF7+AF8","v":{"v":22318.696664030584,"d":"22,319"}},null,null,{"$f":"SUM(AC9:AH9)","v":{"v":66956.08999209176,"d":"66,956"}}]
[null,null," Employer's Contr. up to now",{"$nulls":4},{"v":0,"d":"0.00"},{"$nulls":4},"  Avg. Annual Interest Rate",{"$nulls":4},{"v":7,"d":"7.00"},null,null,"%",{"$nulls":4}," Interest Earnings",null,null,{"$f":"SUM(Q17:S76)","v":{"v":41139.681178220686,"d":"41,140"}}]
[null,null," Withheld Salary for 401k",{"$nulls":4},{"v":6,"d":"6.00"},null,null,"%",null,"  Payments per Year",{"$nulls":4},1,{"$nulls":7}," Final Balance",null,null,{"$f":"AC10+AI9","v":{"v":108095.77117031245,"d":"108,096"}}]
[]
[]
[]
[null,null,"Year",null,"Beginning Balance",null,null,"Salary",null,null,"Your Contributions",null,null,"Employer 's Contributions",null,null,"Interest Earnings",null,null,"Ending Balance",{"$nulls":5},"Cumulative Contributions to Balance"]
[]
[1,null,{"$f":"IF(RetirementAge-CurrentAge>=A17,A17,\"\")","v":1},null,{"$f":"IF(C17=\"\",\"\",InitialBalance)","v":{"v":0,"d":"0.00"}},null,null,{"$f":"IF(C17=\"\",\"\",InitialIncome*POWER((1+IncomeIncreaseRate/100),C17-1))","v":{"v":40000,"d":"40,000.00"}},null,null,{"$f":"IF(C17=\"\",\"\",H17*WithheldRate/100)","v":{"v":2400,"d":"2,400.00"}},null,null,{"$f":"IF(C17=\"\",\"\",H17*EmployerMatchRate/100*MIN(WithheldRate,EmployerMatchUpTo)/100)","v":{"v":1200,"d":"1,200.00"}},null,null,{"$f":"IF(C17=\"\",\"\",-FV(InterestRate/100/PaymentsPerYear,PaymentsPerYear,H17+K17,E17)-(H17+K17+E17))","v":{"v":3.637978807091713E-11,"d":"0.00"}},null,null,{"$f":"IF(C17=\"\",\"\",E17+K17+N17+Q17)","v":{"v":3600.0000000000364,"d":"3,600.00"}}]
[2,null,2,null,{"$f":"IF(C18=\"\",\"\",T17)","v":{"v":3600.0000000000364,"d":"3,600.00"}},null,null,{"v":41200,"d":"41,200.00"},null,null,{"v":2472,"d":"2,472.00"},null,null,{"v":1236,"d":"1,236.00"},null,null,{"v":252.00000000003638,"d":"252.00"},null,null,{"$f":"IF(C18=\"\",\"\",E18+K18+N18+Q18)","v":{"v":7560.000000000073,"d":"7,560.00"}}]
[3,null,3,null,{"$f":"IF(C19=\"\",\"\",T18)","v":{"v":7560.000000000073,"d":"7,560.00"}},null,null,{"v":42436,"d":"42,436.00"},null,null,{"v":2546.16,"d":"2,546.16"},null,null,{"v":1273.08,"d":"1,273.08"},null,null,{"v":529.2000000000407,"d":"529.20"},null,null,{"$f":"IF(C19=\"\",\"\",E19+K19+N19+Q19)","v":{"v":11908.440000000113,"d":"11,908.44"}}]
[4,null,4,null,{"v":11908.440000000113,"d":"11,908.44"},null,null,{"v":43709.08,"d":"43,709.08"},null,null,{"v":2622.5447999999997,"d":"2,622.54"},null,null,{"v":1311.2723999999998,"d":"1,311.27"},null,null,{"v":833.5908000000563,"d":"833.59"},null,null,{"v":16675.84800000017,"d":"16,675.85"}]
[5,null,5,null,{"v":16675.84800000017,"d":"16,675.85"},null,null,{"v":45020.352399999996,"d":"45,020.35"},null,null,{"v":2701.2211439999996,"d":"2,701.22"},null,null,{"v":1350.6105719999998,"d":"1,350.61"},null,null,{"v":1167.3093600000575,"d":"1,167.31"},null,null,{"v":21894.989076000227,"d":"21,894.99"}]
[6,null,6,null,{"v":21894.989076000227,"d":"21,894.99"},null,null,{"v":46370.962971999994,"d":"46,370.96"},null,null,{"v":2782.2577783199995,"d":"2,782.26"},null,null,{"v":1391.1288891599997,"d":"1,391.13"},null,null,{"v":1532.6492353200592,"d":"1,532.65"},null,null,{"v":27601.024978800284,"d":"27,601.02"}]
[7,null,7,null,{"v":27601.024978800284,"d":"27,601.02"},null,null,{"v":47762.09186116,"d":"47,762.09"},null,null,{"v":2865.7255116695997,"d":"2,865.73"},null,null,{"v":1432.8627558347998,"d":"1,432.86"},null,null,{"v":1932.0717485160712,"d":"1,932.07"},null,null,{"v":33831.68499482075,"d":"33,831.68"}]
[8,null,8,null,{"v":33831.68499482075,"d":"33,831.68"},null,null,{"v":49194.9546169948,"d":"49,194.95"},null,null,{"v":2951.697277019688,"d":"2,951.70"},null,null,{"v":1475.848638509844,"d":"1,475.85"},null,null,{"v":2368.217949637503,"d":"2,368.22"},null,null,{"v":40627.44885998779,"d":"40,627.45"}]
[9,null,9,null,{"v":40627.44885998779,"d":"40,627.45"},null,null,{"v":50670.80325550464,"d":"50,670.80"},null,null,{"v":3040.248195330278,"d":"3,040.25"},null,null,{"v":1520.124097665139,"d":"1,520.12"},null,null,{"v":2843.9214201991854,"d":"2,843.92"},null,null,{"v":48031.74257318239,"d":"48,031.74"}]
[10,null,10,null,{"v":48031.74257318239,"d":"48,031.74"},null,null,{"v":52190.927353169776,"d":"52,190.93"},null,null,{"v":3131.4556411901867,"d":"3,131.46"},null,null,{"v":1565.7278205950934,"d":"1,565.73"},null,null,{"v":3362.2219801228202,"d":"3,362.22"},null,null,{"v":56091.14801509049,"d":"56,091.15"}]
[11,null,11,null,{"v":56091.14801509049,"d":"56,091.15"},null,null,{"v":53756.65517376487,"d":"53,756.66"},null,null,{"v":3225.3993104258925,"d":"3,225.40"},null,null,{"v":1612.6996552129463,"d":"1,612.70"},null,null,{"v":3926.380361056392,"d":"3,926.38"},null,null,{"v":64855.62734178572,"d":"64,855.63"}]
[12,null,12,null,{"v":64855.62734178572,"d":"64,855.63"},null,null,{"v":55369.35482897782,"d":"55,369.35"},null,null,{"v":3322.1612897386694,"d":"3,322.16"},null,null,{"v":1661.0806448693347,"d":"1,661.08"},null,null,{"v":4539.893913925072,"d":"4,539.89"},null,null,{"v":74378.7631903188,"d":"74,378.76"}]
[13,null,13,null,{"v":74378.7631903188,"d":"74,378.76"},null,null,{"v":57030.435473847145,"d":"57,030.44"},null,null,{"v":3421.8261284308287,"d":"3,421.83"},null,null,{"v":1710.9130642154144,"d":"1,710.91"},null,null,{"v":5206.51342332238,"d":"5,206.51"},null,null,{"v":84718.01580628743,"d":"84,718.02"}]
[14,null,14,null,{"v":84718.01580628743,"d":"84,718.02"},null,null,{"v":58741.34853806256,"d":"58,741.35"},null,null,{"v":3524.4809122837532,"d":"3,524.48"},null,null,{"v":1762.2404561418766,"d":"1,762.24"},null,null,{"v":5930.261106440186,"d":"5,930.26"},null,null,{"v":95934.99828115324,"d":"95,935.00"}]
[15,null,15,null,{"v":95934.99828115324,"d":"95,935.00"},null,null,{"v":60503.58899420444,"d":"60,503.59"},null,null,{"v":3630.2153396522663,"d":"3,630.22"},null,null,{"v":1815.1076698261331,"d":"1,815.11"},null,null,{"v":6715.449879680789,"d":"6,715.45"},null,null,{"v":108095.77117031242,"d":"108,095.77"}]
[16,null,"",null,"",null,null,"",null,null,"",null,null,"",null,null,"",null,null,"",{"$nulls":5},"Balance Distribution"]
[17,null,"",null,"",null,null,"",null,null,"",null,null,"",null,null,"",null,null,""]
[18,null,"",null,"",null,null,"",null,null,"",null,null,"",null,null,"",null,null,""]
[19,null,"",null,"",null,null,"",null,null,"",null,null,"",null,null,"",null,null,""]
[20,null,"",null,"",null,null,"",null,null,"",null,null,"",null,null,"",null,null,""]
[21,null,"",null,"",null,null,"",null,null,"",null,null,"",null,null,"",null,null,""]
[22,null,"",null,"",null,null,"",null,null,"",null,null,"",null,null,"",null,null,""]
[23,null,"",null,"",null,null,"",null,null,"",null,null,"",null,null,"",null,null,""]
[24,null,"",null,"",null,null,"",null,null,"",null,null,"",null,null,"",null,null,""]
[25,null,"",null,"",null,null,"",null,null,"",null,null,"",null,null,"",null,null,""]
[26,null,"",null,"",null,null,"",null,null,"",null,null,"",null,null,"",null,null,""]
[27,null,"",null,"",null,null,"",null,null,"",null,null,"",null,null,"",null,null,""]
[28,null,"",null,"",null,null,"",null,null,"",null,null,"",null,null,"",null,null,""]
[29,null,"",null,"",null,null,"",null,null,"",null,null,"",null,null,"",null,null,""]
[30,null,"",null,"",null,null,"",null,null,"",null,null,"",null,null,"",null,null,""]
[31,null,"",null,"",null,null,"",null,null,"",null,null,"",null,null,"",null,null,""]
[32,null,"",null,"",null,null,"",null,null,"",null,null,"",null,null,"",null,null,"",{"$nulls":5},"Yearly Balance Growth"]
[33,null,{"$f":"IF(RetirementAge-CurrentAge>=A49,A49,\"\")","v":""},null,"",null,null,{"$f":"IF(C49=\"\",\"\",InitialIncome*POWER((1+IncomeIncreaseRate/100),C49-1))","v":""},null,null,{"$f":"IF(C49=\"\",\"\",H49*WithheldRate/100)","v":""},null,null,{"$f":"IF(C49=\"\",\"\",H49*EmployerMatchRate/100*MIN(WithheldRate,EmployerMatchUpTo)/100)","v":""},null,null,{"$f":"IF(C49=\"\",\"\",-FV(InterestRate/100/PaymentsPerYear,PaymentsPerYear,H49+K49,E49)-(H49+K49+E49))","v":""},null,null,""]
[34,null,"",null,"",null,null,"",null,null,"",null,null,"",null,null,"",null,null,""]
[35,null,"",null,"",null,null,"",null,null,"",null,null,"",null,null,"",null,null,""]
[36,null,"",null,"",null,null,"",null,null,"",null,null,"",null,null,"",null,null,""]
[37,null,"",null,"",null,null,"",null,null,"",null,null,"",null,null,"",null,null,""]
[38,null,"",null,"",null,null,"",null,null,"",null,null,"",null,null,"",null,null,""]
[39,null,"",null,"",null,null,"",null,null,"",null,null,"",null,null,"",null,null,""]
[40,null,"",null,"",null,null,"",null,null,"",null,null,"",null,null,"",null,null,""]
[41,null,"",null,"",null,null,"",null,null,"",null,null,"",null,null,"",null,null,""]
[42,null,"",null,"",null,null,"",null,null,"",null,null,"",null,null,"",null,null,""]
[43,null,"",null,"",null,null,"",null,null,"",null,null,"",null,null,"",null,null,""]
[44,null,"",null,"",null,null,"",null,null,"",null,null,"",null,null,"",null,null,""]
[45,null,"",null,"",null,null,"",null,null,"",null,null,"",null,null,"",null,null,""]
[46,null,"",null,"",null,null,"",null,null,"",null,null,"",null,null,"",null,null,""]
[47,null,"",null,"",null,null,"",null,null,"",null,null,"",null,null,"",null,null,""]
[48,null,"",null,"",null,null,"",null,null,"",null,null,"",null,null,"",null,null,""]
[49,null,"",null,"",null,null,"",null,null,"",null,null,"",null,null,"",null,null,""]
[50,null,"",null,"",null,null,"",null,null,"",null,null,"",null,null,"",null,null,""]
[51,null,"",null,"",null,null,"",null,null,"",null,null,"",null,null,"",null,null,""]
[52,null,"",null,"",null,null,"",null,null,"",null,null,"",null,null,"",null,null,""]
[53,null,"",null,"",null,null,"",null,null,"",null,null,"",null,null,"",null,null,""]
[54,null,"",null,"",null,null,"",null,null,"",null,null,"",null,null,"",null,null,""]
[55,null,"",null,"",null,null,"",null,null,"",null,null,"",null,null,"",null,null,""]
[56,null,"",null,"",null,null,"",null,null,"",null,null,"",null,null,"",null,null,""]
[57,null,"",null,"",null,null,"",null,null,"",null,null,"",null,null,"",null,null,""]
[58,null,"",null,"",null,null,"",null,null,"",null,null,"",null,null,"",null,null,""]
[59,null,"",null,"",null,null,"",null,null,"",null,null,"",null,null,"",null,null,""]
[60,null,"",null,"",null,null,"",null,null,"",null,null,"",null,null,"",null,null,""]

{"sheet":"Calculations","index":1,"n_rows":62,"n_cols":15,"rows_kept":62}
[]
[{"$nulls":3},"Your","Employer","Interest","Total",null,{"$f":"RetirementAge-CurrentAge","v":15},null,"Your","Employer's","Interest",null,"Total"]
[null,null,{"$f":"'401k Calculator'!C17:D17","v":1},{"$f":"IF(C3=\"\",0,'401k Calculator'!K17)","v":{"v":2400,"d":"2,400.00"}},{"$f":"IF(C3=\"\",0,'401k Calculator'!N17)","v":{"v":1200,"d":"1,200.00"}},{"$f":"IF(C3=\"\",0,'401k Calculator'!Q17)","v":{"v":3.637978807091713E-11,"d":"0.00"}},{"$f":"IF(C3=\"\",0,F3+E3+D3)","v":3600.0000000000364},null,0,{"$f":"C3","v":1},{"$f":"D3","v":{"v":2400,"d":"2,400"}},{"$f":"E3","v":{"v":1200,"d":"1,200"}},{"$f":"F3","v":{"v":3.637978807091713E-11,"d":"0.00"}},{"$f":"C3","v":1},{"$f":"G3","v":3600.0000000000364}]
[null,null,{"$f":"'401k Calculator'!C18:D18","v":2},{"$f":"IF(C4=\"\",0,SUM('401k Calculator'!K$17:K18))","v":{"v":4872,"d":"4,872.00"}},{"$f":"IF(C4=\"\",0,SUM('401k Calculator'!N$17:N18))","v":{"v":2436,"d":"2,436.00"}},{"$f":"IF(C4=\"\",0,SUM('401k Calculator'!O$17:Q18))","v":{"v":252.00000000007276,"d":"252.00"}},{"$f":"IF(C4=\"\",0,F4+E4+D4)","v":7560.000000000073},null,2,{"$f":"IF(I$2<10,C4,VLOOKUP((RetirementAge-CurrentAge)/10*I4,CumList,1,TRUE))","v":3},{"$f":"VLOOKUP($J4,CumList,2,FALSE)","v":{"v":7418.16,"d":"7,418"}},{"$f":"VLOOKUP($J4,CumList,3,FALSE)","v":{"v":3709.08,"d":"3,709"}},{"$f":"VLOOKUP($J4,CumList,4,FALSE)","v":{"v":781.2000000001135,"d":"781"}},{"$f":"IF(I$2<10,C4,VLOOKUP((RetirementAge-CurrentAge)/10*I4,CumList,1,TRUE))","v":3},{"$f":"IF(J4=\"\",\"\",VLOOKUP($J4,CumList,5,FALSE))","v":{"v":11908.440000000113,"d":"11,908"}}]
[null,null,{"$f":"'401k Calculator'!C19:D19","v":3},{"$f":"IF(C5=\"\",0,SUM('401k Calculator'!K$17:K19))","v":{"v":7418.16,"d":"7,418.16"}},{"$f":"IF(C5=\"\",0,SUM('401k Calculator'!N$17:N19))","v":{"v":3709.08,"d":"3,709.08"}},{"$f":"IF(C5=\"\",0,SUM('401k Calculator'!O$17:Q19))","v":{"v":781.2000000001135,"d":"781.20"}},11908.440000000113,null,3,4,{"v":10040.7048,"d":"10,041"},{"v":5020.3524,"d":"5,020"},{"v":1614.7908000001698,"d":"1,615"},4,{"v":16675.84800000017,"d":"16,676"}]
[null,null,{"$f":"'401k Calculator'!C20:D20","v":4},{"$f":"IF(C6=\"\",0,SUM('401k Calculator'!K$17:K20))","v":{"v":10040.7048,"d":"10,040.70"}},{"$f":"IF(C6=\"\",0,SUM('401k Calculator'!N$17:N20))","v":{"v":5020.3524,"d":"5,020.35"}},{"$f":"IF(C6=\"\",0,SUM('401k Calculator'!O$17:Q20))","v":{"v":1614.7908000001698,"d":"1,614.79"}},16675.84800000017,null,4,6,{"v":15524.183722319998,"d":"15,524"},{"v":7762.091861159999,"d":"7,762"},{"v":4314.749395320287,"d":"4,315"},6,{"v":27601.024978800284,"d":"27,601"}]
[null,null,{"$f":"'401k Calculator'!C21:D21","v":5},{"$f":"IF(C7=\"\",0,SUM('401k Calculator'!K$17:K21))","v":{"v":12741.925943999999,"d":"12,741.93"}},{"$f":"IF(C7=\"\",0,SUM('401k Calculator'!N$17:N21))","v":{"v":6370.962971999999,"d":"6,370.96"}},{"$f":"IF(C7=\"\",0,SUM('401k Calculator'!O$17:Q21))","v":{"v":2782.1001600002273,"d":"2,782.10"}},21894.989076000224,null,5,7,{"v":18389.909233989598,"d":"18,390"},{"v":9194.954616994799,"d":"9,195"},{"v":6246.821143836358,"d":"6,247"},7,{"v":33831.68499482075,"d":"33,832"}]
[null,null,{"$f":"'401k Calculator'!C22:D22","v":6},{"$f":"IF(C8=\"\",0,SUM('401k Calculator'!K$17:K22))","v":{"v":15524.183722319998,"d":"15,524.18"}},{"$f":"IF(C8=\"\",0,SUM('401k Calculator'!N$17:N22))","v":{"v":7762.091861159999,"d":"7,762.09"}},{"$f":"IF(C8=\"\",0,SUM('401k Calculator'!O$17:Q22))","v":{"v":4314.749395320287,"d":"4,314.75"}},27601.024978800284,null,6,9,{"v":24381.854706339564,"d":"24,382"},{"v":12190.927353169782,"d":"12,191"},{"v":11458.960513673046,"d":"11,459"},9,{"v":48031.74257318239,"d":"48,032"}]
[null,null,{"$f":"'401k Calculator'!C23:D23","v":7},{"$f":"IF(C9=\"\",0,SUM('401k Calculator'!K$17:K23))","v":{"v":18389.909233989598,"d":"18,389.91"}},{"$f":"IF(C9=\"\",0,SUM('401k Calculator'!N$17:N23))","v":{"v":9194.954616994799,"d":"9,194.95"}},{"$f":"IF(C9=\"\",0,SUM('401k Calculator'!O$17:Q23))","v":{"v":6246.821143836358,"d":"6,246.82"}},33831.68499482075,null,7,10,{"v":27513.31034752975,"d":"27,513"},{"v":13756.655173764875,"d":"13,757"},{"v":14821.182493795866,"d":"14,821"},10,{"v":56091.1480150905,"d":"56,091"}]
[null,null,{"$f":"'401k Calculator'!C24:D24","v":8},{"$f":"IF(C10=\"\",0,SUM('401k Calculator'!K$17:K24))","v":{"v":21341.606511009286,"d":"21,341.61"}},{"$f":"IF(C10=\"\",0,SUM('401k Calculator'!N$17:N24))","v":{"v":10670.803255504643,"d":"10,670.80"}},{"$f":"IF(C10=\"\",0,SUM('401k Calculator'!O$17:Q24))","v":{"v":8615.03909347386,"d":"8,615.04"}},40627.448859987795,null,8,12,{"v":34060.87094769431,"d":"34,061"},{"v":17030.435473847156,"d":"17,030"},{"v":23287.45676877733,"d":"23,287"},12,{"v":74378.7631903188,"d":"74,379"}]
[null,null,{"$f":"'401k Calculator'!C25:D25","v":9},{"$f":"IF(C11=\"\",0,SUM('401k Calculator'!K$17:K25))","v":{"v":24381.854706339564,"d":"24,381.85"}},{"$f":"IF(C11=\"\",0,SUM('401k Calculator'!N$17:N25))","v":{"v":12190.927353169782,"d":"12,190.93"}},{"$f":"IF(C11=\"\",0,SUM('401k Calculator'!O$17:Q25))","v":{"v":11458.960513673046,"d":"11,458.96"}},48031.74257318239,null,9,13,{"v":37482.69707612514,"d":"37,483"},{"v":18741.34853806257,"d":"18,741"},{"v":28493.97019209971,"d":"28,494"},13,{"v":84718.01580628743,"d":"84,718"}]
[null,null,{"$f":"'401k Calculator'!C26:D26","v":10},{"$f":"IF(C12=\"\",0,SUM('401k Calculator'!K$17:K26))","v":{"v":27513.31034752975,"d":"27,513.31"}},{"$f":"IF(C12=\"\",0,SUM('401k Calculator'!N$17:N26))","v":{"v":13756.655173764875,"d":"13,756.66"}},{"$f":"IF(C12=\"\",0,SUM('401k Calculator'!O$17:Q26))","v":{"v":14821.182493795866,"d":"14,821.18"}},56091.1480150905,null,10,15,{"v":44637.39332806117,"d":"44,637"},{"v":22318.696664030584,"d":"22,319"},{"v":41139.681178220686,"d":"41,140"},15,{"v":108095.77117031244,"d":"108,096"}]
[null,null,{"$f":"'401k Calculator'!C27:D27","v":11},{"$f":"IF(C13=\"\",0,SUM('401k Calculator'!K$17:K27))","v":{"v":30738.709657955642,"d":"30,738.71"}},{"$f":"IF(C13=\"\",0,SUM('401k Calculator'!N$17:N27))","v":{"v":15369.354828977821,"d":"15,369.35"}},{"$f":"IF(C13=\"\",0,SUM('401k Calculator'!O$17:Q27))","v":{"v":18747.562854852258,"d":"18,747.56"}},64855.627341785716]
[null,null,{"$f":"'401k Calculator'!C28:D28","v":12},{"$f":"IF(C14=\"\",0,SUM('401k Calculator'!K$17:K28))","v":{"v":34060.87094769431,"d":"34,060.87"}},{"$f":"IF(C14=\"\",0,SUM('401k Calculator'!N$17:N28))","v":{"v":17030.435473847156,"d":"17,030.44"}},{"$f":"IF(C14=\"\",0,SUM('401k Calculator'!O$17:Q28))","v":{"v":23287.45676877733,"d":"23,287.46"}},74378.7631903188]
[null,null,{"$f":"'401k Calculator'!C29:D29","v":13},{"$f":"IF(C15=\"\",0,SUM('401k Calculator'!K$17:K29))","v":{"v":37482.69707612514,"d":"37,482.70"}},{"$f":"IF(C15=\"\",0,SUM('401k Calculator'!N$17:N29))","v":{"v":18741.34853806257,"d":"18,741.35"}},{"$f":"IF(C15=\"\",0,SUM('401k Calculator'!O$17:Q29))","v":{"v":28493.97019209971,"d":"28,493.97"}},84718.01580628743,{"$nulls":3},"Your",{"$f":"'401k Calculator'!$AC$9","v":{"v":44637.39332806117,"d":"44,637"}}]
[null,null,{"$f":"'401k Calculator'!C30:D30","v":14},{"$f":"IF(C16=\"\",0,SUM('401k Calculator'!K$17:K30))","v":{"v":41007.1779884089,"d":"41,007.18"}},{"$f":"IF(C16=\"\",0,SUM('401k Calculator'!N$17:N30))","v":{"v":20503.58899420445,"d":"20,503.59"}},{"$f":"IF(C16=\"\",0,SUM('401k Calculator'!O$17:Q30))","v":{"v":34424.2312985399,"d":"34,424.23"}},95934.99828115324,{"$nulls":3},"Employer's",{"$f":"'401k Calculator'!AF9","v":{"v":22318.696664030584,"d":"22,319"}}]
[null,null,{"$f":"'401k Calculator'!C31:D31","v":15},{"$f":"IF(C17=\"\",0,SUM('401k Calculator'!K$17:K31))","v":{"v":44637.39332806117,"d":"44,637.39"}},{"$f":"IF(C17=\"\",0,SUM('401k Calculator'!N$17:N31))","v":{"v":22318.696664030584,"d":"22,318.70"}},{"$f":"IF(C17=\"\",0,SUM('401k Calculator'!O$17:Q31))","v":{"v":41139.681178220686,"d":"41,139.68"}},108095.77117031244,{"$nulls":3},"Interest",{"$f":"'401k Calculator'!$AC$10","v":{"v":41139.681178220686,"d":"41,140"}}]
[null,null,{"$f":"'401k Calculator'!C32:D32","v":""},{"$f":"IF(C18=\"\",0,SUM('401k Calculator'!K$17:K32))","v":{"v":0,"d":"0.00"}},{"$f":"IF(C18=\"\",0,SUM('401k Calculator'!N$17:N32))","v":{"v":0,"d":"0.00"}},{"$f":"IF(C18=\"\",0,SUM('401k Calculator'!O$17:Q32))","v":{"v":0,"d":"0.00"}},0]
[null,null,{"$f":"'401k Calculator'!C33:D33","v":""},{"$f":"IF(C19=\"\",0,SUM('401k Calculator'!K$17:K33))","v":{"v":0,"d":"0.00"}},{"$f":"IF(C19=\"\",0,SUM('401k Calculator'!N$17:N33))","v":{"v":0,"d":"0.00"}},{"$f":"IF(C19=\"\",0,SUM('401k Calculator'!O$17:Q33))","v":{"v":0,"d":"0.00"}},0]
[null,null,{"$f":"'401k Calculator'!C34:D34","v":""},{"$f":"IF(C20=\"\",0,SUM('401k Calculator'!K$17:K34))","v":{"v":0,"d":"0.00"}},{"$f":"IF(C20=\"\",0,SUM('401k Calculator'!N$17:N34))","v":{"v":0,"d":"0.00"}},{"$f":"IF(C20=\"\",0,SUM('401k Calculator'!O$17:Q34))","v":{"v":0,"d":"0.00"}},0]
[null,null,{"$f":"'401k Calculator'!C35:D35","v":""},{"$f":"IF(C21=\"\",0,SUM('401k Calculator'!K$17:K35))","v":{"v":0,"d":"0.00"}},{"$f":"IF(C21=\"\",0,SUM('401k Calculator'!N$17:N35))","v":{"v":0,"d":"0.00"}},{"$f":"IF(C21=\"\",0,SUM('401k Calculator'!O$17:Q35))","v":{"v":0,"d":"0.00"}},0]
[null,null,{"$f":"'401k Calculator'!C36:D36","v":""},{"$f":"IF(C22=\"\",0,SUM('401k Calculator'!K$17:K36))","v":{"v":0,"d":"0.00"}},{"$f":"IF(C22=\"\",0,SUM('401k Calculator'!N$17:N36))","v":{"v":0,"d":"0.00"}},{"$f":"IF(C22=\"\",0,SUM('401k Calculator'!O$17:Q36))","v":{"v":0,"d":"0.00"}},0]
[null,null,{"$f":"'401k Calculator'!C37:D37","v":""},{"$f":"IF(C23=\"\",0,SUM('401k Calculator'!K$17:K37))","v":{"v":0,"d":"0.00"}},{"$f":"IF(C23=\"\",0,SUM('401k Calculator'!N$17:N37))","v":{"v":0,"d":"0.00"}},{"$f":"IF(C23=\"\",0,SUM('401k Calculator'!O$17:Q37))","v":{"v":0,"d":"0.00"}},0]
[null,null,{"$f":"'401k Calculator'!C38:D38","v":""},{"$f":"IF(C24=\"\",0,SUM('401k Calculator'!K$17:K38))","v":{"v":0,"d":"0.00"}},{"$f":"IF(C24=\"\",0,SUM('401k Calculator'!N$17:N38))","v":{"v":0,"d":"0.00"}},{"$f":"IF(C24=\"\",0,SUM('401k Calculator'!O$17:Q38))","v":{"v":0,"d":"0.00"}},0]
[null,null,{"$f":"'401k Calculator'!C39:D39","v":""},{"$f":"IF(C25=\"\",0,SUM('401k Calculator'!K$17:K39))","v":{"v":0,"d":"0.00"}},{"$f":"IF(C25=\"\",0,SUM('401k Calculator'!N$17:N39))","v":{"v":0,"d":"0.00"}},{"$f":"IF(C25=\"\",0,SUM('401k Calculator'!O$17:Q39))","v":{"v":0,"d":"0.00"}},0]
[null,null,{"$f":"'401k Calculator'!C40:D40","v":""},{"$f":"IF(C26=\"\",0,SUM('401k Calculator'!K$17:K40))","v":{"v":0,"d":"0.00"}},{"$f":"IF(C26=\"\",0,SUM('401k Calculator'!N$17:N40))","v":{"v":0,"d":"0.00"}},{"$f":"IF(C26=\"\",0,SUM('401k Calculator'!O$17:Q40))","v":{"v":0,"d":"0.00"}},0]
[null,null,{"$f":"'401k Calculator'!C41:D41","v":""},{"$f":"IF(C27=\"\",0,SUM('401k Calculator'!K$17:K41))","v":{"v":0,"d":"0.00"}},{"$f":"IF(C27=\"\",0,SUM('401k Calculator'!N$17:N41))","v":{"v":0,"d":"0.00"}},{"$f":"IF(C27=\"\",0,SUM('401k Calculator'!O$17:Q41))","v":{"v":0,"d":"0.00"}},0]
[null,null,{"$f":"'401k Calculator'!C42:D42","v":""},{"$f":"IF(C28=\"\",0,SUM('401k Calculator'!K$17:K42))","v":{"v":0,"d":"0.00"}},{"$f":"IF(C28=\"\",0,SUM('401k Calculator'!N$17:N42))","v":{"v":0,"d":"0.00"}},{"$f":"IF(C28=\"\",0,SUM('401k Calculator'!O$17:Q42))","v":{"v":0,"d":"0.00"}},0]
[null,null,{"$f":"'401k Calculator'!C43:D43","v":""},{"$f":"IF(C29=\"\",0,SUM('401k Calculator'!K$17:K43))","v":{"v":0,"d":"0.00"}},{"$f":"IF(C29=\"\",0,SUM('401k Calculator'!N$17:N43))","v":{"v":0,"d":"0.00"}},{"$f":"IF(C29=\"\",0,SUM('401k Calculator'!O$17:Q43))","v":{"v":0,"d":"0.00"}},0]
[null,null,{"$f":"'401k Calculator'!C44:D44","v":""},{"$f":"IF(C30=\"\",0,SUM('401k Calculator'!K$17:K44))","v":{"v":0,"d":"0.00"}},{"$f":"IF(C30=\"\",0,SUM('401k Calculator'!N$17:N44))","v":{"v":0,"d":"0.00"}},{"$f":"IF(C30=\"\",0,SUM('401k Calculator'!O$17:Q44))","v":{"v":0,"d":"0.00"}},0]
[null,null,{"$f":"'401k Calculator'!C45:D45","v":""},{"$f":"IF(C31=\"\",0,SUM('401k Calculator'!K$17:K45))","v":{"v":0,"d":"0.00"}},{"$f":"IF(C31=\"\",0,SUM('401k Calculator'!N$17:N45))","v":{"v":0,"d":"0.00"}},{"$f":"IF(C31=\"\",0,SUM('401k Calculator'!O$17:Q45))","v":{"v":0,"d":"0.00"}},0]
[null,null,{"$f":"'401k Calculator'!C46:D46","v":""},{"$f":"IF(C32=\"\",0,SUM('401k Calculator'!K$17:K46))","v":{"v":0,"d":"0.00"}},{"$f":"IF(C32=\"\",0,SUM('401k Calculator'!N$17:N46))","v":{"v":0,"d":"0.00"}},{"$f":"IF(C32=\"\",0,SUM('401k Calculator'!O$17:Q46))","v":{"v":0,"d":"0.00"}},0]
[null,null,{"$f":"'401k Calculator'!C47:D47","v":""},{"$f":"IF(C33=\"\",0,SUM('401k Calculator'!K$17:K47))","v":{"v":0,"d":"0.00"}},{"$f":"IF(C33=\"\",0,SUM('401k Calculator'!N$17:N47))","v":{"v":0,"d":"0.00"}},{"$f":"IF(C33=\"\",0,SUM('401k Calculator'!O$17:Q47))","v":{"v":0,"d":"0.00"}},0]
[null,null,{"$f":"'401k Calculator'!C48:D48","v":""},{"$f":"IF(C34=\"\",0,SUM('401k Calculator'!K$17:K48))","v":{"v":0,"d":"0.00"}},{"$f":"IF(C34=\"\",0,SUM('401k Calculator'!N$17:N48))","v":{"v":0,"d":"0.00"}},{"$f":"IF(C34=\"\",0,SUM('401k Calculator'!O$17:Q48))","v":{"v":0,"d":"0.00"}},0]
[null,null,{"$f":"'401k Calculator'!C49:D49","v":""},{"$f":"IF(C35=\"\",0,SUM('401k Calculator'!K$17:K49))","v":{"v":0,"d":"0.00"}},{"$f":"IF(C35=\"\",0,SUM('401k Calculator'!N$17:N49))","v":{"v":0,"d":"0.00"}},{"$f":"IF(C35=\"\",0,SUM('401k Calculator'!O$17:Q49))","v":{"v":0,"d":"0.00"}},0]
[null,null,{"$f":"'401k Calculator'!C50:D50","v":""},{"$f":"IF(C36=\"\",0,SUM('401k Calculator'!K$17:K50))","v":{"v":0,"d":"0.00"}},{"$f":"IF(C36=\"\",0,SUM('401k Calculator'!N$17:N50))","v":{"v":0,"d":"0.00"}},{"$f":"IF(C36=\"\",0,SUM('401k Calculator'!O$17:Q50))","v":{"v":0,"d":"0.00"}},0]
[null,null,{"$f":"'401k Calculator'!C51:D51","v":""},{"$f":"IF(C37=\"\",0,SUM('401k Calculator'!K$17:K51))","v":{"v":0,"d":"0.00"}},{"$f":"IF(C37=\"\",0,SUM('401k Calculator'!N$17:N51))","v":{"v":0,"d":"0.00"}},{"$f":"IF(C37=\"\",0,SUM('401k Calculator'!O$17:Q51))","v":{"v":0,"d":"0.00"}},0]
[null,null,{"$f":"'401k Calculator'!C52:D52","v":""},{"$f":"IF(C38=\"\",0,SUM('401k Calculator'!K$17:K52))","v":{"v":0,"d":"0.00"}},{"$f":"IF(C38=\"\",0,SUM('401k Calculator'!N$17:N52))","v":{"v":0,"d":"0.00"}},{"$f":"IF(C38=\"\",0,SUM('401k Calculator'!O$17:Q52))","v":{"v":0,"d":"0.00"}},0]
[null,null,{"$f":"'401k Calculator'!C53:D53","v":""},{"$f":"IF(C39=\"\",0,SUM('401k Calculator'!K$17:K53))","v":{"v":0,"d":"0.00"}},{"$f":"IF(C39=\"\",0,SUM('401k Calculator'!N$17:N53))","v":{"v":0,"d":"0.00"}},{"$f":"IF(C39=\"\",0,SUM('401k Calculator'!O$17:Q53))","v":{"v":0,"d":"0.00"}},0]
[null,null,{"$f":"'401k Calculator'!C54:D54","v":""},{"$f":"IF(C40=\"\",0,SUM('401k Calculator'!K$17:K54))","v":{"v":0,"d":"0.00"}},{"$f":"IF(C40=\"\",0,SUM('401k Calculator'!N$17:N54))","v":{"v":0,"d":"0.00"}},{"$f":"IF(C40=\"\",0,SUM('401k Calculator'!O$17:Q54))","v":{"v":0,"d":"0.00"}},0]
[null,null,{"$f":"'401k Calculator'!C55:D55","v":""},{"$f":"IF(C41=\"\",0,SUM('401k Calculator'!K$17:K55))","v":{"v":0,"d":"0.00"}},{"$f":"IF(C41=\"\",0,SUM('401k Calculator'!N$17:N55))","v":{"v":0,"d":"0.00"}},{"$f":"IF(C41=\"\",0,SUM('401k Calculator'!O$17:Q55))","v":{"v":0,"d":"0.00"}},0]
[null,null,{"$f":"'401k Calculator'!C56:D56","v":""},{"$f":"IF(C42=\"\",0,SUM('401k Calculator'!K$17:K56))","v":{"v":0,"d":"0.00"}},{"$f":"IF(C42=\"\",0,SUM('401k Calculator'!N$17:N56))","v":{"v":0,"d":"0.00"}},{"$f":"IF(C42=\"\",0,SUM('401k Calculator'!O$17:Q56))","v":{"v":0,"d":"0.00"}},0]
[null,null,{"$f":"'401k Calculator'!C57:D57","v":""},{"$f":"IF(C43=\"\",0,SUM('401k Calculator'!K$17:K57))","v":{"v":0,"d":"0.00"}},{"$f":"IF(C43=\"\",0,SUM('401k Calculator'!N$17:N57))","v":{"v":0,"d":"0.00"}},{"$f":"IF(C43=\"\",0,SUM('401k Calculator'!O$17:Q57))","v":{"v":0,"d":"0.00"}},0]
[null,null,{"$f":"'401k Calculator'!C58:D58","v":""},{"$f":"IF(C44=\"\",0,SUM('401k Calculator'!K$17:K58))","v":{"v":0,"d":"0.00"}},{"$f":"IF(C44=\"\",0,SUM('401k Calculator'!N$17:N58))","v":{"v":0,"d":"0.00"}},{"$f":"IF(C44=\"\",0,SUM('401k Calculator'!O$17:Q58))","v":{"v":0,"d":"0.00"}},0]
[null,null,{"$f":"'401k Calculator'!C59:D59","v":""},{"$f":"IF(C45=\"\",0,SUM('401k Calculator'!K$17:K59))","v":{"v":0,"d":"0.00"}},{"$f":"IF(C45=\"\",0,SUM('401k Calculator'!N$17:N59))","v":{"v":0,"d":"0.00"}},{"$f":"IF(C45=\"\",0,SUM('401k Calculator'!O$17:Q59))","v":{"v":0,"d":"0.00"}},0]
[null,null,{"$f":"'401k Calculator'!C60:D60","v":""},{"$f":"IF(C46=\"\",0,SUM('401k Calculator'!K$17:K60))","v":{"v":0,"d":"0.00"}},{"$f":"IF(C46=\"\",0,SUM('401k Calculator'!N$17:N60))","v":{"v":0,"d":"0.00"}},{"$f":"IF(C46=\"\",0,SUM('401k Calculator'!O$17:Q60))","v":{"v":0,"d":"0.00"}},0]
[null,null,{"$f":"'401k Calculator'!C61:D61","v":""},{"$f":"IF(C47=\"\",0,SUM('401k Calculator'!K$17:K61))","v":{"v":0,"d":"0.00"}},{"$f":"IF(C47=\"\",0,SUM('401k Calculator'!N$17:N61))","v":{"v":0,"d":"0.00"}},{"$f":"IF(C47=\"\",0,SUM('401k Calculator'!O$17:Q61))","v":{"v":0,"d":"0.00"}},0]
[null,null,{"$f":"'401k Calculator'!C62:D62","v":""},{"$f":"IF(C48=\"\",0,SUM('401k Calculator'!K$17:K62))","v":{"v":0,"d":"0.00"}},{"$f":"IF(C48=\"\",0,SUM('401k Calculator'!N$17:N62))","v":{"v":0,"d":"0.00"}},{"$f":"IF(C48=\"\",0,SUM('401k Calculator'!O$17:Q62))","v":{"v":0,"d":"0.00"}},0]
[null,null,{"$f":"'401k Calculator'!C63:D63","v":""},{"$f":"IF(C49=\"\",0,SUM('401k Calculator'!K$17:K63))","v":{"v":0,"d":"0.00"}},{"$f":"IF(C49=\"\",0,SUM('401k Calculator'!N$17:N63))","v":{"v":0,"d":"0.00"}},{"$f":"IF(C49=\"\",0,SUM('401k Calculator'!O$17:Q63))","v":{"v":0,"d":"0.00"}},0]
[null,null,{"$f":"'401k Calculator'!C64:D64","v":""},{"$f":"IF(C50=\"\",0,SUM('401k Calculator'!K$17:K64))","v":{"v":0,"d":"0.00"}},{"$f":"IF(C50=\"\",0,SUM('401k Calculator'!N$17:N64))","v":{"v":0,"d":"0.00"}},{"$f":"IF(C50=\"\",0,SUM('401k Calculator'!O$17:Q64))","v":{"v":0,"d":"0.00"}},0]
[null,null,{"$f":"'401k Calculator'!C65:D65","v":""},{"$f":"IF(C51=\"\",0,SUM('401k Calculator'!K$17:K65))","v":{"v":0,"d":"0.00"}},{"$f":"IF(C51=\"\",0,SUM('401k Calculator'!N$17:N65))","v":{"v":0,"d":"0.00"}},{"$f":"IF(C51=\"\",0,SUM('401k Calculator'!O$17:Q65))","v":{"v":0,"d":"0.00"}},0]
[null,null,{"$f":"'401k Calculator'!C66:D66","v":""},{"$f":"IF(C52=\"\",0,SUM('401k Calculator'!K$17:K66))","v":{"v":0,"d":"0.00"}},{"$f":"IF(C52=\"\",0,SUM('401k Calculator'!N$17:N66))","v":{"v":0,"d":"0.00"}},{"$f":"IF(C52=\"\",0,SUM('401k Calculator'!O$17:Q66))","v":{"v":0,"d":"0.00"}},0]
[null,null,{"$f":"'401k Calculator'!C67:D67","v":""},{"$f":"IF(C53=\"\",0,SUM('401k Calculator'!K$17:K67))","v":{"v":0,"d":"0.00"}},{"$f":"IF(C53=\"\",0,SUM('401k Calculator'!N$17:N67))","v":{"v":0,"d":"0.00"}},{"$f":"IF(C53=\"\",0,SUM('401k Calculator'!O$17:Q67))","v":{"v":0,"d":"0.00"}},0]
[null,null,{"$f":"'401k Calculator'!C68:D68","v":""},{"$f":"IF(C54=\"\",0,SUM('401k Calculator'!K$17:K68))","v":{"v":0,"d":"0.00"}},{"$f":"IF(C54=\"\",0,SUM('401k Calculator'!N$17:N68))","v":{"v":0,"d":"0.00"}},{"$f":"IF(C54=\"\",0,SUM('401k Calculator'!O$17:Q68))","v":{"v":0,"d":"0.00"}},0]
[null,null,{"$f":"'401k Calculator'!C69:D69","v":""},{"$f":"IF(C55=\"\",0,SUM('401k Calculator'!K$17:K69))","v":{"v":0,"d":"0.00"}},{"$f":"IF(C55=\"\",0,SUM('401k Calculator'!N$17:N69))","v":{"v":0,"d":"0.00"}},{"$f":"IF(C55=\"\",0,SUM('401k Calculator'!O$17:Q69))","v":{"v":0,"d":"0.00"}},0]
[null,null,{"$f":"'401k Calculator'!C70:D70","v":""},{"$f":"IF(C56=\"\",0,SUM('401k Calculator'!K$17:K70))","v":{"v":0,"d":"0.00"}},{"$f":"IF(C56=\"\",0,SUM('401k Calculator'!N$17:N70))","v":{"v":0,"d":"0.00"}},{"$f":"IF(C56=\"\",0,SUM('401k Calculator'!O$17:Q70))","v":{"v":0,"d":"0.00"}},0]
[null,null,{"$f":"'401k Calculator'!C71:D71","v":""},{"$f":"IF(C57=\"\",0,SUM('401k Calculator'!K$17:K71))","v":{"v":0,"d":"0.00"}},{"$f":"IF(C57=\"\",0,SUM('401k Calculator'!N$17:N71))","v":{"v":0,"d":"0.00"}},{"$f":"IF(C57=\"\",0,SUM('401k Calculator'!O$17:Q71))","v":{"v":0,"d":"0.00"}},0]
[null,null,{"$f":"'401k Calculator'!C72:D72","v":""},{"$f":"IF(C58=\"\",0,SUM('401k Calculator'!K$17:K72))","v":{"v":0,"d":"0.00"}},{"$f":"IF(C58=\"\",0,SUM('401k Calculator'!N$17:N72))","v":{"v":0,"d":"0.00"}},{"$f":"IF(C58=\"\",0,SUM('401k Calculator'!O$17:Q72))","v":{"v":0,"d":"0.00"}},0]
[null,null,{"$f":"'401k Calculator'!C73:D73","v":""},{"$f":"IF(C59=\"\",0,SUM('401k Calculator'!K$17:K73))","v":{"v":0,"d":"0.00"}},{"$f":"IF(C59=\"\",0,SUM('401k Calculator'!N$17:N73))","v":{"v":0,"d":"0.00"}},{"$f":"IF(C59=\"\",0,SUM('401k Calculator'!O$17:Q73))","v":{"v":0,"d":"0.00"}},0]
[null,null,{"$f":"'401k Calculator'!C74:D74","v":""},{"$f":"IF(C60=\"\",0,SUM('401k Calculator'!K$17:K74))","v":{"v":0,"d":"0.00"}},{"$f":"IF(C60=\"\",0,SUM('401k Calculator'!N$17:N74))","v":{"v":0,"d":"0.00"}},{"$f":"IF(C60=\"\",0,SUM('401k Calculator'!O$17:Q74))","v":{"v":0,"d":"0.00"}},0]
[null,null,{"$f":"'401k Calculator'!C75:D75","v":""},{"$f":"IF(C61=\"\",0,SUM('401k Calculator'!K$17:K75))","v":{"v":0,"d":"0.00"}},{"$f":"IF(C61=\"\",0,SUM('401k Calculator'!N$17:N75))","v":{"v":0,"d":"0.00"}},{"$f":"IF(C61=\"\",0,SUM('401k Calculator'!O$17:Q75))","v":{"v":0,"d":"0.00"}},0]
[null,null,{"$f":"'401k Calculator'!C76:D76","v":""},{"$f":"IF(C62=\"\",0,SUM('401k Calculator'!K$17:K76))","v":{"v":0,"d":"0.00"}},{"$f":"IF(C62=\"\",0,SUM('401k Calculator'!N$17:N76))","v":{"v":0,"d":"0.00"}},{"$f":"IF(C62=\"\",0,SUM('401k Calculator'!O$17:Q76))","v":{"v":0,"d":"0.00"}},0]

{"sheet":"Readme","index":2,"n_rows":19,"n_cols":4,"rows_kept":19,"merged":[[2,3,2,23]]}
[]
[]
[{"$nulls":3},"Follow the steps to enable your online 401(k) Calculator."]
[null,null,">>","Your 401(k) Calculator is ready to use, following steps are for online use."]
[null,null,"1)","Visit the site below:"]
[{"$nulls":3},"http://www.spreadsheetweb.com/getting_started.htm"]
[{"$nulls":3},"You will only need the username and password to create your online calculator."]
[null,null,"2)","Visit the site below:"]
[{"$nulls":3},"https://www4.spreadsheetweb.com/SpreadsheetWEB//"]
[{"$nulls":3},"Login to page with your new account information."]
[null,null,"3)","Click \"Add Web Application\" to upload this file. Your online dashboard will be created automatically."]
[{"$nulls":3},"You can simply use the calculator from that link or place it on your website."]
[null,null,">>","Your online calculator will look like:"]
[{"$nulls":3},"https://www4.spreadsheetweb.com/SpreadSheetWEB/Output.aspx?ApplicationId=eb01d31e-c3fb-4f19-8949-0e676147cfa3"]
[null,null,">>","In order to see more online applications created with PSW you can check the link below:"]
[{"$nulls":3},"http://www.spreadsheetweb.com/demos.htm"]
[]
[]
[{"$nulls":3},"Copyright (c) 2009 Pagos, Inc., http://www.pagos.com/"]

{"sheet":"PSW_Sheet","index":3,"n_rows":11,"n_cols":21,"rows_kept":11,"hidden":true}
["%3c%3fxml+version%3d%221.0%22+encoding%3d%22utf-16%22%3f%3e%0d%0a%3cPageInputCells+xmlns%3axsi%3d%22http%3a%2f%2fwww.w3.org%2f2001%2fXMLSchema-instance%22+xmlns%3axsd%3d%22http%3a%2f%2fwww.w3.org%2f2001%2fXMLSchema%22%3e%0d%0a++%3cInputCells+InputPrefix%3d%22PSWInput_%22+ListPrefix%3d%22PSWList_%22+CellCount%3d%2211%22%3e%0d%0a++++%3cCells%3e%0d%0a++++++%3cAddress%3e%3d'401k+Calculator'!%24H%245%3c%2fAddress%3e%0d%0a++++++%3cListItemsAddress+%2f%3e%0d%0a++++++%3cNameIndex%3e0%3c%2fNameIndex%3e%0d%0a++++++%3cIsHidingEnabled%3efalse%3c%2fIsHidingEnabled%3e%0d%0a++++++%3cIsDisablingEnabled%3efalse%3c%2fIsDisablingEnabled%3e%0d%0a++++++%3cRequiresValidation%3efalse%3c%2fRequiresValidation%3e%0d%0a++++++%3cIsRequired%3efalse%3c%2fIsRequired%3e%0d%0a++++++%3cType%3eText+Box%3c%2fType%3e%0d%0a++++++%3cDefaultValue%3e40000%3c%2fDefaultValue%3e%0d%0a++++++%3cValueType%3eSystem.Double%3c%2fValueType%3e%0d%0a++++%3c%2fCells%3e%0d%0a++++%3cCells%3e%0d%0a++++++%3cAddress%3e%3d'401k+Calculator'!%24H%246%3c%2fAddress%3e%0d%0a++++++%3cListItemsAddress+%2f%3e%0d%0a++++++%3cNameIndex%3e1%3c%2fNameIndex%3e%0d%0a++++++%3cIsHidingEnabled%3efalse%3c%2fIsHidingEnabled%3e%0d%0a++++++%3cIsDisablingEnabled%3efalse%3c%2fIsDisablingEnabled%3e%0d%0a++++++%3cRequiresValidation%3efalse%3c%2fRequiresValidation%3e%0d%0a++++++%3cIsRequired%3efalse%3c%2fIsRequired%3e%0d%0a++++++%3cType%3eText+Box%3c%2fType%3e%0d%0a++++++%3cDefaultValue%3e3%3c%2fDefaultValue%3e%0d%0a++++++%3cValueType%3eSystem.Double%3c%2fValueType%3e%0d%0a++++%3c%2fCells%3e%0d%0a++++%3cCells%3e%0d%0a++++++%3cAddress%3e%3d'401k+Calculator'!%24H%249%3c%2fAddress%3e%0d%0a++++++%3cListItemsAddress+%2f%3e%0d%0a++++++%3cNameIndex%3e2%3c%2fNameIndex%3e%0d%0a++++++%3cIsHidingEnabled%3efalse%3c%2fIsHidingEnabled%3e%0d%0a++++++%3cIsDisablingEnabled%3efalse%3c%2fIsDisablingEnabled%3e%0d%0a++++++%3cRequiresValidation%3efalse%3c%2fRequiresValidation%3e%0d%0a++++++%3cIsRequired%3efalse%3c%2fIsRequired%3e%0d%0a++++++%3cType%3eText+Box%3c%2fType%3e%0d%0a++++++%3cDefaultValue%3e0%3c%2fDefaultValue%3e%0d%0a++++++%3cValueType%3eSystem.Double%3c%2fValueType%3e%0d%0a++++%3c%2fCells%3e%0d%0a++++%3cCells%3e%0d%0a++++++%3cAddress%3e%3d'401k+Calculator'!%24H%2410%3c%2fAddress%3e%0d%0a++++++%3cListItemsAddress+%2f%3e%0d%0a++++++%3cNameIndex%3e3%3c%2fNameIndex%3e%0d%0a++++++%3cIsHidingEnabled%3efalse%3c%2fIsHidingEnabled%3e%0d%0a++++++%3cIsDisablingEnabled%3efalse%3c%2fIsDisablingEnabled%3e%0d%0a++++++%3cRequiresValidation%3efalse%3c%2fRequiresValidation%3e%0d%0a++++++%3cIsRequired%3efalse%3c%2fIsRequired%3e%0d%0a++++++%3cType%3eText+Box%3c%2fType%3e%0d%0a++++++%3cDefaultValue%3e0%3c%2fDefaultValue%3e%0d%0a++++++%3cValueType%3eSystem.Double%3c%2fValueType%3e%0d%0a++++%3c%2fCells%3e%0d%0a++++%3cCells%3e%0d%0a++++++%3cAddress%3e%3d'401k+Calculator'!%24H%2411%3c%2fAddress%3e%0d%0a++++++%3cListItemsAddress+%2f%3e%0d%0a++++++%3cNameIndex%3e4%3c%2fNameIndex%3e%0d%0a++++++%3cIsHidingEnabled%3efalse%3c%2fIsHidingEnabled%3e%0d%0a++++++%3cIsDisablingEnabled%3efalse%3c%2fIsDisablingEnabled%3e%0d%0a++++++%3cRequiresValidation%3efalse%3c%2fRequiresValidation%3e%0d%0a++++++%3cIsRequired%3efalse%3c%2fIsRequired%3e%0d%0a++++++%3cType%3eText+Box%3c%2fType%3e%0d%0a++++++%3cDefaultValue%3e6%3c%2fDefaultValue%3e%0d%0a++++++%3cValueType%3eSystem.Double%3c%2fValueType%3e%0d%0a++++%3c%2fCells%3e%0d%0a++++%3cCells%3e%0d%0a++++++%3cAddress%3e%3d'401k+Calculator'!%24R%245%3c%2fAddress%3e%0d%0a++++++%3cListItemsAddress+%2f%3e%0d%0a++++++%3cNameIndex%3e5%3c%2fNameIndex%3e%0d%0a++++++%3cIsHidingEnabled%3efalse%3c%2fIsHidingEnabled%3e%0d%0a++++++%3cIsDisablingEnabled%3efalse%3c%2fIsDisablingEnabled%3e%0d%0a++++++%3cRequiresValidation%3efalse%3c%2fRequiresValidation%3e%0d%0a++++++%3cIsRequired%3efalse%3c%2fIsRequired%3e%0d%0a++++++%3cType%3eText+Box%3c%2fType%3e%0d%0a++++++%3cDefaultValue%3e50%3c%2fDefaultValue%3e%0d%0a++++++%3cValueType%3eSystem.Double%3c%2fValueType%3e%0d%0a++++%3c%2fCells%3e%0d%0a++++%3cCells%3e%0d%0a++++++%3cAddress%3e%3d'401k+Calculator'!%24O%246%3c%2fAddress%3e%0d%0a++++++%3cListItemsAddress+%2f%3e%0d%0a++++++%3cNameIndex%3e6%3c%2fNameIndex%3e%0d%0a++++++%3cIsHidingEnabled%3efalse%3c%2fIsHidingEnabled%3e%0d%0a++++++%3cIsDisablingEnabled%3efalse%3c%2fIsDisablingEnabled%3e%0d%0a++++++%3cRequiresValidation%3efalse%3c%2fRequiresValidation%3e%0d%0a++++++%3cIsRequired%3efalse%3c%2fIsRequired%3e%0d%0a++++++%3cType%3eText+Box%3c%2fType%3e%0d%0a++++++%3cDefaultValue%3e6%3c%2fDefaultValue%3e%0d%0a++++++%3cValueType%3eSystem.Double%3c%2fValueType%3e%0d%0a++++%3c%2fCells%3e%0d%0a++++%3cCells%3e%0d%0a++++++%3cAddress%3e%3d'401k+Calculator'!%24R%248%3c%2fAddress%3e%0d%0a++++++%3cListItemsAddress+%2f%3e%0d%0a++++++%3cNameIndex%3e7%3c%2fNameIndex%3e%0d%0a++++++%3cIsHidingEnabled%3efalse%3c%2fIsHidingEnabled%3e%0d%0a++++++%3cIsDisablingEnabled%3efalse%3c%2fIsDisablingEnabled%3e%0d%0a++++++%3cRequiresValidation%3efalse%3c%2fRequiresValidation%3e%0d%0a++++++%3cIsRequired%3efalse%3c%2fIsRequired%3e%0d%0a++++++%3cType%3eText+Box%3c%2fType%3e%0d%0a++++++%3cDefaultValue%3e25%3c%2fDefaultValue%3e%0d%0a++++++%3cValueType%3eSystem.Double%3c%2fValueType%3e%0d%0a++++%3c%2fCells%3e%0d%0a++++%3cCells%3e%0d%0a++++++%3cAddress%3e%3d'401k+Calculator'!%24R%249%3c%2fAddress%3e%0d%0a++++++%3cListItemsAddress+%2f%3e%0d%0a++++++%3cNameIndex%3e8%3c%2fNameIndex%3e%0d%0a++++++%3cIsHidingEnabled%3efalse%3c%2fIsHidingEnabled%3e%0d%0a++++++%3cIsDisablingEnabled%3efalse%3c%2fIsDisablingEnabled%3e%0d%0a++++++%3cRequiresValidation%3efalse%3c%2fRequiresValidation%3e%0d%0a++++++%3cIsRequired%3efalse%3c%2fIsRequired%3e%0d%0a++++++%3cType%3eText+Box%3c%2fType%3e%0d%0a++++++%3cDefaultValue%3e46%3c%2fDefaultValue%3e%0d%0a++++++%3cValueType%3eSystem.Double%3c%2fValueType%3e%0d%0a++++%3c%2fCells%3e%0d%0a++++%3cCells%3e%0d%0a++++++%3cAddress%3e%3d'401k+Calculator'!%24R%2410%3c%2fAddress%3e%0d%0a++++++%3cListItemsAddress+%2f%3e%0d%0a++++++%3cNameIndex%3e9%3c%2fNameIndex%3e%0d%0a++++++%3cIsHidingEnabled%3efalse%3c%2fIsHidingEnabled%3e%0d%0a++++++%3cIsDisablingEnabled%3efalse%3c%2fIsDisablingEnabled%3e%0d%0a++++++%3cRequiresValidation%3efalse%3c%2fRequiresValidation%3e%0d%0a++++++%3cIsRequired%3efalse%3c%2fIsRequired%3e%0d%0a++++++%3cType%3eText+Box%3c%2fType%3e%0d%0a++++++%3cDefaultValue%3e7%3c%2fDefaultValue%3e%0d%0a++++++%3cValueType%3eSystem.Double%3c%2fValueType%3e%0d%0a++++%3c%2fCells%3e%0d%0a++++%3cCells%3e%0d%0a++++++%3cAddress%3e%3d'401k+Calculator'!%24R%2411%3c%2fAddress%3e%0d%0a++++++%3cListItemsAddress+%2f%3e%0d%0a++++++%3cNameIndex%3e10%3c%2fNameIndex%3e%0d%0a++++++%3cIsHidingEnabled%3efalse%3c%2fIsHidingEnabled%3e%0d%0a++++++%3cIsDisablingEnabled%3efalse%3c%2fIsDisablingEnabled%3e%0d%0a++++++%3cRequiresValidation%3efalse%3c%2fRequiresValidation%3e%0d%0a++++++%3cIsRequired%3efalse%3c%2fIsRequired%3e%0d%0a++++++%3cType%3eText+Box%3c%2fType%3e%0d%0a++++++%3cDefaultValue%3e1%3c%2fDefaultValue%3e%0d%0a++++++%3cValueType%3eSystem.Double%3c%2fValueType%3e%0d%0a++++%3c%2fCells%3e%0d%0a++%3c%2fInputCells%3e%0d%0a%3c%2fPageInputCells%3e"]
[{"$cut":{"chars":32761,"head":" %3c%3fxml+version%3d%221.0%22+encoding%3d%22utf-16%22%3f%3e%0d%0a%3cTables+xmlns%3axsi%3d%22http%3a%2f%2fwww.w3.org%2f2001%2fXMLSchema-instance%22+xmlns%3axsd%3d%22http%3a%2f%2fwww.w3.org%2f2001%2fXMLSchema%22+InputPrefix%3d%22PSWInput_%22%3e%0d%0a++%3cTable+Name%3d%22PSWOutput_0%22+ColumnWidths%3d%2224.75-14.25-19.5-19.5-24.75-14.25-28.5-24.75-14.25-24.75-24.75-14.25-24.75-24.75-14.25-24.75-24.75-14.25-24.75-24.75-14.25-24.75-14.25-24.75-14.25-24.75-31.5-24.75-24.75-24.75-24.75-24.75-24.75-24.75-24.75-24.75-24.75-14.25-24.75%22+RowCount%3d%2278%22+Width%3d%22860.25%22+InputPrefix%3d%22PSWInput_%22%3e%0d%0a++++%3cTR%3e%0d%0a++++++%3cTD+Style%3d%22Class113%22+Merge%3d%22False%22+RowSpan%3d%22%22+ColSpan%3d%22%22+Format%3d%22General%22+Width%3d%2224.75%22+Text%3d%22%22+Height%3d%2215%22+Align%3d%22Left%22+CellHasFormula%3d%22False%22+FontName%3d%22Calibri%22+WrapText%3d%22False%22+FontSize%3d%2211%22+X%3d%221%22+Y%3d%221%22+%2f%3e%0d%0a++++++%3cTD+Style%3d%22Class113%22+Merge%3d%22False%22+RowSpan%3d%22%22+ColSpan%3d%22%22+Format%3d%22General%22+Width%3d%2214.25%22+Text%3d%22%22+Height%3d%2215%22+Align%3d%22Left%22+CellHasFormula%3d%22False%22+FontName%3d%22Calibri%22+WrapText%3d%22False%22+FontSize%3d%2211%22+X%3d%222%22+Y%3d%221%22+%2f%3e%0d%0a++++++%3cTD+Style%3d%22Class113%22+Merge%3d%22False%22+RowSpan%3d%22%22+ColSpan%3d%22%22+Format%3d%22General%22+Width%3d%2219.5%22+Text%3d%22%22+Height%3d%2215%22+Align%3d%22Left%22+CellHasFormula%3d%22False%22+FontName%3d%22Calibri%22+WrapText%3d%22False%22+FontSize%3d%2211%22+X%3d%223%22+Y%3d%221%22+%2f%3e%0d%0a++++++%3cTD+Style%3d%22Class113%22+Merge%3d%22False%22+RowSpan%3d%22%22+ColSpan%3d%22%22+Format%3d%22General%22+Width%3d%2219.5%22+Text%3d%22%22+Height%3d%2215%22+Align%3d%22Left%22+CellHasFormula%3d%22False%22+FontName%3d%22Calibri%22+WrapText%3d%22False%22+FontSize%3d%2211%22+X%3d%224%22+Y%3d%221%22+%2f%3e%0d%0a++++++%3cTD+Style%3d%22Class113%22+Merge%3d%22False%22+RowSpan%3d%22%22+ColSpan%3d%22%22+Format%3d%22General%22+Width%3d%2224.75%22+Text%3d%22%22+Height%3d%2215%22+Align%3d%22Left%22+CellHasFormula%3d%22False%22+FontName%3d%22Calibri%22+WrapText%3d%22False%22+FontSize%3d%2211%22+X%3d%225%22+Y%3d%221%22+%2f%3e%0d%0a++++++%3cTD+Style%3d%22Class113%22+Merge%3d%22False%22+RowSpan%3d%22%22+ColSpan%3d%22%22+Format%3d%22General%22+Width%3d%2214.25%22+Text%3d%22%22+Height%3d%2215%22+Align%3d%22Left%22+CellHasFormula%3d%22False%22+FontName%3d%22Calibri%22+WrapText%3d%22False%22+FontSize%3d%2211%22+X%3d%226%22+Y%3d%221%22+%2f%3e%0d%0a++++++%3cTD+Style%3d%22Class113%22+Merge%3d%22False%22+RowSpan%3d%22%22+ColSpan%3d%22%22+Format%3d%22General%22+Width%3d%2228.5%22+Text%3d%22%22+Height%3d%2215%22+Align%3d%22Left%22+CellHasFormula%3d%22False%22+FontName%3d%22Calibri%22+WrapText%3d%22False%22+FontSize%3d%2211%22+X%3d%227%22+Y%3d%221%22+%2f%3e%0d%0a++++++%3cTD+Style%3d%22Class113%22+Merge%3d%22False%22+RowSpan%3d%22%22+ColSpan%3d%22%22+Format%3d%22General%22+Width%3d%2224.75%22+Text%3d%22%22+Height%3d%2215%22+Align%3d%22Left%22+CellHasFormula%3d%22False%22+FontName%3d%22Calibri%22+WrapText%3d%22False%22+FontSize%3d%2211%22+X%3d%228%22+Y%3d%221%22+%2f%3e%0d%0a++++++%3cTD+Style%3d%22Class113%22+Merge%3d%22False%22+RowSpan%3d%22%22+ColSpan%3d%22%22+Format%3d%22General%22+Width%3d%2214.25%22+Text%3d%22%22+Height%3d%2215%22+Align%3d%22Left%22+CellHasFormula%3d%22False%22+FontName%3d%22Calibri%22+WrapText%3d%22False%22+FontSize%3d%2211%22+X%3d%229%22+Y%3d%221%22+%2f%3e%0d%0a++++++%3cTD+Style%3d%22Class113%22+Merge%3d%22False%22+RowSpan%3d%22%22+ColSpan%3d%22%22+Format%3d%22General%22+Width%3d%2224.75%22+Text%3d%22%22+Height%3d%2215%22+Align%3d%22Left%22+CellHasFormula%3d%22False%22+FontName%3d%22Calibri%22+WrapText%3d%22False%22+FontSize%3d%2211%22+X%3d%2210%22+Y%3d%221%22+%2f%3e%0d%0a++++++%3cTD+Style%3d%22Class114%22+Merge%3d%22False%22+RowSpan%3d%22%22+ColSpan%3d%22%22+Format%3d%22General%22+Width%3d%2224.75%22+Text%3d%22%22+Height%3d%2215%22+Align%3d%22Left%22+CellHasFormula%3d%22False%22+FontName%3d%22Calibri%22+WrapText%3d%22False%22+FontSize%3d%2210%22+X%3d%2211%22+Y%3d%221%22+"}},{"$cut":{"chars":32761,"head":" eight%3d%2217.25%22+Align%3d%22Left%22+CellHasFormula%3d%22False%22+FontName%3d%22Bell+MT%22+WrapText%3d%22False%22+FontSize%3d%2210%22+X%3d%2220%22+Y%3d%224%22+%2f%3e%0d%0a++++++%3cTD+Style%3d%22Class122%22+Merge%3d%22False%22+RowSpan%3d%22%22+ColSpan%3d%22%22+Format%3d%22General%22+Width%3d%2214.25%22+Text%3d%22%22+Height%3d%2217.25%22+Align%3d%22Left%22+CellHasFormula%3d%22False%22+FontName%3d%22Bell+MT%22+WrapText%3d%22False%22+FontSize%3d%2210%22+X%3d%2221%22+Y%3d%224%22+%2f%3e%0d%0a++++++%3cTD+Style%3d%22Class122%22+Merge%3d%22False%22+RowSpan%3d%22%22+ColSpan%3d%22%22+Format%3d%22General%22+Width%3d%2224.75%22+Text%3d%22%22+Height%3d%2217.25%22+Align%3d%22Left%22+CellHasFormula%3d%22False%22+FontName%3d%22Bell+MT%22+WrapText%3d%22False%22+FontSize%3d%2210%22+X%3d%2222%22+Y%3d%224%22+%2f%3e%0d%0a++++++%3cTD+Style%3d%22Class124%22+Merge%3d%22False%22+RowSpan%3d%22%22+ColSpan%3d%22%22+Format%3d%22General%22+Width%3d%2214.25%22+Text%3d%22%22+Height%3d%2217.25%22+Align%3d%22Left%22+CellHasFormula%3d%22False%22+FontName%3d%22Calibri%22+WrapText%3d%22False%22+FontSize%3d%2210%22+X%3d%2223%22+Y%3d%224%22+%2f%3e%0d%0a++++++%3cTD+Style%3d%22Class125%22+Merge%3d%22False%22+RowSpan%3d%22%22+ColSpan%3d%22%22+Format%3d%22General%22+Width%3d%2224.75%22+Text%3d%22%22+Height%3d%2217.25%22+Align%3d%22Left%22+CellHasFormula%3d%22False%22+FontName%3d%22Calibri%22+WrapText%3d%22False%22+FontSize%3d%2211%22+X%3d%2224%22+Y%3d%224%22+%2f%3e%0d%0a++++++%3cTD+Style%3d%22Class126%22+Merge%3d%22False%22+RowSpan%3d%22%22+ColSpan%3d%22%22+Format%3d%22General%22+Width%3d%2214.25%22+Text%3d%22%22+Height%3d%2217.25%22+Align%3d%22Left%22+CellHasFormula%3d%22False%22+FontName%3d%22Bell+MT%22+WrapText%3d%22False%22+FontSize%3d%2211%22+X%3d%2225%22+Y%3d%224%22+%2f%3e%0d%0a++++++%3cTD+Style%3d%22Class127%22+Merge%3d%22False%22+RowSpan%3d%22%22+ColSpan%3d%22%22+Format%3d%22General%22+Width%3d%2224.75%22+Text%3d%22%22+Height%3d%2217.25%22+Align%3d%22Left%22+CellHasFormula%3d%22False%22+FontName%3d%22Bell+MT%22+WrapText%3d%22False%22+FontSize%3d%2210%22+X%3d%2226%22+Y%3d%224%22+%2f%3e%0d%0a++++++%3cTD+Style%3d%22Class127%22+Merge%3d%22False%22+RowSpan%3d%22%22+ColSpan%3d%22%22+Format%3d%22General%22+Width%3d%2231.5%22+Text%3d%22%22+Height%3d%2217.25%22+Align%3d%22Left%22+CellHasFormula%3d%22False%22+FontName%3d%22Bell+MT%22+WrapText%3d%22False%22+FontSize%3d%2210%22+X%3d%2227%22+Y%3d%224%22+%2f%3e%0d%0a++++++%3cTD+Style%3d%22Class127%22+Merge%3d%22False%22+RowSpan%3d%22%22+ColSpan%3d%22%22+Format%3d%22General%22+Width%3d%2224.75%22+Text%3d%22%22+Height%3d%2217.25%22+Align%3d%22Left%22+CellHasFormula%3d%22False%22+FontName%3d%22Bell+MT%22+WrapText%3d%22False%22+FontSize%3d%2210%22+X%3d%2228%22+Y%3d%224%22+%2f%3e%0d%0a++++++%3cTD+Style%3d%22Class128%22+Merge%3d%22False%22+RowSpan%3d%22%22+ColSpan%3d%22%22+Format%3d%22General%22+Width%3d%2224.75%22+Text%3d%22%22+Height%3d%2217.25%22+Align%3d%22Left%22+CellHasFormula%3d%22False%22+FontName%3d%22Bell+MT%22+WrapText%3d%22False%22+FontSize%3d%2210%22+X%3d%2229%22+Y%3d%224%22+%2f%3e%0d%0a++++++%3cTD+Style%3d%22Class128%22+Merge%3d%22False%22+RowSpan%3d%22%22+ColSpan%3d%22%22+Format%3d%22General%22+Width%3d%2224.75%22+Text%3d%22%22+Height%3d%2217.25%22+Align%3d%22Left%22+CellHasFormula%3d%22False%22+FontName%3d%22Bell+MT%22+WrapText%3d%22False%22+FontSize%3d%2210%22+X%3d%2230%22+Y%3d%224%22+%2f%3e%0d%0a++++++%3cTD+Style%3d%22Class128%22+Merge%3d%22False%22+RowSpan%3d%22%22+ColSpan%3d%22%22+Format%3d%22General%22+Width%3d%2224.75%22+Text%3d%22%22+Height%3d%2217.25%22+Align%3d%22Left%22+CellHasFormula%3d%22False%22+FontName%3d%22Bell+MT%22+WrapText%3d%22False%22+FontSize%3d%2210%22+X%3d%2231%22+Y%3d%224%22+%2f%3e%0d%0a++++++%3cTD+Style%3d%22Class128%22+Merge%3d%22False%22+RowSpan%3d%22%22+ColSpan%3d%22%22+Format%3d%22General%22+Width%3d%2224.75%22+Text%3d%22%22+Height%3d%2217.25%22+Align%3d%22Left%22+CellHasFormula%3d%22False%22+FontName%3d%22Bell+MT%22+WrapText%3d%22False%22+FontSize%3d%2210%22+X%3d%2232%22+Y%3d%224%22+%2f%3e%0d%0a++++++%3cTD+Style%3d%22Class128%22+Merge%3d%22False%22+RowSpan%3d%22%22+ColSpan%3d%"}},{"$cut":{"chars":32761,"head":" me%3d%22Bell+MT%22+WrapText%3d%22False%22+FontSize%3d%2210%22+X%3d%222%22+Y%3d%228%22+%2f%3e%0d%0a++++++%3cTD+Style%3d%22Class132%22+Merge%3d%22True%22+RowSpan%3d%22%22+ColSpan%3d%225%22+Format%3d%22General%22+Width%3d%22106.5%22+Text%3d%22+Current+Balance%22+Height%3d%2216.5%22+Align%3d%22Left%22+CellHasFormula%3d%22False%22+FontName%3d%22Candara%22+WrapText%3d%22False%22+FontSize%3d%2210%22+X%3d%223%22+Y%3d%228%22+%2f%3e%0d%0a++++++%3cTD+Style%3d%22Class160%22+Merge%3d%22True%22+RowSpan%3d%22%22+ColSpan%3d%223%22+Format%3d%22%23%2c%23%230%22+Width%3d%2263.75%22+Text%3d%22%22+Height%3d%2216.5%22+Align%3d%22Center%22+CellHasFormula%3d%22True%22+FontName%3d%22Arial%22+WrapText%3d%22False%22+FontSize%3d%2210%22+X%3d%228%22+Y%3d%228%22+%2f%3e%0d%0a++++++%3cTD+Style%3d%22Class134%22+Merge%3d%22False%22+RowSpan%3d%22%22+ColSpan%3d%22%22+Format%3d%22General%22+Width%3d%2224.75%22+Text%3d%22%22+Height%3d%2216.5%22+Align%3d%22Left%22+CellHasFormula%3d%22False%22+FontName%3d%22Bell+MT%22+WrapText%3d%22False%22+FontSize%3d%2210%22+X%3d%2211%22+Y%3d%228%22+%2f%3e%0d%0a++++++%3cTD+Style%3d%22Class144%22+Merge%3d%22False%22+RowSpan%3d%22%22+ColSpan%3d%22%22+Format%3d%22General%22+Width%3d%2214.25%22+Text%3d%22%22+Height%3d%2216.5%22+Align%3d%22Left%22+CellHasFormula%3d%22False%22+FontName%3d%22Bell+MT%22+WrapText%3d%22False%22+FontSize%3d%2211%22+X%3d%2212%22+Y%3d%228%22+%2f%3e%0d%0a++++++%3cTD+Style%3d%22Class132%22+Merge%3d%22True%22+RowSpan%3d%22%22+ColSpan%3d%225%22+Format%3d%22General%22+Width%3d%22113.25%22+Text%3d%22++Current+Age%22+Height%3d%2216.5%22+Align%3d%22Left%22+CellHasFormula%3d%22False%22+FontName%3d%22Candara%22+WrapText%3d%22False%22+FontSize%3d%2210%22+X%3d%2213%22+Y%3d%228%22+%2f%3e%0d%0a++++++%3cTD+Style%3d%22Class133%22+Merge%3d%22True%22+RowSpan%3d%22%22+ColSpan%3d%223%22+Format%3d%22General%22+Width%3d%2263.75%22+Text%3d%22%22+Height%3d%2216.5%22+Align%3d%22Center%22+CellHasFormula%3d%22False%22+FontName%3d%22Arial%22+WrapText%3d%22False%22+FontSize%3d%2210%22+X%3d%2218%22+Y%3d%228%22%3e%0d%0a++++++++%3cInputCell%3e%0d%0a++++++++++%3cAddress%3e%3d'401k+Calculator'!%24R%248%3c%2fAddress%3e%0d%0a++++++++++%3cListItemsAddress+%2f%3e%0d%0a++++++++++%3cNameIndex%3e7%3c%2fNameIndex%3e%0d%0a++++++++++%3cIsHidingEnabled%3efalse%3c%2fIsHidingEnabled%3e%0d%0a++++++++++%3cIsDisablingEnabled%3efalse%3c%2fIsDisablingEnabled%3e%0d%0a++++++++++%3cRequiresValidation%3efalse%3c%2fRequiresValidation%3e%0d%0a++++++++++%3cIsRequired%3efalse%3c%2fIsRequired%3e%0d%0a++++++++++%3cType%3eText+Box%3c%2fType%3e%0d%0a++++++++++%3cDefaultValue%3e25%3c%2fDefaultValue%3e%0d%0a++++++++++%3cValueType%3eSystem.Double%3c%2fValueType%3e%0d%0a++++++++%3c%2fInputCell%3e%0d%0a++++++%3c%2fTD%3e%0d%0a++++++%3cTD+Style%3d%22Class134%22+Merge%3d%22False%22+RowSpan%3d%22%22+ColSpan%3d%22%22+Format%3d%22General%22+Width%3d%2214.25%22+Text%3d%22%22+Height%3d%2216.5%22+Align%3d%22Left%22+CellHasFormula%3d%22False%22+FontName%3d%22Bell+MT%22+WrapText%3d%22False%22+FontSize%3d%2210%22+X%3d%2221%22+Y%3d%228%22+%2f%3e%0d%0a++++++%3cTD+Style%3d%22Class137%22+Merge%3d%22False%22+RowSpan%3d%22%22+ColSpan%3d%22%22+Format%3d%22General%22+Width%3d%2224.75%22+Text%3d%22%22+Height%3d%2216.5%22+Align%3d%22Left%22+CellHasFormula%3d%22False%22+FontName%3d%22Bell+MT%22+WrapText%3d%22False%22+FontSize%3d%2211%22+X%3d%2222%22+Y%3d%228%22+%2f%3e%0d%0a++++++%3cTD+Style%3d%22Class138%22+Merge%3d%22False%22+RowSpan%3d%22%22+ColSpan%3d%22%22+Format%3d%22General%22+Width%3d%2214.25%22+Text%3d%22%22+Height%3d%2216.5%22+Align%3d%22Left%22+CellHasFormula%3d%22False%22+FontName%3d%22Calibri%22+WrapText%3d%22False%22+FontSize%3d%2211%22+X%3d%2223%22+Y%3d%228%22+%2f%3e%0d%0a++++++%3cTD+Style%3d%22Class125%22+Merge%3d%22False%22+RowSpan%3d%22%22+ColSpan%3d%22%22+Format%3d%22General%22+Width%3d%2224.75%22+Text%3d%22%22+Height%3d%2216.5%22+Align%3d%22Left%22+CellHasFormula%3d%22False%22+FontName%3d%22Calibri%22+WrapText%3d%22False%22+FontSize%3d%2211%22+X%3d%2224%22+Y%3d%228%22+%2f%3e%0d%0a++++++%3cTD+Style%3d%22Class155%22+Merge%3d%22False%22+RowSpan%3d%22%22+ColSpan%3d%22%22+Format%"}},{"$cut":{"chars":32761,"head":" +RowSpan%3d%22%22+ColSpan%3d%22%22+Format%3d%22General%22+Width%3d%2224.75%22+Text%3d%22%22+Height%3d%2216.5%22+Align%3d%22Left%22+CellHasFormula%3d%22False%22+FontName%3d%22Bell+MT%22+WrapText%3d%22False%22+FontSize%3d%2210%22+X%3d%225%22+Y%3d%2212%22+%2f%3e%0d%0a++++++%3cTD+Style%3d%22Class175%22+Merge%3d%22False%22+RowSpan%3d%22%22+ColSpan%3d%22%22+Format%3d%22General%22+Width%3d%2214.25%22+Text%3d%22%22+Height%3d%2216.5%22+Align%3d%22Left%22+CellHasFormula%3d%22False%22+FontName%3d%22Bell+MT%22+WrapText%3d%22False%22+FontSize%3d%2210%22+X%3d%226%22+Y%3d%2212%22+%2f%3e%0d%0a++++++%3cTD+Style%3d%22Class175%22+Merge%3d%22False%22+RowSpan%3d%22%22+ColSpan%3d%22%22+Format%3d%22General%22+Width%3d%2228.5%22+Text%3d%22%22+Height%3d%2216.5%22+Align%3d%22Left%22+CellHasFormula%3d%22False%22+FontName%3d%22Bell+MT%22+WrapText%3d%22False%22+FontSize%3d%2210%22+X%3d%227%22+Y%3d%2212%22+%2f%3e%0d%0a++++++%3cTD+Style%3d%22Class176%22+Merge%3d%22False%22+RowSpan%3d%22%22+ColSpan%3d%22%22+Format%3d%22General%22+Width%3d%2224.75%22+Text%3d%22%22+Height%3d%2216.5%22+Align%3d%22Left%22+CellHasFormula%3d%22False%22+FontName%3d%22Bell+MT%22+WrapText%3d%22False%22+FontSize%3d%2210%22+X%3d%228%22+Y%3d%2212%22+%2f%3e%0d%0a++++++%3cTD+Style%3d%22Class176%22+Merge%3d%22False%22+RowSpan%3d%22%22+ColSpan%3d%22%22+Format%3d%22General%22+Width%3d%2214.25%22+Text%3d%22%22+Height%3d%2216.5%22+Align%3d%22Left%22+CellHasFormula%3d%22False%22+FontName%3d%22Bell+MT%22+WrapText%3d%22False%22+FontSize%3d%2210%22+X%3d%229%22+Y%3d%2212%22+%2f%3e%0d%0a++++++%3cTD+Style%3d%22Class176%22+Merge%3d%22False%22+RowSpan%3d%22%22+ColSpan%3d%22%22+Format%3d%22General%22+Width%3d%2224.75%22+Text%3d%22%22+Height%3d%2216.5%22+Align%3d%22Left%22+CellHasFormula%3d%22False%22+FontName%3d%22Bell+MT%22+WrapText%3d%22False%22+FontSize%3d%2210%22+X%3d%2210%22+Y%3d%2212%22+%2f%3e%0d%0a++++++%3cTD+Style%3d%22Class146%22+Merge%3d%22False%22+RowSpan%3d%22%22+ColSpan%3d%22%22+Format%3d%22General%22+Width%3d%2224.75%22+Text%3d%22%22+Height%3d%2216.5%22+Align%3d%22Left%22+CellHasFormula%3d%22False%22+FontName%3d%22Bell+MT%22+WrapText%3d%22False%22+FontSize%3d%2210%22+X%3d%2211%22+Y%3d%2212%22+%2f%3e%0d%0a++++++%3cTD+Style%3d%22Class177%22+Merge%3d%22False%22+RowSpan%3d%22%22+ColSpan%3d%22%22+Format%3d%22General%22+Width%3d%2214.25%22+Text%3d%22%22+Height%3d%2216.5%22+Align%3d%22Left%22+CellHasFormula%3d%22False%22+FontName%3d%22Bell+MT%22+WrapText%3d%22False%22+FontSize%3d%2211%22+X%3d%2212%22+Y%3d%2212%22+%2f%3e%0d%0a++++++%3cTD+Style%3d%22Class178%22+Merge%3d%22False%22+RowSpan%3d%22%22+ColSpan%3d%22%22+Format%3d%22General%22+Width%3d%2224.75%22+Text%3d%22%22+Height%3d%2216.5%22+Align%3d%22Left%22+CellHasFormula%3d%22False%22+FontName%3d%22Bell+MT%22+WrapText%3d%22False%22+FontSize%3d%2211%22+X%3d%2213%22+Y%3d%2212%22+%2f%3e%0d%0a++++++%3cTD+Style%3d%22Class178%22+Merge%3d%22False%22+RowSpan%3d%22%22+ColSpan%3d%22%22+Format%3d%22General%22+Width%3d%2224.75%22+Text%3d%22%22+Height%3d%2216.5%22+Align%3d%22Left%22+CellHasFormula%3d%22False%22+FontName%3d%22Bell+MT%22+WrapText%3d%22False%22+FontSize%3d%2211%22+X%3d%2214%22+Y%3d%2212%22+%2f%3e%0d%0a++++++%3cTD+Style%3d%22Class178%22+Merge%3d%22False%22+RowSpan%3d%22%22+ColSpan%3d%22%22+Format%3d%22General%22+Width%3d%2214.25%22+Text%3d%22%22+Height%3d%2216.5%22+Align%3d%22Left%22+CellHasFormula%3d%22False%22+FontName%3d%22Bell+MT%22+WrapText%3d%22False%22+FontSize%3d%2211%22+X%3d%2215%22+Y%3d%2212%22+%2f%3e%0d%0a++++++%3cTD+Style%3d%22Class178%22+Merge%3d%22False%22+RowSpan%3d%22%22+ColSpan%3d%22%22+Format%3d%22General%22+Width%3d%2224.75%22+Text%3d%22%22+Height%3d%2216.5%22+Align%3d%22Left%22+CellHasFormula%3d%22False%22+FontName%3d%22Bell+MT%22+WrapText%3d%22False%22+FontSize%3d%2211%22+X%3d%2216%22+Y%3d%2212%22+%2f%3e%0d%0a++++++%3cTD+Style%3d%22Class178%22+Merge%3d%22False%22+RowSpan%3d%22%22+ColSpan%3d%22%22+Format%3d%22General%22+Width%3d%2224.75%22+Text%3d%22%22+Height%3d%2216.5%22+Align%3d%22Left%22+CellHasFormula%3d%22False%22+FontName%3d%22Bell+MT%22+WrapText%3d%22False%22+FontSize%3d%2211%22+X%3d%2217%22+Y%3d%2212%22+%2f%3e%"}},{"$cut":{"chars":32761,"head":" +RowSpan%3d%22%22+ColSpan%3d%22%22+Format%3d%22General%22+Width%3d%2224.75%22+Text%3d%22%22+Height%3d%2215.75%22+Align%3d%22Left%22+CellHasFormula%3d%22False%22+FontName%3d%22Calibri%22+WrapText%3d%22False%22+FontSize%3d%2211%22+X%3d%2230%22+Y%3d%2214%22+%2f%3e%0d%0a++++++%3cTD+Style%3d%22Class191%22+Merge%3d%22False%22+RowSpan%3d%22%22+ColSpan%3d%22%22+Format%3d%22General%22+Width%3d%2224.75%22+Text%3d%22%22+Height%3d%2215.75%22+Align%3d%22Left%22+CellHasFormula%3d%22False%22+FontName%3d%22Calibri%22+WrapText%3d%22False%22+FontSize%3d%2211%22+X%3d%2231%22+Y%3d%2214%22+%2f%3e%0d%0a++++++%3cTD+Style%3d%22Class191%22+Merge%3d%22False%22+RowSpan%3d%22%22+ColSpan%3d%22%22+Format%3d%22General%22+Width%3d%2224.75%22+Text%3d%22%22+Height%3d%2215.75%22+Align%3d%22Left%22+CellHasFormula%3d%22False%22+FontName%3d%22Calibri%22+WrapText%3d%22False%22+FontSize%3d%2211%22+X%3d%2232%22+Y%3d%2214%22+%2f%3e%0d%0a++++++%3cTD+Style%3d%22Class191%22+Merge%3d%22False%22+RowSpan%3d%22%22+ColSpan%3d%22%22+Format%3d%22General%22+Width%3d%2224.75%22+Text%3d%22%22+Height%3d%2215.75%22+Align%3d%22Left%22+CellHasFormula%3d%22False%22+FontName%3d%22Calibri%22+WrapText%3d%22False%22+FontSize%3d%2211%22+X%3d%2233%22+Y%3d%2214%22+%2f%3e%0d%0a++++++%3cTD+Style%3d%22Class191%22+Merge%3d%22False%22+RowSpan%3d%22%22+ColSpan%3d%22%22+Format%3d%22General%22+Width%3d%2224.75%22+Text%3d%22%22+Height%3d%2215.75%22+Align%3d%22Left%22+CellHasFormula%3d%22False%22+FontName%3d%22Calibri%22+WrapText%3d%22False%22+FontSize%3d%2211%22+X%3d%2234%22+Y%3d%2214%22+%2f%3e%0d%0a++++++%3cTD+Style%3d%22Class191%22+Merge%3d%22False%22+RowSpan%3d%22%22+ColSpan%3d%22%22+Format%3d%22General%22+Width%3d%2224.75%22+Text%3d%22%22+Height%3d%2215.75%22+Align%3d%22Left%22+CellHasFormula%3d%22False%22+FontName%3d%22Calibri%22+WrapText%3d%22False%22+FontSize%3d%2211%22+X%3d%2235%22+Y%3d%2214%22+%2f%3e%0d%0a++++++%3cTD+Style%3d%22Class191%22+Merge%3d%22False%22+RowSpan%3d%22%22+ColSpan%3d%22%22+Format%3d%22General%22+Width%3d%2224.75%22+Text%3d%22%22+Height%3d%2215.75%22+Align%3d%22Left%22+CellHasFormula%3d%22False%22+FontName%3d%22Calibri%22+WrapText%3d%22False%22+FontSize%3d%2211%22+X%3d%2236%22+Y%3d%2214%22+%2f%3e%0d%0a++++++%3cTD+Style%3d%22Class191%22+Merge%3d%22False%22+RowSpan%3d%22%22+ColSpan%3d%22%22+Format%3d%22General%22+Width%3d%2224.75%22+Text%3d%22%22+Height%3d%2215.75%22+Align%3d%22Left%22+CellHasFormula%3d%22False%22+FontName%3d%22Calibri%22+WrapText%3d%22False%22+FontSize%3d%2211%22+X%3d%2237%22+Y%3d%2214%22+%2f%3e%0d%0a++++++%3cTD+Style%3d%22Class192%22+Merge%3d%22False%22+RowSpan%3d%22%22+ColSpan%3d%22%22+Format%3d%22General%22+Width%3d%2214.25%22+Text%3d%22%22+Height%3d%2215.75%22+Align%3d%22Left%22+CellHasFormula%3d%22False%22+FontName%3d%22Calibri%22+WrapText%3d%22False%22+FontSize%3d%2211%22+X%3d%2238%22+Y%3d%2214%22+%2f%3e%0d%0a++++++%3cTD+Style%3d%22Class143%22+Merge%3d%22False%22+RowSpan%3d%22%22+ColSpan%3d%22%22+Format%3d%22General%22+Width%3d%2224.75%22+Text%3d%22%22+Height%3d%2215.75%22+Align%3d%22Left%22+CellHasFormula%3d%22False%22+FontName%3d%22Calibri%22+WrapText%3d%22False%22+FontSize%3d%2210%22+X%3d%2239%22+Y%3d%2214%22+%2f%3e%0d%0a++++%3c%2fTR%3e%0d%0a++++%3cTR%3e%0d%0a++++++%3cTD+Style%3d%22Class118%22+Merge%3d%22False%22+RowSpan%3d%22%22+ColSpan%3d%22%22+Format%3d%22General%22+Width%3d%2224.75%22+Text%3d%22%22+Height%3d%2215.75%22+Align%3d%22Left%22+CellHasFormula%3d%22False%22+FontName%3d%22Calibri%22+WrapText%3d%22False%22+FontSize%3d%2211%22+X%3d%221%22+Y%3d%2215%22+%2f%3e%0d%0a++++++%3cTD+Style%3d%22Class193%22+Merge%3d%22False%22+RowSpan%3d%22%22+ColSpan%3d%22%22+Format%3d%22General%22+Width%3d%2214.25%22+Text%3d%22%22+Height%3d%2215.75%22+Align%3d%22Left%22+CellHasFormula%3d%22False%22+FontName%3d%22Calibri%22+WrapText%3d%22False%22+FontSize%3d%2211%22+X%3d%222%22+Y%3d%2215%22+%2f%3e%0d%0a++++++%3cTD+Style%3d%22Class194%22+Merge%3d%22True%22+RowSpan%3d%222%22+ColSpan%3d%222%22+Format%3d%22General%22+Width%3d%2239%22+Text%3d%22Year%22+Height%3d%2230.75%22+Align%3d%22Center%22+CellHasFormula%3d%22False%22+FontName%3d%22Calibri%22+WrapText%3d%22Tr"}},{"$cut":{"chars":32761,"head":" +ColSpan%3d%22%22+Format%3d%22General%22+Width%3d%2224.75%22+Text%3d%22%22+Height%3d%2215%22+Align%3d%22Left%22+CellHasFormula%3d%22False%22+FontName%3d%22Calibri%22+WrapText%3d%22False%22+FontSize%3d%2211%22+X%3d%2237%22+Y%3d%2218%22+%2f%3e%0d%0a++++++%3cTD+Style%3d%22Class199%22+Merge%3d%22False%22+RowSpan%3d%22%22+ColSpan%3d%22%22+Format%3d%22General%22+Width%3d%2214.25%22+Text%3d%22%22+Height%3d%2215%22+Align%3d%22Left%22+CellHasFormula%3d%22False%22+FontName%3d%22Calibri%22+WrapText%3d%22False%22+FontSize%3d%2211%22+X%3d%2238%22+Y%3d%2218%22+%2f%3e%0d%0a++++++%3cTD+Style%3d%22Class143%22+Merge%3d%22False%22+RowSpan%3d%22%22+ColSpan%3d%22%22+Format%3d%22General%22+Width%3d%2224.75%22+Text%3d%22%22+Height%3d%2215%22+Align%3d%22Left%22+CellHasFormula%3d%22False%22+FontName%3d%22Calibri%22+WrapText%3d%22False%22+FontSize%3d%2210%22+X%3d%2239%22+Y%3d%2218%22+%2f%3e%0d%0a++++%3c%2fTR%3e%0d%0a++++%3cTR%3e%0d%0a++++++%3cTD+Style%3d%22Class202%22+Merge%3d%22False%22+RowSpan%3d%22%22+ColSpan%3d%22%22+Format%3d%22General%22+Width%3d%2224.75%22+Text%3d%223%22+Height%3d%2215%22+Align%3d%22Left%22+CellHasFormula%3d%22False%22+FontName%3d%22Calibri%22+WrapText%3d%22False%22+FontSize%3d%2211%22+X%3d%221%22+Y%3d%2219%22+%2f%3e%0d%0a++++++%3cTD+Style%3d%22Class193%22+Merge%3d%22False%22+RowSpan%3d%22%22+ColSpan%3d%22%22+Format%3d%22General%22+Width%3d%2214.25%22+Text%3d%22%22+Height%3d%2215%22+Align%3d%22Left%22+CellHasFormula%3d%22False%22+FontName%3d%22Calibri%22+WrapText%3d%22False%22+FontSize%3d%2211%22+X%3d%222%22+Y%3d%2219%22+%2f%3e%0d%0a++++++%3cTD+Style%3d%22Class203%22+Merge%3d%22True%22+RowSpan%3d%22%22+ColSpan%3d%222%22+Format%3d%22General%22+Width%3d%2239%22+Text%3d%22%22+Height%3d%2215%22+Align%3d%22Center%22+CellHasFormula%3d%22True%22+FontName%3d%22Arial%22+WrapText%3d%22False%22+FontSize%3d%229%22+X%3d%223%22+Y%3d%2219%22+%2f%3e%0d%0a++++++%3cTD+Style%3d%22Class204%22+Merge%3d%22True%22+RowSpan%3d%22%22+ColSpan%3d%223%22+Format%3d%22%23%2c%23%230.00%22+Width%3d%2267.5%22+Text%3d%22%22+Height%3d%2215%22+Align%3d%22Center%22+CellHasFormula%3d%22True%22+FontName%3d%22Arial%22+WrapText%3d%22False%22+FontSize%3d%229%22+X%3d%225%22+Y%3d%2219%22+%2f%3e%0d%0a++++++%3cTD+Style%3d%22Class204%22+Merge%3d%22True%22+RowSpan%3d%22%22+ColSpan%3d%223%22+Format%3d%22%23%2c%23%230.00%22+Width%3d%2263.75%22+Text%3d%22%22+Height%3d%2215%22+Align%3d%22Center%22+CellHasFormula%3d%22True%22+FontName%3d%22Arial%22+WrapText%3d%22False%22+FontSize%3d%229%22+X%3d%228%22+Y%3d%2219%22+%2f%3e%0d%0a++++++%3cTD+Style%3d%22Class205%22+Merge%3d%22True%22+RowSpan%3d%22%22+ColSpan%3d%223%22+Format%3d%22%23%2c%23%230.00%22+Width%3d%2263.75%22+Text%3d%22%22+Height%3d%2215%22+Align%3d%22Center%22+CellHasFormula%3d%22True%22+FontName%3d%22Arial%22+WrapText%3d%22False%22+FontSize%3d%229%22+X%3d%2211%22+Y%3d%2219%22+%2f%3e%0d%0a++++++%3cTD+Style%3d%22Class206%22+Merge%3d%22True%22+RowSpan%3d%22%22+ColSpan%3d%223%22+Format%3d%22%23%2c%23%230.00%22+Width%3d%2263.75%22+Text%3d%22%22+Height%3d%2215%22+Align%3d%22Center%22+CellHasFormula%3d%22True%22+FontName%3d%22Arial%22+WrapText%3d%22False%22+FontSize%3d%229%22+X%3d%2214%22+Y%3d%2219%22+%2f%3e%0d%0a++++++%3cTD+Style%3d%22Class207%22+Merge%3d%22True%22+RowSpan%3d%22%22+ColSpan%3d%223%22+Format%3d%22%23%2c%23%230.00%22+Width%3d%2263.75%22+Text%3d%22%22+Height%3d%2215%22+Align%3d%22Center%22+CellHasFormula%3d%22True%22+FontName%3d%22Arial%22+WrapText%3d%22False%22+FontSize%3d%229%22+X%3d%2217%22+Y%3d%2219%22+%2f%3e%0d%0a++++++%3cTD+Style%3d%22Class203%22+Merge%3d%22True%22+RowSpan%3d%22%22+ColSpan%3d%223%22+Format%3d%22%23%2c%23%230.00%22+Width%3d%2263.75%22+Text%3d%22%22+Height%3d%2215%22+Align%3d%22Center%22+CellHasFormula%3d%22True%22+FontName%3d%22Arial%22+WrapText%3d%22False%22+FontSize%3d%229%22+X%3d%2220%22+Y%3d%2219%22+%2f%3e%0d%0a++++++%3cTD+Style%3d%22Class195%22+Merge%3d%22False%22+RowSpan%3d%22%22+ColSpan%3d%22%22+Format%3d%22General%22+Width%3d%2214.25%22+Text%3d%22%22+Height%3d%2215%22+Align%3d%22Left%22+CellHasFormula%3d%22False%22+FontName%3d%22Calibri%22+WrapText%3d%22False%22+FontSize%3d%2210%22"}},{"$cut":{"chars":32761,"head":" th%3d%2224.75%22+Text%3d%22%22+Height%3d%2215%22+Align%3d%22Left%22+CellHasFormula%3d%22False%22+FontName%3d%22Calibri%22+WrapText%3d%22False%22+FontSize%3d%2210%22+X%3d%2235%22+Y%3d%2222%22+%2f%3e%0d%0a++++++%3cTD+Style%3d%22Class200%22+Merge%3d%22False%22+RowSpan%3d%22%22+ColSpan%3d%22%22+Format%3d%22General%22+Width%3d%2224.75%22+Text%3d%22%22+Height%3d%2215%22+Align%3d%22Left%22+CellHasFormula%3d%22False%22+FontName%3d%22Calibri%22+WrapText%3d%22False%22+FontSize%3d%2210%22+X%3d%2236%22+Y%3d%2222%22+%2f%3e%0d%0a++++++%3cTD+Style%3d%22Class200%22+Merge%3d%22False%22+RowSpan%3d%22%22+ColSpan%3d%22%22+Format%3d%22General%22+Width%3d%2224.75%22+Text%3d%22%22+Height%3d%2215%22+Align%3d%22Left%22+CellHasFormula%3d%22False%22+FontName%3d%22Calibri%22+WrapText%3d%22False%22+FontSize%3d%2210%22+X%3d%2237%22+Y%3d%2222%22+%2f%3e%0d%0a++++++%3cTD+Style%3d%22Class213%22+Merge%3d%22False%22+RowSpan%3d%22%22+ColSpan%3d%22%22+Format%3d%22General%22+Width%3d%2214.25%22+Text%3d%22%22+Height%3d%2215%22+Align%3d%22Left%22+CellHasFormula%3d%22False%22+FontName%3d%22Calibri%22+WrapText%3d%22False%22+FontSize%3d%2210%22+X%3d%2238%22+Y%3d%2222%22+%2f%3e%0d%0a++++++%3cTD+Style%3d%22Class143%22+Merge%3d%22False%22+RowSpan%3d%22%22+ColSpan%3d%22%22+Format%3d%22General%22+Width%3d%2224.75%22+Text%3d%22%22+Height%3d%2215%22+Align%3d%22Left%22+CellHasFormula%3d%22False%22+FontName%3d%22Calibri%22+WrapText%3d%22False%22+FontSize%3d%2210%22+X%3d%2239%22+Y%3d%2222%22+%2f%3e%0d%0a++++%3c%2fTR%3e%0d%0a++++%3cTR%3e%0d%0a++++++%3cTD+Style%3d%22Class202%22+Merge%3d%22False%22+RowSpan%3d%22%22+ColSpan%3d%22%22+Format%3d%22General%22+Width%3d%2224.75%22+Text%3d%227%22+Height%3d%2215%22+Align%3d%22Left%22+CellHasFormula%3d%22False%22+FontName%3d%22Calibri%22+WrapText%3d%22False%22+FontSize%3d%2211%22+X%3d%221%22+Y%3d%2223%22+%2f%3e%0d%0a++++++%3cTD+Style%3d%22Class193%22+Merge%3d%22False%22+RowSpan%3d%22%22+ColSpan%3d%22%22+Format%3d%22General%22+Width%3d%2214.25%22+Text%3d%22%22+Height%3d%2215%22+Align%3d%22Left%22+CellHasFormula%3d%22False%22+FontName%3d%22Calibri%22+WrapText%3d%22False%22+FontSize%3d%2211%22+X%3d%222%22+Y%3d%2223%22+%2f%3e%0d%0a++++++%3cTD+Style%3d%22Class203%22+Merge%3d%22True%22+RowSpan%3d%22%22+ColSpan%3d%222%22+Format%3d%22General%22+Width%3d%2239%22+Text%3d%22%22+Height%3d%2215%22+Align%3d%22Center%22+CellHasFormula%3d%22True%22+FontName%3d%22Arial%22+WrapText%3d%22False%22+FontSize%3d%229%22+X%3d%223%22+Y%3d%2223%22+%2f%3e%0d%0a++++++%3cTD+Style%3d%22Class204%22+Merge%3d%22True%22+RowSpan%3d%22%22+ColSpan%3d%223%22+Format%3d%22%23%2c%23%230.00%22+Width%3d%2267.5%22+Text%3d%22%22+Height%3d%2215%22+Align%3d%22Center%22+CellHasFormula%3d%22True%22+FontName%3d%22Arial%22+WrapText%3d%22False%22+FontSize%3d%229%22+X%3d%225%22+Y%3d%2223%22+%2f%3e%0d%0a++++++%3cTD+Style%3d%22Class204%22+Merge%3d%22True%22+RowSpan%3d%22%22+ColSpan%3d%223%22+Format%3d%22%23%2c%23%230.00%22+Width%3d%2263.75%22+Text%3d%22%22+Height%3d%2215%22+Align%3d%22Center%22+CellHasFormula%3d%22True%22+FontName%3d%22Arial%22+WrapText%3d%22False%22+FontSize%3d%229%22+X%3d%228%22+Y%3d%2223%22+%2f%3e%0d%0a++++++%3cTD+Style%3d%22Class205%22+Merge%3d%22True%22+RowSpan%3d%22%22+ColSpan%3d%223%22+Format%3d%22%23%2c%23%230.00%22+Width%3d%2263.75%22+Text%3d%22%22+Height%3d%2215%22+Align%3d%22Center%22+CellHasFormula%3d%22True%22+FontName%3d%22Arial%22+WrapText%3d%22False%22+FontSize%3d%229%22+X%3d%2211%22+Y%3d%2223%22+%2f%3e%0d%0a++++++%3cTD+Style%3d%22Class206%22+Merge%3d%22True%22+RowSpan%3d%22%22+ColSpan%3d%223%22+Format%3d%22%23%2c%23%230.00%22+Width%3d%2263.75%22+Text%3d%22%22+Height%3d%2215%22+Align%3d%22Center%22+CellHasFormula%3d%22True%22+FontName%3d%22Arial%22+WrapText%3d%22False%22+FontSize%3d%229%22+X%3d%2214%22+Y%3d%2223%22+%2f%3e%0d%0a++++++%3cTD+Style%3d%22Class207%22+Merge%3d%22True%22+RowSpan%3d%22%22+ColSpan%3d%223%22+Format%3d%22%23%2c%23%230.00%22+Width%3d%2263.75%22+Text%3d%22%22+Height%3d%2215%22+Align%3d%22Center%22+CellHasFormula%3d%22True%22+FontName%3d%22Arial%22+WrapText%3d%22False%22+FontSize%3d%229%22+X%3d%2217%22+Y%3d%2223%22+%2f%3e%0d%0a++++++%3cTD+"}},{"$cut":{"chars":32761,"head":" 15%22+Align%3d%22Left%22+CellHasFormula%3d%22False%22+FontName%3d%22Calibri%22+WrapText%3d%22False%22+FontSize%3d%2210%22+X%3d%2233%22+Y%3d%2226%22+%2f%3e%0d%0a++++++%3cTD+Style%3d%22Class200%22+Merge%3d%22False%22+RowSpan%3d%22%22+ColSpan%3d%22%22+Format%3d%22General%22+Width%3d%2224.75%22+Text%3d%22%22+Height%3d%2215%22+Align%3d%22Left%22+CellHasFormula%3d%22False%22+FontName%3d%22Calibri%22+WrapText%3d%22False%22+FontSize%3d%2210%22+X%3d%2234%22+Y%3d%2226%22+%2f%3e%0d%0a++++++%3cTD+Style%3d%22Class200%22+Merge%3d%22False%22+RowSpan%3d%22%22+ColSpan%3d%22%22+Format%3d%22General%22+Width%3d%2224.75%22+Text%3d%22%22+Height%3d%2215%22+Align%3d%22Left%22+CellHasFormula%3d%22False%22+FontName%3d%22Calibri%22+WrapText%3d%22False%22+FontSize%3d%2210%22+X%3d%2235%22+Y%3d%2226%22+%2f%3e%0d%0a++++++%3cTD+Style%3d%22Class200%22+Merge%3d%22False%22+RowSpan%3d%22%22+ColSpan%3d%22%22+Format%3d%22General%22+Width%3d%2224.75%22+Text%3d%22%22+Height%3d%2215%22+Align%3d%22Left%22+CellHasFormula%3d%22False%22+FontName%3d%22Calibri%22+WrapText%3d%22False%22+FontSize%3d%2210%22+X%3d%2236%22+Y%3d%2226%22+%2f%3e%0d%0a++++++%3cTD+Style%3d%22Class200%22+Merge%3d%22False%22+RowSpan%3d%22%22+ColSpan%3d%22%22+Format%3d%22General%22+Width%3d%2224.75%22+Text%3d%22%22+Height%3d%2215%22+Align%3d%22Left%22+CellHasFormula%3d%22False%22+FontName%3d%22Calibri%22+WrapText%3d%22False%22+FontSize%3d%2210%22+X%3d%2237%22+Y%3d%2226%22+%2f%3e%0d%0a++++++%3cTD+Style%3d%22Class213%22+Merge%3d%22False%22+RowSpan%3d%22%22+ColSpan%3d%22%22+Format%3d%22General%22+Width%3d%2214.25%22+Text%3d%22%22+Height%3d%2215%22+Align%3d%22Left%22+CellHasFormula%3d%22False%22+FontName%3d%22Calibri%22+WrapText%3d%22False%22+FontSize%3d%2210%22+X%3d%2238%22+Y%3d%2226%22+%2f%3e%0d%0a++++++%3cTD+Style%3d%22Class143%22+Merge%3d%22False%22+RowSpan%3d%22%22+ColSpan%3d%22%22+Format%3d%22General%22+Width%3d%2224.75%22+Text%3d%22%22+Height%3d%2215%22+Align%3d%22Left%22+CellHasFormula%3d%22False%22+FontName%3d%22Calibri%22+WrapText%3d%22False%22+FontSize%3d%2210%22+X%3d%2239%22+Y%3d%2226%22+%2f%3e%0d%0a++++%3c%2fTR%3e%0d%0a++++%3cTR%3e%0d%0a++++++%3cTD+Style%3d%22Class202%22+Merge%3d%22False%22+RowSpan%3d%22%22+ColSpan%3d%22%22+Format%3d%22General%22+Width%3d%2224.75%22+Text%3d%2211%22+Height%3d%2215%22+Align%3d%22Left%22+CellHasFormula%3d%22False%22+FontName%3d%22Calibri%22+WrapText%3d%22False%22+FontSize%3d%2211%22+X%3d%221%22+Y%3d%2227%22+%2f%3e%0d%0a++++++%3cTD+Style%3d%22Class193%22+Merge%3d%22False%22+RowSpan%3d%22%22+ColSpan%3d%22%22+Format%3d%22General%22+Width%3d%2214.25%22+Text%3d%22%22+Height%3d%2215%22+Align%3d%22Left%22+CellHasFormula%3d%22False%22+FontName%3d%22Calibri%22+WrapText%3d%22False%22+FontSize%3d%2211%22+X%3d%222%22+Y%3d%2227%22+%2f%3e%0d%0a++++++%3cTD+Style%3d%22Class203%22+Merge%3d%22True%22+RowSpan%3d%22%22+ColSpan%3d%222%22+Format%3d%22General%22+Width%3d%2239%22+Text%3d%22%22+Height%3d%2215%22+Align%3d%22Center%22+CellHasFormula%3d%22True%22+FontName%3d%22Arial%22+WrapText%3d%22False%22+FontSize%3d%229%22+X%3d%223%22+Y%3d%2227%22+%2f%3e%0d%0a++++++%3cTD+Style%3d%22Class204%22+Merge%3d%22True%22+RowSpan%3d%22%22+ColSpan%3d%223%22+Format%3d%22%23%2c%23%230.00%22+Width%3d%2267.5%22+Text%3d%22%22+Height%3d%2215%22+Align%3d%22Center%22+CellHasFormula%3d%22True%22+FontName%3d%22Arial%22+WrapText%3d%22False%22+FontSize%3d%229%22+X%3d%225%22+Y%3d%2227%22+%2f%3e%0d%0a++++++%3cTD+Style%3d%22Class204%22+Merge%3d%22True%22+RowSpan%3d%22%22+ColSpan%3d%223%22+Format%3d%22%23%2c%23%230.00%22+Width%3d%2263.75%22+Text%3d%22%22+Height%3d%2215%22+Align%3d%22Center%22+CellHasFormula%3d%22True%22+FontName%3d%22Arial%22+WrapText%3d%22False%22+FontSize%3d%229%22+X%3d%228%22+Y%3d%2227%22+%2f%3e%0d%0a++++++%3cTD+Style%3d%22Class205%22+Merge%3d%22True%22+RowSpan%3d%22%22+ColSpan%3d%223%22+Format%3d%22%23%2c%23%230.00%22+Width%3d%2263.75%22+Text%3d%22%22+Height%3d%2215%22+Align%3d%22Center%22+CellHasFormula%3d%22True%22+FontName%3d%22Arial%22+WrapText%3d%22False%22+FontSize%3d%229%22+X%3d%2211%22+Y%3d%2227%22+%2f%3e%0d%0a++++++%3cTD+Style%3d%22Class206%22+Merge%3d%22True%22+RowSpan%3d%22%"}},{"$cut":{"chars":32761,"head":" 215%22+Align%3d%22Center%22+CellHasFormula%3d%22True%22+FontName%3d%22Arial%22+WrapText%3d%22False%22+FontSize%3d%229%22+X%3d%223%22+Y%3d%2231%22+%2f%3e%0d%0a++++++%3cTD+Style%3d%22Class204%22+Merge%3d%22True%22+RowSpan%3d%22%22+ColSpan%3d%223%22+Format%3d%22%23%2c%23%230.00%22+Width%3d%2267.5%22+Text%3d%22%22+Height%3d%2215%22+Align%3d%22Center%22+CellHasFormula%3d%22True%22+FontName%3d%22Arial%22+WrapText%3d%22False%22+FontSize%3d%229%22+X%3d%225%22+Y%3d%2231%22+%2f%3e%0d%0a++++++%3cTD+Style%3d%22Class204%22+Merge%3d%22True%22+RowSpan%3d%22%22+ColSpan%3d%223%22+Format%3d%22%23%2c%23%230.00%22+Width%3d%2263.75%22+Text%3d%22%22+Height%3d%2215%22+Align%3d%22Center%22+CellHasFormula%3d%22True%22+FontName%3d%22Arial%22+WrapText%3d%22False%22+FontSize%3d%229%22+X%3d%228%22+Y%3d%2231%22+%2f%3e%0d%0a++++++%3cTD+Style%3d%22Class205%22+Merge%3d%22True%22+RowSpan%3d%22%22+ColSpan%3d%223%22+Format%3d%22%23%2c%23%230.00%22+Width%3d%2263.75%22+Text%3d%22%22+Height%3d%2215%22+Align%3d%22Center%22+CellHasFormula%3d%22True%22+FontName%3d%22Arial%22+WrapText%3d%22False%22+FontSize%3d%229%22+X%3d%2211%22+Y%3d%2231%22+%2f%3e%0d%0a++++++%3cTD+Style%3d%22Class206%22+Merge%3d%22True%22+RowSpan%3d%22%22+ColSpan%3d%223%22+Format%3d%22%23%2c%23%230.00%22+Width%3d%2263.75%22+Text%3d%22%22+Height%3d%2215%22+Align%3d%22Center%22+CellHasFormula%3d%22True%22+FontName%3d%22Arial%22+WrapText%3d%22False%22+FontSize%3d%229%22+X%3d%2214%22+Y%3d%2231%22+%2f%3e%0d%0a++++++%3cTD+Style%3d%22Class207%22+Merge%3d%22True%22+RowSpan%3d%22%22+ColSpan%3d%223%22+Format%3d%22%23%2c%23%230.00%22+Width%3d%2263.75%22+Text%3d%22%22+Height%3d%2215%22+Align%3d%22Center%22+CellHasFormula%3d%22True%22+FontName%3d%22Arial%22+WrapText%3d%22False%22+FontSize%3d%229%22+X%3d%2217%22+Y%3d%2231%22+%2f%3e%0d%0a++++++%3cTD+Style%3d%22Class203%22+Merge%3d%22True%22+RowSpan%3d%22%22+ColSpan%3d%223%22+Format%3d%22%23%2c%23%230.00%22+Width%3d%2263.75%22+Text%3d%22%22+Height%3d%2215%22+Align%3d%22Center%22+CellHasFormula%3d%22True%22+FontName%3d%22Arial%22+WrapText%3d%22False%22+FontSize%3d%229%22+X%3d%2220%22+Y%3d%2231%22+%2f%3e%0d%0a++++++%3cTD+Style%3d%22Class195%22+Merge%3d%22False%22+RowSpan%3d%22%22+ColSpan%3d%22%22+Format%3d%22General%22+Width%3d%2214.25%22+Text%3d%22%22+Height%3d%2215%22+Align%3d%22Left%22+CellHasFormula%3d%22False%22+FontName%3d%22Calibri%22+WrapText%3d%22False%22+FontSize%3d%2210%22+X%3d%2223%22+Y%3d%2231%22+%2f%3e%0d%0a++++++%3cTD+Style%3d%22Class196%22+Merge%3d%22False%22+RowSpan%3d%22%22+ColSpan%3d%22%22+Format%3d%22General%22+Width%3d%2224.75%22+Text%3d%22%22+Height%3d%2215%22+Align%3d%22Left%22+CellHasFormula%3d%22False%22+FontName%3d%22Calibri%22+WrapText%3d%22False%22+FontSize%3d%2210%22+X%3d%2224%22+Y%3d%2231%22+%2f%3e%0d%0a++++++%3cTD+Style%3d%22Class197%22+Merge%3d%22False%22+RowSpan%3d%22%22+ColSpan%3d%22%22+Format%3d%22General%22+Width%3d%2214.25%22+Text%3d%22%22+Height%3d%2215%22+Align%3d%22Left%22+CellHasFormula%3d%22False%22+FontName%3d%22Calibri%22+WrapText%3d%22False%22+FontSize%3d%2210%22+X%3d%2225%22+Y%3d%2231%22+%2f%3e%0d%0a++++++%3cTD+Style%3d%22Class200%22+Merge%3d%22False%22+RowSpan%3d%22%22+ColSpan%3d%22%22+Format%3d%22General%22+Width%3d%2224.75%22+Text%3d%22%22+Height%3d%2215%22+Align%3d%22Left%22+CellHasFormula%3d%22False%22+FontName%3d%22Calibri%22+WrapText%3d%22False%22+FontSize%3d%2210%22+X%3d%2226%22+Y%3d%2231%22+%2f%3e%0d%0a++++++%3cTD+Style%3d%22Class200%22+Merge%3d%22False%22+RowSpan%3d%22%22+ColSpan%3d%22%22+Format%3d%22General%22+Width%3d%2231.5%22+Text%3d%22%22+Height%3d%2215%22+Align%3d%22Left%22+CellHasFormula%3d%22False%22+FontName%3d%22Calibri%22+WrapText%3d%22False%22+FontSize%3d%2210%22+X%3d%2227%22+Y%3d%2231%22+%2f%3e%0d%0a++++++%3cTD+Style%3d%22Class200%22+Merge%3d%22False%22+RowSpan%3d%22%22+ColSpan%3d%22%22+Format%3d%22General%22+Width%3d%2224.75%22+Text%3d%22%22+Height%3d%2215%22+Align%3d%22Left%22+CellHasFormula%3d%22False%22+FontName%3d%22Calibri%22+WrapText%3d%22False%22+FontSize%3d%2210%22+X%3d%2228%22+Y%3d%2231%22+%2f%3e%0d%0a++++++%3cTD+Style%3d%22Class200%22+Merge%3d%22False%22+RowSpan%3d%22%22+ColSpan%3d%"}},{"$cut":{"chars":32761,"head":" rmat%3d%22General%22+Width%3d%2214.25%22+Text%3d%22%22+Height%3d%2215%22+Align%3d%22Left%22+CellHasFormula%3d%22False%22+FontName%3d%22Calibri%22+WrapText%3d%22False%22+FontSize%3d%2210%22+X%3d%2225%22+Y%3d%2235%22+%2f%3e%0d%0a++++++%3cTD+Style%3d%22Class200%22+Merge%3d%22False%22+RowSpan%3d%22%22+ColSpan%3d%22%22+Format%3d%22General%22+Width%3d%2224.75%22+Text%3d%22%22+Height%3d%2215%22+Align%3d%22Left%22+CellHasFormula%3d%22False%22+FontName%3d%22Calibri%22+WrapText%3d%22False%22+FontSize%3d%2210%22+X%3d%2226%22+Y%3d%2235%22%3e%0d%0a++++++++%3cChart%3e%0d%0a++++++++++%3cNameIndex%3e1%3c%2fNameIndex%3e%0d%0a++++++++++%3cZOrder%3e2%3c%2fZOrder%3e%0d%0a++++++++++%3cChartType%3exlPie%3c%2fChartType%3e%0d%0a++++++++++%3cChartHeight%3e171.639770507813%3c%2fChartHeight%3e%0d%0a++++++++++%3cChartWidth%3e284.899841308594%3c%2fChartWidth%3e%0d%0a++++++++++%3cPlotHeight%3e82.3044094488189%3c%2fPlotHeight%3e%0d%0a++++++++++%3cPlotWidth%3e82.3044094488189%3c%2fPlotWidth%3e%0d%0a++++++++++%3cPlotTop%3e42.2568503937008%3c%2fPlotTop%3e%0d%0a++++++++++%3cPlotLeft%3e95.7149606299213%3c%2fPlotLeft%3e%0d%0a++++++++++%3cPlotColor%3e-65537%3c%2fPlotColor%3e%0d%0a++++++++++%3cWallColor%3e-1%3c%2fWallColor%3e%0d%0a++++++++++%3cLegendBoxBackColor%3e-1%3c%2fLegendBoxBackColor%3e%0d%0a++++++++++%3cLegendBoxTop+%2f%3e%0d%0a++++++++++%3cLegendBoxLeft+%2f%3e%0d%0a++++++++++%3cXAxisLabelStep%3e1%3c%2fXAxisLabelStep%3e%0d%0a++++++++++%3cXAxisTitle+%2f%3e%0d%0a++++++++++%3cYAxisTitle+%2f%3e%0d%0a++++++++++%3cXAxisHasMajorGrid%3efalse%3c%2fXAxisHasMajorGrid%3e%0d%0a++++++++++%3cYAxisHasMajorGrid%3efalse%3c%2fYAxisHasMajorGrid%3e%0d%0a++++++++++%3cXAxisHasMinorGrid%3efalse%3c%2fXAxisHasMinorGrid%3e%0d%0a++++++++++%3cYAxisHasMinorGrid%3efalse%3c%2fYAxisHasMinorGrid%3e%0d%0a++++++++++%3cTop%3e0.00734456380206818%3c%2fTop%3e%0d%0a++++++++++%3cLeft%3e0%3c%2fLeft%3e%0d%0a++++++++++%3cTitle+%2f%3e%0d%0a++++++++++%3cFont+%2f%3e%0d%0a++++++++++%3cChartColor%3e-1%3c%2fChartColor%3e%0d%0a++++++++++%3cSeriesCollection%3e%0d%0a++++++++++++%3cSeries%3e%0d%0a++++++++++++++%3cNameIndex%3e0%3c%2fNameIndex%3e%0d%0a++++++++++++++%3cName%3eSeri+1%3c%2fName%3e%0d%0a++++++++++++++%3cColor%3e-11566659%3c%2fColor%3e%0d%0a++++++++++++++%3cBorderColor%3e-65537%3c%2fBorderColor%3e%0d%0a++++++++++++%3c%2fSeries%3e%0d%0a++++++++++%3c%2fSeriesCollection%3e%0d%0a++++++++++%3cLegendPosition+%2f%3e%0d%0a++++++++++%3cHasLegend%3efalse%3c%2fHasLegend%3e%0d%0a++++++++++%3cAbsoluteTop%3e537.110168457031%3c%2fAbsoluteTop%3e%0d%0a++++++++++%3cAbsoluteLeft%3e517.5%3c%2fAbsoluteLeft%3e%0d%0a++++++++%3c%2fChart%3e%0d%0a++++++%3c%2fTD%3e%0d%0a++++++%3cTD+Style%3d%22Class200%22+Merge%3d%22False%22+RowSpan%3d%22%22+ColSpan%3d%22%22+Format%3d%22General%22+Width%3d%2231.5%22+Text%3d%22%22+Height%3d%2215%22+Align%3d%22Left%22+CellHasFormula%3d%22False%22+FontName%3d%22Calibri%22+WrapText%3d%22False%22+FontSize%3d%2210%22+X%3d%2227%22+Y%3d%2235%22+%2f%3e%0d%0a++++++%3cTD+Style%3d%22Class200%22+Merge%3d%22False%22+RowSpan%3d%22%22+ColSpan%3d%22%22+Format%3d%22General%22+Width%3d%2224.75%22+Text%3d%22%22+Height%3d%2215%22+Align%3d%22Left%22+CellHasFormula%3d%22False%22+FontName%3d%22Calibri%22+WrapText%3d%22False%22+FontSize%3d%2210%22+X%3d%2228%22+Y%3d%2235%22+%2f%3e%0d%0a++++++%3cTD+Style%3d%22Class200%22+Merge%3d%22False%22+RowSpan%3d%22%22+ColSpan%3d%22%22+Format%3d%22General%22+Width%3d%2224.75%22+Text%3d%22%22+Height%3d%2215%22+Align%3d%22Left%22+CellHasFormula%3d%22False%22+FontName%3d%22Calibri%22+WrapText%3d%22False%22+FontSize%3d%2210%22+X%3d%2229%22+Y%3d%2235%22+%2f%3e%0d%0a++++++%3cTD+Style%3d%22Class200%22+Merge%3d%22False%22+RowSpan%3d%22%22+ColSpan%3d%22%22+Format%3d%22General%22+Width%3d%2224.75%22+Text%3d%22%22+Height%3d%2215%22+Align%3d%22Left%22+CellHasFormula%3d%22False%22+FontName%3d%22Calibri%22+WrapText%3d%22False%22+FontSize%3d%2210%22+X%3d%2230%22+Y%3d%2235%22+%2f%3e%0d%0a++++++%3cTD+Style%3d%22Class200%22+Merge%3d%22False%22+RowSpan%3d%22%22+ColSpan%3d%22%22+Format%3d%22General%22+Width%3d%2224.75%22+Text%3d%22%22+Height%3d%2215%22+Align%3d%22Left%22+CellHasFormula%3d%22False"}},{"$cut":{"chars":32761,"head":" 3cTD+Style%3d%22Class204%22+Merge%3d%22True%22+RowSpan%3d%22%22+ColSpan%3d%223%22+Format%3d%22%23%2c%23%230.00%22+Width%3d%2267.5%22+Text%3d%22%22+Height%3d%2215%22+Align%3d%22Center%22+CellHasFormula%3d%22True%22+FontName%3d%22Arial%22+WrapText%3d%22False%22+FontSize%3d%229%22+X%3d%225%22+Y%3d%2239%22+%2f%3e%0d%0a++++++%3cTD+Style%3d%22Class204%22+Merge%3d%22True%22+RowSpan%3d%22%22+ColSpan%3d%223%22+Format%3d%22%23%2c%23%230.00%22+Width%3d%2263.75%22+Text%3d%22%22+Height%3d%2215%22+Align%3d%22Center%22+CellHasFormula%3d%22True%22+FontName%3d%22Arial%22+WrapText%3d%22False%22+FontSize%3d%229%22+X%3d%228%22+Y%3d%2239%22+%2f%3e%0d%0a++++++%3cTD+Style%3d%22Class205%22+Merge%3d%22True%22+RowSpan%3d%22%22+ColSpan%3d%223%22+Format%3d%22%23%2c%23%230.00%22+Width%3d%2263.75%22+Text%3d%22%22+Height%3d%2215%22+Align%3d%22Center%22+CellHasFormula%3d%22True%22+FontName%3d%22Arial%22+WrapText%3d%22False%22+FontSize%3d%229%22+X%3d%2211%22+Y%3d%2239%22+%2f%3e%0d%0a++++++%3cTD+Style%3d%22Class206%22+Merge%3d%22True%22+RowSpan%3d%22%22+ColSpan%3d%223%22+Format%3d%22%23%2c%23%230.00%22+Width%3d%2263.75%22+Text%3d%22%22+Height%3d%2215%22+Align%3d%22Center%22+CellHasFormula%3d%22True%22+FontName%3d%22Arial%22+WrapText%3d%22False%22+FontSize%3d%229%22+X%3d%2214%22+Y%3d%2239%22+%2f%3e%0d%0a++++++%3cTD+Style%3d%22Class207%22+Merge%3d%22True%22+RowSpan%3d%22%22+ColSpan%3d%223%22+Format%3d%22%23%2c%23%230.00%22+Width%3d%2263.75%22+Text%3d%22%22+Height%3d%2215%22+Align%3d%22Center%22+CellHasFormula%3d%22True%22+FontName%3d%22Arial%22+WrapText%3d%22False%22+FontSize%3d%229%22+X%3d%2217%22+Y%3d%2239%22+%2f%3e%0d%0a++++++%3cTD+Style%3d%22Class203%22+Merge%3d%22True%22+RowSpan%3d%22%22+ColSpan%3d%223%22+Format%3d%22%23%2c%23%230.00%22+Width%3d%2263.75%22+Text%3d%22%22+Height%3d%2215%22+Align%3d%22Center%22+CellHasFormula%3d%22True%22+FontName%3d%22Arial%22+WrapText%3d%22False%22+FontSize%3d%229%22+X%3d%2220%22+Y%3d%2239%22+%2f%3e%0d%0a++++++%3cTD+Style%3d%22Class195%22+Merge%3d%22False%22+RowSpan%3d%22%22+ColSpan%3d%22%22+Format%3d%22General%22+Width%3d%2214.25%22+Text%3d%22%22+Height%3d%2215%22+Align%3d%22Left%22+CellHasFormula%3d%22False%22+FontName%3d%22Calibri%22+WrapText%3d%22False%22+FontSize%3d%2210%22+X%3d%2223%22+Y%3d%2239%22+%2f%3e%0d%0a++++++%3cTD+Style%3d%22Class196%22+Merge%3d%22False%22+RowSpan%3d%22%22+ColSpan%3d%22%22+Format%3d%22General%22+Width%3d%2224.75%22+Text%3d%22%22+Height%3d%2215%22+Align%3d%22Left%22+CellHasFormula%3d%22False%22+FontName%3d%22Calibri%22+WrapText%3d%22False%22+FontSize%3d%2210%22+X%3d%2224%22+Y%3d%2239%22+%2f%3e%0d%0a++++++%3cTD+Style%3d%22Class197%22+Merge%3d%22False%22+RowSpan%3d%22%22+ColSpan%3d%22%22+Format%3d%22General%22+Width%3d%2214.25%22+Text%3d%22%22+Height%3d%2215%22+Align%3d%22Left%22+CellHasFormula%3d%22False%22+FontName%3d%22Calibri%22+WrapText%3d%22False%22+FontSize%3d%2210%22+X%3d%2225%22+Y%3d%2239%22+%2f%3e%0d%0a++++++%3cTD+Style%3d%22Class200%22+Merge%3d%22False%22+RowSpan%3d%22%22+ColSpan%3d%22%22+Format%3d%22General%22+Width%3d%2224.75%22+Text%3d%22%22+Height%3d%2215%22+Align%3d%22Left%22+CellHasFormula%3d%22False%22+FontName%3d%22Calibri%22+WrapText%3d%22False%22+FontSize%3d%2210%22+X%3d%2226%22+Y%3d%2239%22+%2f%3e%0d%0a++++++%3cTD+Style%3d%22Class200%22+Merge%3d%22False%22+RowSpan%3d%22%22+ColSpan%3d%22%22+Format%3d%22General%22+Width%3d%2231.5%22+Text%3d%22%22+Height%3d%2215%22+Align%3d%22Left%22+CellHasFormula%3d%22False%22+FontName%3d%22Calibri%22+WrapText%3d%22False%22+FontSize%3d%2210%22+X%3d%2227%22+Y%3d%2239%22+%2f%3e%0d%0a++++++%3cTD+Style%3d%22Class200%22+Merge%3d%22False%22+RowSpan%3d%22%22+ColSpan%3d%22%22+Format%3d%22General%22+Width%3d%2224.75%22+Text%3d%22%22+Height%3d%2215%22+Align%3d%22Left%22+CellHasFormula%3d%22False%22+FontName%3d%22Calibri%22+WrapText%3d%22False%22+FontSize%3d%2210%22+X%3d%2228%22+Y%3d%2239%22+%2f%3e%0d%0a++++++%3cTD+Style%3d%22Class200%22+Merge%3d%22False%22+RowSpan%3d%22%22+ColSpan%3d%22%22+Format%3d%22General%22+Width%3d%2224.75%22+Text%3d%22%22+Height%3d%2215%22+Align%3d%22Left%22+CellHasFormula%3d%22False%22+FontName%3d%22Calibri%22+WrapText%3d"}},{"$cut":{"chars":32761,"head":" %3d%22False%22+RowSpan%3d%22%22+ColSpan%3d%22%22+Format%3d%22General%22+Width%3d%2214.25%22+Text%3d%22%22+Height%3d%2215%22+Align%3d%22Left%22+CellHasFormula%3d%22False%22+FontName%3d%22Calibri%22+WrapText%3d%22False%22+FontSize%3d%2211%22+X%3d%222%22+Y%3d%2243%22+%2f%3e%0d%0a++++++%3cTD+Style%3d%22Class203%22+Merge%3d%22True%22+RowSpan%3d%22%22+ColSpan%3d%222%22+Format%3d%22General%22+Width%3d%2239%22+Text%3d%22%22+Height%3d%2215%22+Align%3d%22Center%22+CellHasFormula%3d%22True%22+FontName%3d%22Arial%22+WrapText%3d%22False%22+FontSize%3d%229%22+X%3d%223%22+Y%3d%2243%22+%2f%3e%0d%0a++++++%3cTD+Style%3d%22Class204%22+Merge%3d%22True%22+RowSpan%3d%22%22+ColSpan%3d%223%22+Format%3d%22%23%2c%23%230.00%22+Width%3d%2267.5%22+Text%3d%22%22+Height%3d%2215%22+Align%3d%22Center%22+CellHasFormula%3d%22True%22+FontName%3d%22Arial%22+WrapText%3d%22False%22+FontSize%3d%229%22+X%3d%225%22+Y%3d%2243%22+%2f%3e%0d%0a++++++%3cTD+Style%3d%22Class204%22+Merge%3d%22True%22+RowSpan%3d%22%22+ColSpan%3d%223%22+Format%3d%22%23%2c%23%230.00%22+Width%3d%2263.75%22+Text%3d%22%22+Height%3d%2215%22+Align%3d%22Center%22+CellHasFormula%3d%22True%22+FontName%3d%22Arial%22+WrapText%3d%22False%22+FontSize%3d%229%22+X%3d%228%22+Y%3d%2243%22+%2f%3e%0d%0a++++++%3cTD+Style%3d%22Class205%22+Merge%3d%22True%22+RowSpan%3d%22%22+ColSpan%3d%223%22+Format%3d%22%23%2c%23%230.00%22+Width%3d%2263.75%22+Text%3d%22%22+Height%3d%2215%22+Align%3d%22Center%22+CellHasFormula%3d%22True%22+FontName%3d%22Arial%22+WrapText%3d%22False%22+FontSize%3d%229%22+X%3d%2211%22+Y%3d%2243%22+%2f%3e%0d%0a++++++%3cTD+Style%3d%22Class206%22+Merge%3d%22True%22+RowSpan%3d%22%22+ColSpan%3d%223%22+Format%3d%22%23%2c%23%230.00%22+Width%3d%2263.75%22+Text%3d%22%22+Height%3d%2215%22+Align%3d%22Center%22+CellHasFormula%3d%22True%22+FontName%3d%22Arial%22+WrapText%3d%22False%22+FontSize%3d%229%22+X%3d%2214%22+Y%3d%2243%22+%2f%3e%0d%0a++++++%3cTD+Style%3d%22Class207%22+Merge%3d%22True%22+RowSpan%3d%22%22+ColSpan%3d%223%22+Format%3d%22%23%2c%23%230.00%22+Width%3d%2263.75%22+Text%3d%22%22+Height%3d%2215%22+Align%3d%22Center%22+CellHasFormula%3d%22True%22+FontName%3d%22Arial%22+WrapText%3d%22False%22+FontSize%3d%229%22+X%3d%2217%22+Y%3d%2243%22+%2f%3e%0d%0a++++++%3cTD+Style%3d%22Class203%22+Merge%3d%22True%22+RowSpan%3d%22%22+ColSpan%3d%223%22+Format%3d%22%23%2c%23%230.00%22+Width%3d%2263.75%22+Text%3d%22%22+Height%3d%2215%22+Align%3d%22Center%22+CellHasFormula%3d%22True%22+FontName%3d%22Arial%22+WrapText%3d%22False%22+FontSize%3d%229%22+X%3d%2220%22+Y%3d%2243%22+%2f%3e%0d%0a++++++%3cTD+Style%3d%22Class195%22+Merge%3d%22False%22+RowSpan%3d%22%22+ColSpan%3d%22%22+Format%3d%22General%22+Width%3d%2214.25%22+Text%3d%22%22+Height%3d%2215%22+Align%3d%22Left%22+CellHasFormula%3d%22False%22+FontName%3d%22Calibri%22+WrapText%3d%22False%22+FontSize%3d%2210%22+X%3d%2223%22+Y%3d%2243%22+%2f%3e%0d%0a++++++%3cTD+Style%3d%22Class196%22+Merge%3d%22False%22+RowSpan%3d%22%22+ColSpan%3d%22%22+Format%3d%22General%22+Width%3d%2224.75%22+Text%3d%22%22+Height%3d%2215%22+Align%3d%22Left%22+CellHasFormula%3d%22False%22+FontName%3d%22Calibri%22+WrapText%3d%22False%22+FontSize%3d%2210%22+X%3d%2224%22+Y%3d%2243%22+%2f%3e%0d%0a++++++%3cTD+Style%3d%22Class197%22+Merge%3d%22False%22+RowSpan%3d%22%22+ColSpan%3d%22%22+Format%3d%22General%22+Width%3d%2214.25%22+Text%3d%22%22+Height%3d%2215%22+Align%3d%22Left%22+CellHasFormula%3d%22False%22+FontName%3d%22Calibri%22+WrapText%3d%22False%22+FontSize%3d%2210%22+X%3d%2225%22+Y%3d%2243%22+%2f%3e%0d%0a++++++%3cTD+Style%3d%22Class200%22+Merge%3d%22False%22+RowSpan%3d%22%22+ColSpan%3d%22%22+Format%3d%22General%22+Width%3d%2224.75%22+Text%3d%22%22+Height%3d%2215%22+Align%3d%22Left%22+CellHasFormula%3d%22False%22+FontName%3d%22Calibri%22+WrapText%3d%22False%22+FontSize%3d%2210%22+X%3d%2226%22+Y%3d%2243%22+%2f%3e%0d%0a++++++%3cTD+Style%3d%22Class200%22+Merge%3d%22False%22+RowSpan%3d%22%22+ColSpan%3d%22%22+Format%3d%22General%22+Width%3d%2231.5%22+Text%3d%22%22+Height%3d%2215%22+Align%3d%22Left%22+CellHasFormula%3d%22False%22+FontName%3d%22Calibri%22+WrapText%3d%22False%22+FontSize%3d%2210%22+X%3d%222"}},{"$cut":{"chars":32761,"head":" %2224.75%22+Text%3d%22%22+Height%3d%2215%22+Align%3d%22Left%22+CellHasFormula%3d%22False%22+FontName%3d%22Calibri%22+WrapText%3d%22False%22+FontSize%3d%2210%22+X%3d%2239%22+Y%3d%2246%22+%2f%3e%0d%0a++++%3c%2fTR%3e%0d%0a++++%3cTR%3e%0d%0a++++++%3cTD+Style%3d%22Class202%22+Merge%3d%22False%22+RowSpan%3d%22%22+ColSpan%3d%22%22+Format%3d%22General%22+Width%3d%2224.75%22+Text%3d%2231%22+Height%3d%2215%22+Align%3d%22Left%22+CellHasFormula%3d%22False%22+FontName%3d%22Calibri%22+WrapText%3d%22False%22+FontSize%3d%2211%22+X%3d%221%22+Y%3d%2247%22+%2f%3e%0d%0a++++++%3cTD+Style%3d%22Class193%22+Merge%3d%22False%22+RowSpan%3d%22%22+ColSpan%3d%22%22+Format%3d%22General%22+Width%3d%2214.25%22+Text%3d%22%22+Height%3d%2215%22+Align%3d%22Left%22+CellHasFormula%3d%22False%22+FontName%3d%22Calibri%22+WrapText%3d%22False%22+FontSize%3d%2211%22+X%3d%222%22+Y%3d%2247%22+%2f%3e%0d%0a++++++%3cTD+Style%3d%22Class203%22+Merge%3d%22True%22+RowSpan%3d%22%22+ColSpan%3d%222%22+Format%3d%22General%22+Width%3d%2239%22+Text%3d%22%22+Height%3d%2215%22+Align%3d%22Center%22+CellHasFormula%3d%22True%22+FontName%3d%22Arial%22+WrapText%3d%22False%22+FontSize%3d%229%22+X%3d%223%22+Y%3d%2247%22+%2f%3e%0d%0a++++++%3cTD+Style%3d%22Class204%22+Merge%3d%22True%22+RowSpan%3d%22%22+ColSpan%3d%223%22+Format%3d%22%23%2c%23%230.00%22+Width%3d%2267.5%22+Text%3d%22%22+Height%3d%2215%22+Align%3d%22Center%22+CellHasFormula%3d%22True%22+FontName%3d%22Arial%22+WrapText%3d%22False%22+FontSize%3d%229%22+X%3d%225%22+Y%3d%2247%22+%2f%3e%0d%0a++++++%3cTD+Style%3d%22Class204%22+Merge%3d%22True%22+RowSpan%3d%22%22+ColSpan%3d%223%22+Format%3d%22%23%2c%23%230.00%22+Width%3d%2263.75%22+Text%3d%22%22+Height%3d%2215%22+Align%3d%22Center%22+CellHasFormula%3d%22True%22+FontName%3d%22Arial%22+WrapText%3d%22False%22+FontSize%3d%229%22+X%3d%228%22+Y%3d%2247%22+%2f%3e%0d%0a++++++%3cTD+Style%3d%22Class205%22+Merge%3d%22True%22+RowSpan%3d%22%22+ColSpan%3d%223%22+Format%3d%22%23%2c%23%230.00%22+Width%3d%2263.75%22+Text%3d%22%22+Height%3d%2215%22+Align%3d%22Center%22+CellHasFormula%3d%22True%22+FontName%3d%22Arial%22+WrapText%3d%22False%22+FontSize%3d%229%22+X%3d%2211%22+Y%3d%2247%22+%2f%3e%0d%0a++++++%3cTD+Style%3d%22Class206%22+Merge%3d%22True%22+RowSpan%3d%22%22+ColSpan%3d%223%22+Format%3d%22%23%2c%23%230.00%22+Width%3d%2263.75%22+Text%3d%22%22+Height%3d%2215%22+Align%3d%22Center%22+CellHasFormula%3d%22True%22+FontName%3d%22Arial%22+WrapText%3d%22False%22+FontSize%3d%229%22+X%3d%2214%22+Y%3d%2247%22+%2f%3e%0d%0a++++++%3cTD+Style%3d%22Class207%22+Merge%3d%22True%22+RowSpan%3d%22%22+ColSpan%3d%223%22+Format%3d%22%23%2c%23%230.00%22+Width%3d%2263.75%22+Text%3d%22%22+Height%3d%2215%22+Align%3d%22Center%22+CellHasFormula%3d%22True%22+FontName%3d%22Arial%22+WrapText%3d%22False%22+FontSize%3d%229%22+X%3d%2217%22+Y%3d%2247%22+%2f%3e%0d%0a++++++%3cTD+Style%3d%22Class203%22+Merge%3d%22True%22+RowSpan%3d%22%22+ColSpan%3d%223%22+Format%3d%22%23%2c%23%230.00%22+Width%3d%2263.75%22+Text%3d%22%22+Height%3d%2215%22+Align%3d%22Center%22+CellHasFormula%3d%22True%22+FontName%3d%22Arial%22+WrapText%3d%22False%22+FontSize%3d%229%22+X%3d%2220%22+Y%3d%2247%22+%2f%3e%0d%0a++++++%3cTD+Style%3d%22Class195%22+Merge%3d%22False%22+RowSpan%3d%22%22+ColSpan%3d%22%22+Format%3d%22General%22+Width%3d%2214.25%22+Text%3d%22%22+Height%3d%2215%22+Align%3d%22Left%22+CellHasFormula%3d%22False%22+FontName%3d%22Calibri%22+WrapText%3d%22False%22+FontSize%3d%2210%22+X%3d%2223%22+Y%3d%2247%22+%2f%3e%0d%0a++++++%3cTD+Style%3d%22Class196%22+Merge%3d%22False%22+RowSpan%3d%22%22+ColSpan%3d%22%22+Format%3d%22General%22+Width%3d%2224.75%22+Text%3d%22%22+Height%3d%2215%22+Align%3d%22Left%22+CellHasFormula%3d%22False%22+FontName%3d%22Calibri%22+WrapText%3d%22False%22+FontSize%3d%2210%22+X%3d%2224%22+Y%3d%2247%22+%2f%3e%0d%0a++++++%3cTD+Style%3d%22Class197%22+Merge%3d%22False%22+RowSpan%3d%22%22+ColSpan%3d%22%22+Format%3d%22General%22+Width%3d%2214.25%22+Text%3d%22%22+Height%3d%2215%22+Align%3d%22Left%22+CellHasFormula%3d%22False%22+FontName%3d%22Calibri%22+WrapText%3d%22False%22+FontSize%3d%2210%22+X%3d%2225%22+Y%3d%2247%22+%2f%3e%0d%0a++++++%3c"}},{"$cut":{"chars":32761,"head":" lass203%22+Merge%3d%22True%22+RowSpan%3d%22%22+ColSpan%3d%223%22+Format%3d%22%23%2c%23%230.00%22+Width%3d%2263.75%22+Text%3d%22%22+Height%3d%2215%22+Align%3d%22Center%22+CellHasFormula%3d%22True%22+FontName%3d%22Arial%22+WrapText%3d%22False%22+FontSize%3d%229%22+X%3d%2220%22+Y%3d%2251%22+%2f%3e%0d%0a++++++%3cTD+Style%3d%22Class195%22+Merge%3d%22False%22+RowSpan%3d%22%22+ColSpan%3d%22%22+Format%3d%22General%22+Width%3d%2214.25%22+Text%3d%22%22+Height%3d%2215%22+Align%3d%22Left%22+CellHasFormula%3d%22False%22+FontName%3d%22Calibri%22+WrapText%3d%22False%22+FontSize%3d%2210%22+X%3d%2223%22+Y%3d%2251%22+%2f%3e%0d%0a++++++%3cTD+Style%3d%22Class196%22+Merge%3d%22False%22+RowSpan%3d%22%22+ColSpan%3d%22%22+Format%3d%22General%22+Width%3d%2224.75%22+Text%3d%22%22+Height%3d%2215%22+Align%3d%22Left%22+CellHasFormula%3d%22False%22+FontName%3d%22Calibri%22+WrapText%3d%22False%22+FontSize%3d%2210%22+X%3d%2224%22+Y%3d%2251%22+%2f%3e%0d%0a++++++%3cTD+Style%3d%22Class197%22+Merge%3d%22False%22+RowSpan%3d%22%22+ColSpan%3d%22%22+Format%3d%22General%22+Width%3d%2214.25%22+Text%3d%22%22+Height%3d%2215%22+Align%3d%22Left%22+CellHasFormula%3d%22False%22+FontName%3d%22Calibri%22+WrapText%3d%22False%22+FontSize%3d%2210%22+X%3d%2225%22+Y%3d%2251%22+%2f%3e%0d%0a++++++%3cTD+Style%3d%22Class200%22+Merge%3d%22False%22+RowSpan%3d%22%22+ColSpan%3d%22%22+Format%3d%22General%22+Width%3d%2224.75%22+Text%3d%22%22+Height%3d%2215%22+Align%3d%22Left%22+CellHasFormula%3d%22False%22+FontName%3d%22Calibri%22+WrapText%3d%22False%22+FontSize%3d%2210%22+X%3d%2226%22+Y%3d%2251%22%3e%0d%0a++++++++%3cChart%3e%0d%0a++++++++++%3cNameIndex%3e2%3c%2fNameIndex%3e%0d%0a++++++++++%3cZOrder%3e3%3c%2fZOrder%3e%0d%0a++++++++++%3cChartType%3exlLine%3c%2fChartType%3e%0d%0a++++++++++%3cChartHeight%3e171.639770507813%3c%2fChartHeight%3e%0d%0a++++++++++%3cChartWidth%3e284.899841308594%3c%2fChartWidth%3e%0d%0a++++++++++%3cPlotHeight%3e168.919921259843%3c%2fPlotHeight%3e%0d%0a++++++++++%3cPlotWidth%3e281.77031496063%3c%2fPlotWidth%3e%0d%0a++++++++++%3cPlotTop%3e-1.28015748031496%3c%2fPlotTop%3e%0d%0a++++++++++%3cPlotLeft%3e-4%3c%2fPlotLeft%3e%0d%0a++++++++++%3cPlotColor%3e-1%3c%2fPlotColor%3e%0d%0a++++++++++%3cWallColor%3e-1%3c%2fWallColor%3e%0d%0a++++++++++%3cLegendBoxBackColor%3e-1%3c%2fLegendBoxBackColor%3e%0d%0a++++++++++%3cLegendBoxTop+%2f%3e%0d%0a++++++++++%3cLegendBoxLeft+%2f%3e%0d%0a++++++++++%3cXAxisLabelStep%3e1%3c%2fXAxisLabelStep%3e%0d%0a++++++++++%3cXAxisTitle+%2f%3e%0d%0a++++++++++%3cYAxisTitle+%2f%3e%0d%0a++++++++++%3cXAxisHasMajorGrid%3efalse%3c%2fXAxisHasMajorGrid%3e%0d%0a++++++++++%3cYAxisHasMajorGrid%3efalse%3c%2fYAxisHasMajorGrid%3e%0d%0a++++++++++%3cXAxisHasMinorGrid%3efalse%3c%2fXAxisHasMinorGrid%3e%0d%0a++++++++++%3cYAxisHasMinorGrid%3efalse%3c%2fYAxisHasMinorGrid%3e%0d%0a++++++++++%3cTop%3e0.207340494791667%3c%2fTop%3e%0d%0a++++++++++%3cLeft%3e0%3c%2fLeft%3e%0d%0a++++++++++%3cTitle+%2f%3e%0d%0a++++++++++%3cFont+%2f%3e%0d%0a++++++++++%3cChartColor%3e-1%3c%2fChartColor%3e%0d%0a++++++++++%3cSeriesCollection%3e%0d%0a++++++++++++%3cSeries%3e%0d%0a++++++++++++++%3cNameIndex%3e0%3c%2fNameIndex%3e%0d%0a++++++++++++++%3cName%3eSeri+1%3c%2fName%3e%0d%0a++++++++++++++%3cColor%3e-1%3c%2fColor%3e%0d%0a++++++++++++++%3cBorderColor%3e-11895109%3c%2fBorderColor%3e%0d%0a++++++++++++%3c%2fSeries%3e%0d%0a++++++++++%3c%2fSeriesCollection%3e%0d%0a++++++++++%3cLegendPosition+%2f%3e%0d%0a++++++++++%3cHasLegend%3efalse%3c%2fHasLegend%3e%0d%0a++++++++++%3cAbsoluteTop%3e780.860107421875%3c%2fAbsoluteTop%3e%0d%0a++++++++++%3cAbsoluteLeft%3e517.5%3c%2fAbsoluteLeft%3e%0d%0a++++++++%3c%2fChart%3e%0d%0a++++++%3c%2fTD%3e%0d%0a++++++%3cTD+Style%3d%22Class200%22+Merge%3d%22False%22+RowSpan%3d%22%22+ColSpan%3d%22%22+Format%3d%22General%22+Width%3d%2231.5%22+Text%3d%22%22+Height%3d%2215%22+Align%3d%22Left%22+CellHasFormula%3d%22False%22+FontName%3d%22Calibri%22+WrapText%3d%22False%22+FontSize%3d%2210%22+X%3d%2227%22+Y%3d%2251%22+%2f%3e%0d%0a++++++%3cTD+Style%3d%22Class200%22+Merge%3d%22False%22+RowSpan%3d%22%22+ColSpan%3d%22%22+Format%3d%22General%22+Width%3d%2224.75%22+Text%3d%22%22+Height%3d%2"}},{"$cut":{"chars":32761,"head":" 2f%3e%0d%0a++++%3c%2fTR%3e%0d%0a++++%3cTR%3e%0d%0a++++++%3cTD+Style%3d%22Class202%22+Merge%3d%22False%22+RowSpan%3d%22%22+ColSpan%3d%22%22+Format%3d%22General%22+Width%3d%2224.75%22+Text%3d%2239%22+Height%3d%2215%22+Align%3d%22Left%22+CellHasFormula%3d%22False%22+FontName%3d%22Calibri%22+WrapText%3d%22False%22+FontSize%3d%2211%22+X%3d%221%22+Y%3d%2255%22+%2f%3e%0d%0a++++++%3cTD+Style%3d%22Class193%22+Merge%3d%22False%22+RowSpan%3d%22%22+ColSpan%3d%22%22+Format%3d%22General%22+Width%3d%2214.25%22+Text%3d%22%22+Height%3d%2215%22+Align%3d%22Left%22+CellHasFormula%3d%22False%22+FontName%3d%22Calibri%22+WrapText%3d%22False%22+FontSize%3d%2211%22+X%3d%222%22+Y%3d%2255%22+%2f%3e%0d%0a++++++%3cTD+Style%3d%22Class203%22+Merge%3d%22True%22+RowSpan%3d%22%22+ColSpan%3d%222%22+Format%3d%22General%22+Width%3d%2239%22+Text%3d%22%22+Height%3d%2215%22+Align%3d%22Center%22+CellHasFormula%3d%22True%22+FontName%3d%22Arial%22+WrapText%3d%22False%22+FontSize%3d%229%22+X%3d%223%22+Y%3d%2255%22+%2f%3e%0d%0a++++++%3cTD+Style%3d%22Class204%22+Merge%3d%22True%22+RowSpan%3d%22%22+ColSpan%3d%223%22+Format%3d%22%23%2c%23%230.00%22+Width%3d%2267.5%22+Text%3d%22%22+Height%3d%2215%22+Align%3d%22Center%22+CellHasFormula%3d%22True%22+FontName%3d%22Arial%22+WrapText%3d%22False%22+FontSize%3d%229%22+X%3d%225%22+Y%3d%2255%22+%2f%3e%0d%0a++++++%3cTD+Style%3d%22Class204%22+Merge%3d%22True%22+RowSpan%3d%22%22+ColSpan%3d%223%22+Format%3d%22%23%2c%23%230.00%22+Width%3d%2263.75%22+Text%3d%22%22+Height%3d%2215%22+Align%3d%22Center%22+CellHasFormula%3d%22True%22+FontName%3d%22Arial%22+WrapText%3d%22False%22+FontSize%3d%229%22+X%3d%228%22+Y%3d%2255%22+%2f%3e%0d%0a++++++%3cTD+Style%3d%22Class205%22+Merge%3d%22True%22+RowSpan%3d%22%22+ColSpan%3d%223%22+Format%3d%22%23%2c%23%230.00%22+Width%3d%2263.75%22+Text%3d%22%22+Height%3d%2215%22+Align%3d%22Center%22+CellHasFormula%3d%22True%22+FontName%3d%22Arial%22+WrapText%3d%22False%22+FontSize%3d%229%22+X%3d%2211%22+Y%3d%2255%22+%2f%3e%0d%0a++++++%3cTD+Style%3d%22Class206%22+Merge%3d%22True%22+RowSpan%3d%22%22+ColSpan%3d%223%22+Format%3d%22%23%2c%23%230.00%22+Width%3d%2263.75%22+Text%3d%22%22+Height%3d%2215%22+Align%3d%22Center%22+CellHasFormula%3d%22True%22+FontName%3d%22Arial%22+WrapText%3d%22False%22+FontSize%3d%229%22+X%3d%2214%22+Y%3d%2255%22+%2f%3e%0d%0a++++++%3cTD+Style%3d%22Class207%22+Merge%3d%22True%22+RowSpan%3d%22%22+ColSpan%3d%223%22+Format%3d%22%23%2c%23%230.00%22+Width%3d%2263.75%22+Text%3d%22%22+Height%3d%2215%22+Align%3d%22Center%22+CellHasFormula%3d%22True%22+FontName%3d%22Arial%22+WrapText%3d%22False%22+FontSize%3d%229%22+X%3d%2217%22+Y%3d%2255%22+%2f%3e%0d%0a++++++%3cTD+Style%3d%22Class203%22+Merge%3d%22True%22+RowSpan%3d%22%22+ColSpan%3d%223%22+Format%3d%22%23%2c%23%230.00%22+Width%3d%2263.75%22+Text%3d%22%22+Height%3d%2215%22+Align%3d%22Center%22+CellHasFormula%3d%22True%22+FontName%3d%22Arial%22+WrapText%3d%22False%22+FontSize%3d%229%22+X%3d%2220%22+Y%3d%2255%22+%2f%3e%0d%0a++++++%3cTD+Style%3d%22Class195%22+Merge%3d%22False%22+RowSpan%3d%22%22+ColSpan%3d%22%22+Format%3d%22General%22+Width%3d%2214.25%22+Text%3d%22%22+Height%3d%2215%22+Align%3d%22Left%22+CellHasFormula%3d%22False%22+FontName%3d%22Calibri%22+WrapText%3d%22False%22+FontSize%3d%2210%22+X%3d%2223%22+Y%3d%2255%22+%2f%3e%0d%0a++++++%3cTD+Style%3d%22Class196%22+Merge%3d%22False%22+RowSpan%3d%22%22+ColSpan%3d%22%22+Format%3d%22General%22+Width%3d%2224.75%22+Text%3d%22%22+Height%3d%2215%22+Align%3d%22Left%22+CellHasFormula%3d%22False%22+FontName%3d%22Calibri%22+WrapText%3d%22False%22+FontSize%3d%2210%22+X%3d%2224%22+Y%3d%2255%22+%2f%3e%0d%0a++++++%3cTD+Style%3d%22Class197%22+Merge%3d%22False%22+RowSpan%3d%22%22+ColSpan%3d%22%22+Format%3d%22General%22+Width%3d%2214.25%22+Text%3d%22%22+Height%3d%2215%22+Align%3d%22Left%22+CellHasFormula%3d%22False%22+FontName%3d%22Calibri%22+WrapText%3d%22False%22+FontSize%3d%2210%22+X%3d%2225%22+Y%3d%2255%22+%2f%3e%0d%0a++++++%3cTD+Style%3d%22Class200%22+Merge%3d%22False%22+RowSpan%3d%22%22+ColSpan%3d%22%22+Format%3d%22General%22+Width%3d%2224.75%22+Text%3d%22%22+Height%3d%2215%22+Align%3d%22Left%22+CellHasFormul"}},{"$cut":{"chars":32761,"head":" 13%22+Merge%3d%22False%22+RowSpan%3d%22%22+ColSpan%3d%22%22+Format%3d%22General%22+Width%3d%2214.25%22+Text%3d%22%22+Height%3d%2215%22+Align%3d%22Left%22+CellHasFormula%3d%22False%22+FontName%3d%22Calibri%22+WrapText%3d%22False%22+FontSize%3d%2210%22+X%3d%2238%22+Y%3d%2258%22+%2f%3e%0d%0a++++++%3cTD+Style%3d%22Class143%22+Merge%3d%22False%22+RowSpan%3d%22%22+ColSpan%3d%22%22+Format%3d%22General%22+Width%3d%2224.75%22+Text%3d%22%22+Height%3d%2215%22+Align%3d%22Left%22+CellHasFormula%3d%22False%22+FontName%3d%22Calibri%22+WrapText%3d%22False%22+FontSize%3d%2210%22+X%3d%2239%22+Y%3d%2258%22+%2f%3e%0d%0a++++%3c%2fTR%3e%0d%0a++++%3cTR%3e%0d%0a++++++%3cTD+Style%3d%22Class202%22+Merge%3d%22False%22+RowSpan%3d%22%22+ColSpan%3d%22%22+Format%3d%22General%22+Width%3d%2224.75%22+Text%3d%2243%22+Height%3d%2215%22+Align%3d%22Left%22+CellHasFormula%3d%22False%22+FontName%3d%22Calibri%22+WrapText%3d%22False%22+FontSize%3d%2211%22+X%3d%221%22+Y%3d%2259%22+%2f%3e%0d%0a++++++%3cTD+Style%3d%22Class193%22+Merge%3d%22False%22+RowSpan%3d%22%22+ColSpan%3d%22%22+Format%3d%22General%22+Width%3d%2214.25%22+Text%3d%22%22+Height%3d%2215%22+Align%3d%22Left%22+CellHasFormula%3d%22False%22+FontName%3d%22Calibri%22+WrapText%3d%22False%22+FontSize%3d%2211%22+X%3d%222%22+Y%3d%2259%22+%2f%3e%0d%0a++++++%3cTD+Style%3d%22Class203%22+Merge%3d%22True%22+RowSpan%3d%22%22+ColSpan%3d%222%22+Format%3d%22General%22+Width%3d%2239%22+Text%3d%22%22+Height%3d%2215%22+Align%3d%22Center%22+CellHasFormula%3d%22True%22+FontName%3d%22Arial%22+WrapText%3d%22False%22+FontSize%3d%229%22+X%3d%223%22+Y%3d%2259%22+%2f%3e%0d%0a++++++%3cTD+Style%3d%22Class204%22+Merge%3d%22True%22+RowSpan%3d%22%22+ColSpan%3d%223%22+Format%3d%22%23%2c%23%230.00%22+Width%3d%2267.5%22+Text%3d%22%22+Height%3d%2215%22+Align%3d%22Center%22+CellHasFormula%3d%22True%22+FontName%3d%22Arial%22+WrapText%3d%22False%22+FontSize%3d%229%22+X%3d%225%22+Y%3d%2259%22+%2f%3e%0d%0a++++++%3cTD+Style%3d%22Class204%22+Merge%3d%22True%22+RowSpan%3d%22%22+ColSpan%3d%223%22+Format%3d%22%23%2c%23%230.00%22+Width%3d%2263.75%22+Text%3d%22%22+Height%3d%2215%22+Align%3d%22Center%22+CellHasFormula%3d%22True%22+FontName%3d%22Arial%22+WrapText%3d%22False%22+FontSize%3d%229%22+X%3d%228%22+Y%3d%2259%22+%2f%3e%0d%0a++++++%3cTD+Style%3d%22Class205%22+Merge%3d%22True%22+RowSpan%3d%22%22+ColSpan%3d%223%22+Format%3d%22%23%2c%23%230.00%22+Width%3d%2263.75%22+Text%3d%22%22+Height%3d%2215%22+Align%3d%22Center%22+CellHasFormula%3d%22True%22+FontName%3d%22Arial%22+WrapText%3d%22False%22+FontSize%3d%229%22+X%3d%2211%22+Y%3d%2259%22+%2f%3e%0d%0a++++++%3cTD+Style%3d%22Class206%22+Merge%3d%22True%22+RowSpan%3d%22%22+ColSpan%3d%223%22+Format%3d%22%23%2c%23%230.00%22+Width%3d%2263.75%22+Text%3d%22%22+Height%3d%2215%22+Align%3d%22Center%22+CellHasFormula%3d%22True%22+FontName%3d%22Arial%22+WrapText%3d%22False%22+FontSize%3d%229%22+X%3d%2214%22+Y%3d%2259%22+%2f%3e%0d%0a++++++%3cTD+Style%3d%22Class207%22+Merge%3d%22True%22+RowSpan%3d%22%22+ColSpan%3d%223%22+Format%3d%22%23%2c%23%230.00%22+Width%3d%2263.75%22+Text%3d%22%22+Height%3d%2215%22+Align%3d%22Center%22+CellHasFormula%3d%22True%22+FontName%3d%22Arial%22+WrapText%3d%22False%22+FontSize%3d%229%22+X%3d%2217%22+Y%3d%2259%22+%2f%3e%0d%0a++++++%3cTD+Style%3d%22Class203%22+Merge%3d%22True%22+RowSpan%3d%22%22+ColSpan%3d%223%22+Format%3d%22%23%2c%23%230.00%22+Width%3d%2263.75%22+Text%3d%22%22+Height%3d%2215%22+Align%3d%22Center%22+CellHasFormula%3d%22True%22+FontName%3d%22Arial%22+WrapText%3d%22False%22+FontSize%3d%229%22+X%3d%2220%22+Y%3d%2259%22+%2f%3e%0d%0a++++++%3cTD+Style%3d%22Class195%22+Merge%3d%22False%22+RowSpan%3d%22%22+ColSpan%3d%22%22+Format%3d%22General%22+Width%3d%2214.25%22+Text%3d%22%22+Height%3d%2215%22+Align%3d%22Left%22+CellHasFormula%3d%22False%22+FontName%3d%22Calibri%22+WrapText%3d%22False%22+FontSize%3d%2210%22+X%3d%2223%22+Y%3d%2259%22+%2f%3e%0d%0a++++++%3cTD+Style%3d%22Class196%22+Merge%3d%22False%22+RowSpan%3d%22%22+ColSpan%3d%22%22+Format%3d%22General%22+Width%3d%2224.75%22+Text%3d%22%22+Height%3d%2215%22+Align%3d%22Left%22+CellHasFormula%3d%22False%22+FontName%3d%22Calibri%22"}},{"$cut":{"chars":32761,"head":" 22+ColSpan%3d%22%22+Format%3d%22General%22+Width%3d%2224.75%22+Text%3d%22%22+Height%3d%2215%22+Align%3d%22Left%22+CellHasFormula%3d%22False%22+FontName%3d%22Calibri%22+WrapText%3d%22False%22+FontSize%3d%2210%22+X%3d%2236%22+Y%3d%2262%22+%2f%3e%0d%0a++++++%3cTD+Style%3d%22Class200%22+Merge%3d%22False%22+RowSpan%3d%22%22+ColSpan%3d%22%22+Format%3d%22General%22+Width%3d%2224.75%22+Text%3d%22%22+Height%3d%2215%22+Align%3d%22Left%22+CellHasFormula%3d%22False%22+FontName%3d%22Calibri%22+WrapText%3d%22False%22+FontSize%3d%2210%22+X%3d%2237%22+Y%3d%2262%22+%2f%3e%0d%0a++++++%3cTD+Style%3d%22Class213%22+Merge%3d%22False%22+RowSpan%3d%22%22+ColSpan%3d%22%22+Format%3d%22General%22+Width%3d%2214.25%22+Text%3d%22%22+Height%3d%2215%22+Align%3d%22Left%22+CellHasFormula%3d%22False%22+FontName%3d%22Calibri%22+WrapText%3d%22False%22+FontSize%3d%2210%22+X%3d%2238%22+Y%3d%2262%22+%2f%3e%0d%0a++++++%3cTD+Style%3d%22Class143%22+Merge%3d%22False%22+RowSpan%3d%22%22+ColSpan%3d%22%22+Format%3d%22General%22+Width%3d%2224.75%22+Text%3d%22%22+Height%3d%2215%22+Align%3d%22Left%22+CellHasFormula%3d%22False%22+FontName%3d%22Calibri%22+WrapText%3d%22False%22+FontSize%3d%2210%22+X%3d%2239%22+Y%3d%2262%22+%2f%3e%0d%0a++++%3c%2fTR%3e%0d%0a++++%3cTR%3e%0d%0a++++++%3cTD+Style%3d%22Class202%22+Merge%3d%22False%22+RowSpan%3d%22%22+ColSpan%3d%22%22+Format%3d%22General%22+Width%3d%2224.75%22+Text%3d%2247%22+Height%3d%2215%22+Align%3d%22Left%22+CellHasFormula%3d%22False%22+FontName%3d%22Calibri%22+WrapText%3d%22False%22+FontSize%3d%2211%22+X%3d%221%22+Y%3d%2263%22+%2f%3e%0d%0a++++++%3cTD+Style%3d%22Class193%22+Merge%3d%22False%22+RowSpan%3d%22%22+ColSpan%3d%22%22+Format%3d%22General%22+Width%3d%2214.25%22+Text%3d%22%22+Height%3d%2215%22+Align%3d%22Left%22+CellHasFormula%3d%22False%22+FontName%3d%22Calibri%22+WrapText%3d%22False%22+FontSize%3d%2211%22+X%3d%222%22+Y%3d%2263%22+%2f%3e%0d%0a++++++%3cTD+Style%3d%22Class203%22+Merge%3d%22True%22+RowSpan%3d%22%22+ColSpan%3d%222%22+Format%3d%22General%22+Width%3d%2239%22+Text%3d%22%22+Height%3d%2215%22+Align%3d%22Center%22+CellHasFormula%3d%22True%22+FontName%3d%22Arial%22+WrapText%3d%22False%22+FontSize%3d%229%22+X%3d%223%22+Y%3d%2263%22+%2f%3e%0d%0a++++++%3cTD+Style%3d%22Class204%22+Merge%3d%22True%22+RowSpan%3d%22%22+ColSpan%3d%223%22+Format%3d%22%23%2c%23%230.00%22+Width%3d%2267.5%22+Text%3d%22%22+Height%3d%2215%22+Align%3d%22Center%22+CellHasFormula%3d%22True%22+FontName%3d%22Arial%22+WrapText%3d%22False%22+FontSize%3d%229%22+X%3d%225%22+Y%3d%2263%22+%2f%3e%0d%0a++++++%3cTD+Style%3d%22Class204%22+Merge%3d%22True%22+RowSpan%3d%22%22+ColSpan%3d%223%22+Format%3d%22%23%2c%23%230.00%22+Width%3d%2263.75%22+Text%3d%22%22+Height%3d%2215%22+Align%3d%22Center%22+CellHasFormula%3d%22True%22+FontName%3d%22Arial%22+WrapText%3d%22False%22+FontSize%3d%229%22+X%3d%228%22+Y%3d%2263%22+%2f%3e%0d%0a++++++%3cTD+Style%3d%22Class205%22+Merge%3d%22True%22+RowSpan%3d%22%22+ColSpan%3d%223%22+Format%3d%22%23%2c%23%230.00%22+Width%3d%2263.75%22+Text%3d%22%22+Height%3d%2215%22+Align%3d%22Center%22+CellHasFormula%3d%22True%22+FontName%3d%22Arial%22+WrapText%3d%22False%22+FontSize%3d%229%22+X%3d%2211%22+Y%3d%2263%22+%2f%3e%0d%0a++++++%3cTD+Style%3d%22Class206%22+Merge%3d%22True%22+RowSpan%3d%22%22+ColSpan%3d%223%22+Format%3d%22%23%2c%23%230.00%22+Width%3d%2263.75%22+Text%3d%22%22+Height%3d%2215%22+Align%3d%22Center%22+CellHasFormula%3d%22True%22+FontName%3d%22Arial%22+WrapText%3d%22False%22+FontSize%3d%229%22+X%3d%2214%22+Y%3d%2263%22+%2f%3e%0d%0a++++++%3cTD+Style%3d%22Class207%22+Merge%3d%22True%22+RowSpan%3d%22%22+ColSpan%3d%223%22+Format%3d%22%23%2c%23%230.00%22+Width%3d%2263.75%22+Text%3d%22%22+Height%3d%2215%22+Align%3d%22Center%22+CellHasFormula%3d%22True%22+FontName%3d%22Arial%22+WrapText%3d%22False%22+FontSize%3d%229%22+X%3d%2217%22+Y%3d%2263%22+%2f%3e%0d%0a++++++%3cTD+Style%3d%22Class203%22+Merge%3d%22True%22+RowSpan%3d%22%22+ColSpan%3d%223%22+Format%3d%22%23%2c%23%230.00%22+Width%3d%2263.75%22+Text%3d%22%22+Height%3d%2215%22+Align%3d%22Center%22+CellHasFormula%3d%22True%22+FontName%3d%22Arial%22+WrapText%3d%22False%22+FontSize%3d%229"}},{"$cut":{"chars":32761,"head":" %22+Y%3d%2266%22+%2f%3e%0d%0a++++++%3cTD+Style%3d%22Class218%22+Merge%3d%22False%22+RowSpan%3d%22%22+ColSpan%3d%22%22+Format%3d%22General%22+Width%3d%2224.75%22+Text%3d%22%22+Height%3d%2215.75%22+Align%3d%22Left%22+CellHasFormula%3d%22False%22+FontName%3d%22Calibri%22+WrapText%3d%22False%22+FontSize%3d%2210%22+X%3d%2234%22+Y%3d%2266%22+%2f%3e%0d%0a++++++%3cTD+Style%3d%22Class218%22+Merge%3d%22False%22+RowSpan%3d%22%22+ColSpan%3d%22%22+Format%3d%22General%22+Width%3d%2224.75%22+Text%3d%22%22+Height%3d%2215.75%22+Align%3d%22Left%22+CellHasFormula%3d%22False%22+FontName%3d%22Calibri%22+WrapText%3d%22False%22+FontSize%3d%2210%22+X%3d%2235%22+Y%3d%2266%22+%2f%3e%0d%0a++++++%3cTD+Style%3d%22Class218%22+Merge%3d%22False%22+RowSpan%3d%22%22+ColSpan%3d%22%22+Format%3d%22General%22+Width%3d%2224.75%22+Text%3d%22%22+Height%3d%2215.75%22+Align%3d%22Left%22+CellHasFormula%3d%22False%22+FontName%3d%22Calibri%22+WrapText%3d%22False%22+FontSize%3d%2210%22+X%3d%2236%22+Y%3d%2266%22+%2f%3e%0d%0a++++++%3cTD+Style%3d%22Class218%22+Merge%3d%22False%22+RowSpan%3d%22%22+ColSpan%3d%22%22+Format%3d%22General%22+Width%3d%2224.75%22+Text%3d%22%22+Height%3d%2215.75%22+Align%3d%22Left%22+CellHasFormula%3d%22False%22+FontName%3d%22Calibri%22+WrapText%3d%22False%22+FontSize%3d%2210%22+X%3d%2237%22+Y%3d%2266%22+%2f%3e%0d%0a++++++%3cTD+Style%3d%22Class218%22+Merge%3d%22False%22+RowSpan%3d%22%22+ColSpan%3d%22%22+Format%3d%22General%22+Width%3d%2214.25%22+Text%3d%22%22+Height%3d%2215.75%22+Align%3d%22Left%22+CellHasFormula%3d%22False%22+FontName%3d%22Calibri%22+WrapText%3d%22False%22+FontSize%3d%2210%22+X%3d%2238%22+Y%3d%2266%22+%2f%3e%0d%0a++++++%3cTD+Style%3d%22Class114%22+Merge%3d%22False%22+RowSpan%3d%22%22+ColSpan%3d%22%22+Format%3d%22General%22+Width%3d%2224.75%22+Text%3d%22%22+Height%3d%2215.75%22+Align%3d%22Left%22+CellHasFormula%3d%22False%22+FontName%3d%22Calibri%22+WrapText%3d%22False%22+FontSize%3d%2210%22+X%3d%2239%22+Y%3d%2266%22+%2f%3e%0d%0a++++%3c%2fTR%3e%0d%0a++++%3cTR%3e%0d%0a++++++%3cTD+Style%3d%22Class202%22+Merge%3d%22False%22+RowSpan%3d%22%22+ColSpan%3d%22%22+Format%3d%22General%22+Width%3d%2224.75%22+Text%3d%2251%22+Height%3d%2215%22+Align%3d%22Left%22+CellHasFormula%3d%22False%22+FontName%3d%22Calibri%22+WrapText%3d%22False%22+FontSize%3d%2211%22+X%3d%221%22+Y%3d%2267%22+%2f%3e%0d%0a++++++%3cTD+Style%3d%22Class193%22+Merge%3d%22False%22+RowSpan%3d%22%22+ColSpan%3d%22%22+Format%3d%22General%22+Width%3d%2214.25%22+Text%3d%22%22+Height%3d%2215%22+Align%3d%22Left%22+CellHasFormula%3d%22False%22+FontName%3d%22Calibri%22+WrapText%3d%22False%22+FontSize%3d%2211%22+X%3d%222%22+Y%3d%2267%22+%2f%3e%0d%0a++++++%3cTD+Style%3d%22Class203%22+Merge%3d%22True%22+RowSpan%3d%22%22+ColSpan%3d%222%22+Format%3d%22General%22+Width%3d%2239%22+Text%3d%22%22+Height%3d%2215%22+Align%3d%22Center%22+CellHasFormula%3d%22True%22+FontName%3d%22Arial%22+WrapText%3d%22False%22+FontSize%3d%229%22+X%3d%223%22+Y%3d%2267%22+%2f%3e%0d%0a++++++%3cTD+Style%3d%22Class204%22+Merge%3d%22True%22+RowSpan%3d%22%22+ColSpan%3d%223%22+Format%3d%22%23%2c%23%230.00%22+Width%3d%2267.5%22+Text%3d%22%22+Height%3d%2215%22+Align%3d%22Center%22+CellHasFormula%3d%22True%22+FontName%3d%22Arial%22+WrapText%3d%22False%22+FontSize%3d%229%22+X%3d%225%22+Y%3d%2267%22+%2f%3e%0d%0a++++++%3cTD+Style%3d%22Class204%22+Merge%3d%22True%22+RowSpan%3d%22%22+ColSpan%3d%223%22+Format%3d%22%23%2c%23%230.00%22+Width%3d%2263.75%22+Text%3d%22%22+Height%3d%2215%22+Align%3d%22Center%22+CellHasFormula%3d%22True%22+FontName%3d%22Arial%22+WrapText%3d%22False%22+FontSize%3d%229%22+X%3d%228%22+Y%3d%2267%22+%2f%3e%0d%0a++++++%3cTD+Style%3d%22Class205%22+Merge%3d%22True%22+RowSpan%3d%22%22+ColSpan%3d%223%22+Format%3d%22%23%2c%23%230.00%22+Width%3d%2263.75%22+Text%3d%22%22+Height%3d%2215%22+Align%3d%22Center%22+CellHasFormula%3d%22True%22+FontName%3d%22Arial%22+WrapText%3d%22False%22+FontSize%3d%229%22+X%3d%2211%22+Y%3d%2267%22+%2f%3e%0d%0a++++++%3cTD+Style%3d%22Class206%22+Merge%3d%22True%22+RowSpan%3d%22%22+ColSpan%3d%223%22+Format%3d%22%23%2c%23%230.00%22+Width%3d%2263.75%22+Text%3d%22%22+Height%3d%2215%22+Align%3d"}},{"$cut":{"chars":32761,"head":" e%0d%0a++++++%3cTD+Style%3d%22Class114%22+Merge%3d%22False%22+RowSpan%3d%22%22+ColSpan%3d%22%22+Format%3d%22General%22+Width%3d%2224.75%22+Text%3d%22%22+Height%3d%2215%22+Align%3d%22Left%22+CellHasFormula%3d%22False%22+FontName%3d%22Calibri%22+WrapText%3d%22False%22+FontSize%3d%2210%22+X%3d%2232%22+Y%3d%2270%22+%2f%3e%0d%0a++++++%3cTD+Style%3d%22Class114%22+Merge%3d%22False%22+RowSpan%3d%22%22+ColSpan%3d%22%22+Format%3d%22General%22+Width%3d%2224.75%22+Text%3d%22%22+Height%3d%2215%22+Align%3d%22Left%22+CellHasFormula%3d%22False%22+FontName%3d%22Calibri%22+WrapText%3d%22False%22+FontSize%3d%2210%22+X%3d%2233%22+Y%3d%2270%22+%2f%3e%0d%0a++++++%3cTD+Style%3d%22Class114%22+Merge%3d%22False%22+RowSpan%3d%22%22+ColSpan%3d%22%22+Format%3d%22General%22+Width%3d%2224.75%22+Text%3d%22%22+Height%3d%2215%22+Align%3d%22Left%22+CellHasFormula%3d%22False%22+FontName%3d%22Calibri%22+WrapText%3d%22False%22+FontSize%3d%2210%22+X%3d%2234%22+Y%3d%2270%22+%2f%3e%0d%0a++++++%3cTD+Style%3d%22Class114%22+Merge%3d%22False%22+RowSpan%3d%22%22+ColSpan%3d%22%22+Format%3d%22General%22+Width%3d%2224.75%22+Text%3d%22%22+Height%3d%2215%22+Align%3d%22Left%22+CellHasFormula%3d%22False%22+FontName%3d%22Calibri%22+WrapText%3d%22False%22+FontSize%3d%2210%22+X%3d%2235%22+Y%3d%2270%22+%2f%3e%0d%0a++++++%3cTD+Style%3d%22Class114%22+Merge%3d%22False%22+RowSpan%3d%22%22+ColSpan%3d%22%22+Format%3d%22General%22+Width%3d%2224.75%22+Text%3d%22%22+Height%3d%2215%22+Align%3d%22Left%22+CellHasFormula%3d%22False%22+FontName%3d%22Calibri%22+WrapText%3d%22False%22+FontSize%3d%2210%22+X%3d%2236%22+Y%3d%2270%22+%2f%3e%0d%0a++++++%3cTD+Style%3d%22Class114%22+Merge%3d%22False%22+RowSpan%3d%22%22+ColSpan%3d%22%22+Format%3d%22General%22+Width%3d%2224.75%22+Text%3d%22%22+Height%3d%2215%22+Align%3d%22Left%22+CellHasFormula%3d%22False%22+FontName%3d%22Calibri%22+WrapText%3d%22False%22+FontSize%3d%2210%22+X%3d%2237%22+Y%3d%2270%22+%2f%3e%0d%0a++++++%3cTD+Style%3d%22Class114%22+Merge%3d%22False%22+RowSpan%3d%22%22+ColSpan%3d%22%22+Format%3d%22General%22+Width%3d%2214.25%22+Text%3d%22%22+Height%3d%2215%22+Align%3d%22Left%22+CellHasFormula%3d%22False%22+FontName%3d%22Calibri%22+WrapText%3d%22False%22+FontSize%3d%2210%22+X%3d%2238%22+Y%3d%2270%22+%2f%3e%0d%0a++++++%3cTD+Style%3d%22Class114%22+Merge%3d%22False%22+RowSpan%3d%22%22+ColSpan%3d%22%22+Format%3d%22General%22+Width%3d%2224.75%22+Text%3d%22%22+Height%3d%2215%22+Align%3d%22Left%22+CellHasFormula%3d%22False%22+FontName%3d%22Calibri%22+WrapText%3d%22False%22+FontSize%3d%2210%22+X%3d%2239%22+Y%3d%2270%22+%2f%3e%0d%0a++++%3c%2fTR%3e%0d%0a++++%3cTR%3e%0d%0a++++++%3cTD+Style%3d%22Class202%22+Merge%3d%22False%22+RowSpan%3d%22%22+ColSpan%3d%22%22+Format%3d%22General%22+Width%3d%2224.75%22+Text%3d%2255%22+Height%3d%2215%22+Align%3d%22Left%22+CellHasFormula%3d%22False%22+FontName%3d%22Calibri%22+WrapText%3d%22False%22+FontSize%3d%2211%22+X%3d%221%22+Y%3d%2271%22+%2f%3e%0d%0a++++++%3cTD+Style%3d%22Class193%22+Merge%3d%22False%22+RowSpan%3d%22%22+ColSpan%3d%22%22+Format%3d%22General%22+Width%3d%2214.25%22+Text%3d%22%22+Height%3d%2215%22+Align%3d%22Left%22+CellHasFormula%3d%22False%22+FontName%3d%22Calibri%22+WrapText%3d%22False%22+FontSize%3d%2211%22+X%3d%222%22+Y%3d%2271%22+%2f%3e%0d%0a++++++%3cTD+Style%3d%22Class203%22+Merge%3d%22True%22+RowSpan%3d%22%22+ColSpan%3d%222%22+Format%3d%22General%22+Width%3d%2239%22+Text%3d%22%22+Height%3d%2215%22+Align%3d%22Center%22+CellHasFormula%3d%22True%22+FontName%3d%22Arial%22+WrapText%3d%22False%22+FontSize%3d%229%22+X%3d%223%22+Y%3d%2271%22+%2f%3e%0d%0a++++++%3cTD+Style%3d%22Class204%22+Merge%3d%22True%22+RowSpan%3d%22%22+ColSpan%3d%223%22+Format%3d%22%23%2c%23%230.00%22+Width%3d%2267.5%22+Text%3d%22%22+Height%3d%2215%22+Align%3d%22Center%22+CellHasFormula%3d%22True%22+FontName%3d%22Arial%22+WrapText%3d%22False%22+FontSize%3d%229%22+X%3d%225%22+Y%3d%2271%22+%2f%3e%0d%0a++++++%3cTD+Style%3d%22Class204%22+Merge%3d%22True%22+RowSpan%3d%22%22+ColSpan%3d%223%22+Format%3d%22%23%2c%23%230.00%22+Width%3d%2263.75%22+Text%3d%22%22+Height%3d%2215%22+Align%3d%22Center%22+CellHasFormula%3d%22True%22+FontName%3d%"}},{"$cut":{"chars":32761,"head":" 2+Merge%3d%22False%22+RowSpan%3d%22%22+ColSpan%3d%22%22+Format%3d%22General%22+Width%3d%2224.75%22+Text%3d%22%22+Height%3d%2215%22+Align%3d%22Left%22+CellHasFormula%3d%22False%22+FontName%3d%22Calibri%22+WrapText%3d%22False%22+FontSize%3d%2210%22+X%3d%2230%22+Y%3d%2274%22+%2f%3e%0d%0a++++++%3cTD+Style%3d%22Class114%22+Merge%3d%22False%22+RowSpan%3d%22%22+ColSpan%3d%22%22+Format%3d%22General%22+Width%3d%2224.75%22+Text%3d%22%22+Height%3d%2215%22+Align%3d%22Left%22+CellHasFormula%3d%22False%22+FontName%3d%22Calibri%22+WrapText%3d%22False%22+FontSize%3d%2210%22+X%3d%2231%22+Y%3d%2274%22+%2f%3e%0d%0a++++++%3cTD+Style%3d%22Class114%22+Merge%3d%22False%22+RowSpan%3d%22%22+ColSpan%3d%22%22+Format%3d%22General%22+Width%3d%2224.75%22+Text%3d%22%22+Height%3d%2215%22+Align%3d%22Left%22+CellHasFormula%3d%22False%22+FontName%3d%22Calibri%22+WrapText%3d%22False%22+FontSize%3d%2210%22+X%3d%2232%22+Y%3d%2274%22+%2f%3e%0d%0a++++++%3cTD+Style%3d%22Class114%22+Merge%3d%22False%22+RowSpan%3d%22%22+ColSpan%3d%22%22+Format%3d%22General%22+Width%3d%2224.75%22+Text%3d%22%22+Height%3d%2215%22+Align%3d%22Left%22+CellHasFormula%3d%22False%22+FontName%3d%22Calibri%22+WrapText%3d%22False%22+FontSize%3d%2210%22+X%3d%2233%22+Y%3d%2274%22+%2f%3e%0d%0a++++++%3cTD+Style%3d%22Class114%22+Merge%3d%22False%22+RowSpan%3d%22%22+ColSpan%3d%22%22+Format%3d%22General%22+Width%3d%2224.75%22+Text%3d%22%22+Height%3d%2215%22+Align%3d%22Left%22+CellHasFormula%3d%22False%22+FontName%3d%22Calibri%22+WrapText%3d%22False%22+FontSize%3d%2210%22+X%3d%2234%22+Y%3d%2274%22+%2f%3e%0d%0a++++++%3cTD+Style%3d%22Class114%22+Merge%3d%22False%22+RowSpan%3d%22%22+ColSpan%3d%22%22+Format%3d%22General%22+Width%3d%2224.75%22+Text%3d%22%22+Height%3d%2215%22+Align%3d%22Left%22+CellHasFormula%3d%22False%22+FontName%3d%22Calibri%22+WrapText%3d%22False%22+FontSize%3d%2210%22+X%3d%2235%22+Y%3d%2274%22+%2f%3e%0d%0a++++++%3cTD+Style%3d%22Class114%22+Merge%3d%22False%22+RowSpan%3d%22%22+ColSpan%3d%22%22+Format%3d%22General%22+Width%3d%2224.75%22+Text%3d%22%22+Height%3d%2215%22+Align%3d%22Left%22+CellHasFormula%3d%22False%22+FontName%3d%22Calibri%22+WrapText%3d%22False%22+FontSize%3d%2210%22+X%3d%2236%22+Y%3d%2274%22+%2f%3e%0d%0a++++++%3cTD+Style%3d%22Class114%22+Merge%3d%22False%22+RowSpan%3d%22%22+ColSpan%3d%22%22+Format%3d%22General%22+Width%3d%2224.75%22+Text%3d%22%22+Height%3d%2215%22+Align%3d%22Left%22+CellHasFormula%3d%22False%22+FontName%3d%22Calibri%22+WrapText%3d%22False%22+FontSize%3d%2210%22+X%3d%2237%22+Y%3d%2274%22+%2f%3e%0d%0a++++++%3cTD+Style%3d%22Class114%22+Merge%3d%22False%22+RowSpan%3d%22%22+ColSpan%3d%22%22+Format%3d%22General%22+Width%3d%2214.25%22+Text%3d%22%22+Height%3d%2215%22+Align%3d%22Left%22+CellHasFormula%3d%22False%22+FontName%3d%22Calibri%22+WrapText%3d%22False%22+FontSize%3d%2210%22+X%3d%2238%22+Y%3d%2274%22+%2f%3e%0d%0a++++++%3cTD+Style%3d%22Class114%22+Merge%3d%22False%22+RowSpan%3d%22%22+ColSpan%3d%22%22+Format%3d%22General%22+Width%3d%2224.75%22+Text%3d%22%22+Height%3d%2215%22+Align%3d%22Left%22+CellHasFormula%3d%22False%22+FontName%3d%22Calibri%22+WrapText%3d%22False%22+FontSize%3d%2210%22+X%3d%2239%22+Y%3d%2274%22+%2f%3e%0d%0a++++%3c%2fTR%3e%0d%0a++++%3cTR%3e%0d%0a++++++%3cTD+Style%3d%22Class202%22+Merge%3d%22False%22+RowSpan%3d%22%22+ColSpan%3d%22%22+Format%3d%22General%22+Width%3d%2224.75%22+Text%3d%2259%22+Height%3d%2215%22+Align%3d%22Left%22+CellHasFormula%3d%22False%22+FontName%3d%22Calibri%22+WrapText%3d%22False%22+FontSize%3d%2211%22+X%3d%221%22+Y%3d%2275%22+%2f%3e%0d%0a++++++%3cTD+Style%3d%22Class193%22+Merge%3d%22False%22+RowSpan%3d%22%22+ColSpan%3d%22%22+Format%3d%22General%22+Width%3d%2214.25%22+Text%3d%22%22+Height%3d%2215%22+Align%3d%22Left%22+CellHasFormula%3d%22False%22+FontName%3d%22Calibri%22+WrapText%3d%22False%22+FontSize%3d%2211%22+X%3d%222%22+Y%3d%2275%22+%2f%3e%0d%0a++++++%3cTD+Style%3d%22Class203%22+Merge%3d%22True%22+RowSpan%3d%22%22+ColSpan%3d%222%22+Format%3d%22General%22+Width%3d%2239%22+Text%3d%22%22+Height%3d%2215%22+Align%3d%22Center%22+CellHasFormula%3d%22True%22+FontName%3d%22Arial%22+WrapText%3d%22False%22+FontSize%3d%229%2"}}," 4%22+Merge%3d%22True%22+RowSpan%3d%22%22+ColSpan%3d%222%22+Format%3d%22General%22+Width%3d%2239%22+Text%3d%22%22+Height%3d%2215.75%22+Align%3d%22Center%22+CellHasFormula%3d%22False%22+FontName%3d%22Calibri%22+WrapText%3d%22False%22+FontSize%3d%2210%22+X%3d%223%22+Y%3d%2278%22+%2f%3e%0d%0a++++++%3cTD+Style%3d%22Class218%22+Merge%3d%22False%22+RowSpan%3d%22%22+ColSpan%3d%22%22+Format%3d%22General%22+Width%3d%2224.75%22+Text%3d%22%22+Height%3d%2215.75%22+Align%3d%22Left%22+CellHasFormula%3d%22False%22+FontName%3d%22Calibri%22+WrapText%3d%22False%22+FontSize%3d%2210%22+X%3d%225%22+Y%3d%2278%22+%2f%3e%0d%0a++++++%3cTD+Style%3d%22Class218%22+Merge%3d%22False%22+RowSpan%3d%22%22+ColSpan%3d%22%22+Format%3d%22General%22+Width%3d%2214.25%22+Text%3d%22%22+Height%3d%2215.75%22+Align%3d%22Left%22+CellHasFormula%3d%22False%22+FontName%3d%22Calibri%22+WrapText%3d%22False%22+FontSize%3d%2210%22+X%3d%226%22+Y%3d%2278%22+%2f%3e%0d%0a++++++%3cTD+Style%3d%22Class218%22+Merge%3d%22False%22+RowSpan%3d%22%22+ColSpan%3d%22%22+Format%3d%22General%22+Width%3d%2228.5%22+Text%3d%22%22+Height%3d%2215.75%22+Align%3d%22Left%22+CellHasFormula%3d%22False%22+FontName%3d%22Calibri%22+WrapText%3d%22False%22+FontSize%3d%2210%22+X%3d%227%22+Y%3d%2278%22+%2f%3e%0d%0a++++++%3cTD+Style%3d%22Class218%22+Merge%3d%22False%22+RowSpan%3d%22%22+ColSpan%3d%22%22+Format%3d%22General%22+Width%3d%2224.75%22+Text%3d%22%22+Height%3d%2215.75%22+Align%3d%22Left%22+CellHasFormula%3d%22False%22+FontName%3d%22Calibri%22+WrapText%3d%22False%22+FontSize%3d%2210%22+X%3d%228%22+Y%3d%2278%22+%2f%3e%0d%0a++++++%3cTD+Style%3d%22Class218%22+Merge%3d%22False%22+RowSpan%3d%22%22+ColSpan%3d%22%22+Format%3d%22General%22+Width%3d%2214.25%22+Text%3d%22%22+Height%3d%2215.75%22+Align%3d%22Left%22+CellHasFormula%3d%22False%22+FontName%3d%22Calibri%22+WrapText%3d%22False%22+FontSize%3d%2210%22+X%3d%229%22+Y%3d%2278%22+%2f%3e%0d%0a++++++%3cTD+Style%3d%22Class218%22+Merge%3d%22False%22+RowSpan%3d%22%22+ColSpan%3d%22%22+Format%3d%22General%22+Width%3d%2224.75%22+Text%3d%22%22+Height%3d%2215.75%22+Align%3d%22Left%22+CellHasFormula%3d%22False%22+FontName%3d%22Calibri%22+WrapText%3d%22False%22+FontSize%3d%2210%22+X%3d%2210%22+Y%3d%2278%22+%2f%3e%0d%0a++++++%3cTD+Style%3d%22Class218%22+Merge%3d%22False%22+RowSpan%3d%22%22+ColSpan%3d%22%22+Format%3d%22General%22+Width%3d%2224.75%22+Text%3d%22%22+Height%3d%2215.75%22+Align%3d%22Left%22+CellHasFormula%3d%22False%22+FontName%3d%22Calibri%22+WrapText%3d%22False%22+FontSize%3d%2210%22+X%3d%2211%22+Y%3d%2278%22+%2f%3e%0d%0a++++++%3cTD+Style%3d%22Class218%22+Merge%3d%22False%22+RowSpan%3d%22%22+ColSpan%3d%22%22+Format%3d%22General%22+Width%3d%2214.25%22+Text%3d%22%22+Height%3d%2215.75%22+Align%3d%22Left%22+CellHasFormula%3d%22False%22+FontName%3d%22Calibri%22+WrapText%3d%22False%22+FontSize%3d%2210%22+X%3d%2212%22+Y%3d%2278%22+%2f%3e%0d%0a++++++%3cTD+Style%3d%22Class218%22+Merge%3d%22False%22+RowSpan%3d%22%22+ColSpan%3d%22%22+Format%3d%22General%22+Width%3d%2224.75%22+Text%3d%22%22+Height%3d%2215.75%22+Align%3d%22Left%22+CellHasFormula%3d%22False%22+FontName%3d%22Calibri%22+WrapText%3d%22False%22+FontSize%3d%2210%22+X%3d%2213%22+Y%3d%2278%22+%2f%3e%0d%0a++++++%3cTD+Style%3d%22Class218%22+Merge%3d%22False%22+RowSpan%3d%22%22+ColSpan%3d%22%22+Format%3d%22General%22+Width%3d%2224.75%22+Text%3d%22%22+Height%3d%2215.75%22+Align%3d%22Left%22+CellHasFormula%3d%22False%22+FontName%3d%22Calibri%22+WrapText%3d%22False%22+FontSize%3d%2210%22+X%3d%2214%22+Y%3d%2278%22+%2f%3e%0d%0a++++++%3cTD+Style%3d%22Class218%22+Merge%3d%22False%22+RowSpan%3d%22%22+ColSpan%3d%22%22+Format%3d%22General%22+Width%3d%2214.25%22+Text%3d%22%22+Height%3d%2215.75%22+Align%3d%22Left%22+CellHasFormula%3d%22False%22+FontName%3d%22Calibri%22+WrapText%3d%22False%22+FontSize%3d%2210%22+X%3d%2215%22+Y%3d%2278%22+%2f%3e%0d%0a++++++%3cTD+Style%3d%22Class218%22+Merge%3d%22False%22+RowSpan%3d%22%22+ColSpan%3d%22%22+Format%3d%22General%22+Width%3d%2224.75%22+Text%3d%22%22+Height%3d%2215.75%22+Align%3d%22Left%22+CellHasFormula%3d%22False%22+FontName%3d%22Calibri%22+WrapText%3d%22False%22+FontSize%3d%2210%22+X%3d%2216%22+Y%3d%2278%22+%2f%3e%0d%0a++++++%3cTD+Style%3d%22Class218%22+Merge%3d%22False%22+RowSpan%3d%22%22+ColSpan%3d%22%22+Format%3d%22General%22+Width%3d%2224.75%22+Text%3d%22%22+Height%3d%2215.75%22+Align%3d%22Left%22+CellHasFormula%3d%22False%22+FontName%3d%22Calibri%22+WrapText%3d%22False%22+FontSize%3d%2210%22+X%3d%2217%22+Y%3d%2278%22+%2f%3e%0d%0a++++++%3cTD+Style%3d%22Class218%22+Merge%3d%22False%22+RowSpan%3d%22%22+ColSpan%3d%22%22+Format%3d%22General%22+Width%3d%2214.25%22+Text%3d%22%22+Height%3d%2215.75%22+Align%3d%22Left%22+CellHasFormula%3d%22False%22+FontName%3d%22Calibri%22+WrapText%3d%22False%22+FontSize%3d%2210%22+X%3d%2218%22+Y%3d%2278%22+%2f%3e%0d%0a++++++%3cTD+Style%3d%22Class218%22+Merge%3d%22False%22+RowSpan%3d%22%22+ColSpan%3d%22%22+Format%3d%22General%22+Width%3d%2224.75%22+Text%3d%22%22+Height%3d%2215.75%22+Align%3d%22Left%22+CellHasFormula%3d%22False%22+FontName%3d%22Calibri%22+WrapText%3d%22False%22+FontSize%3d%2210%22+X%3d%2219%22+Y%3d%2278%22+%2f%3e%0d%0a++++++%3cTD+Style%3d%22Class218%22+Merge%3d%22False%22+RowSpan%3d%22%22+ColSpan%3d%22%22+Format%3d%22General%22+Width%3d%2224.75%22+Text%3d%22%22+Height%3d%2215.75%22+Align%3d%22Left%22+CellHasFormula%3d%22False%22+FontName%3d%22Calibri%22+WrapText%3d%22False%22+FontSize%3d%2210%22+X%3d%2220%22+Y%3d%2278%22+%2f%3e%0d%0a++++++%3cTD+Style%3d%22Class218%22+Merge%3d%22False%22+RowSpan%3d%22%22+ColSpan%3d%22%22+Format%3d%22General%22+Width%3d%2214.25%22+Text%3d%22%22+Height%3d%2215.75%22+Align%3d%22Left%22+CellHasFormula%3d%22False%22+FontName%3d%22Calibri%22+WrapText%3d%22False%22+FontSize%3d%2210%22+X%3d%2221%22+Y%3d%2278%22+%2f%3e%0d%0a++++++%3cTD+Style%3d%22Class218%22+Merge%3d%22False%22+RowSpan%3d%22%22+ColSpan%3d%22%22+Format%3d%22General%22+Width%3d%2224.75%22+Text%3d%22%22+Height%3d%2215.75%22+Align%3d%22Left%22+CellHasFormula%3d%22False%22+FontName%3d%22Calibri%22+WrapText%3d%22False%22+FontSize%3d%2210%22+X%3d%2222%22+Y%3d%2278%22+%2f%3e%0d%0a++++++%3cTD+Style%3d%22Class218%22+Merge%3d%22False%22+RowSpan%3d%22%22+ColSpan%3d%22%22+Format%3d%22General%22+Width%3d%2214.25%22+Text%3d%22%22+Height%3d%2215.75%22+Align%3d%22Left%22+CellHasFormula%3d%22False%22+FontName%3d%22Calibri%22+WrapText%3d%22False%22+FontSize%3d%2210%22+X%3d%2223%22+Y%3d%2278%22+%2f%3e%0d%0a++++++%3cTD+Style%3d%22Class114%22+Merge%3d%22False%22+RowSpan%3d%22%22+ColSpan%3d%22%22+Format%3d%22General%22+Width%3d%2224.75%22+Text%3d%22%22+Height%3d%2215.75%22+Align%3d%22Left%22+CellHasFormula%3d%22False%22+FontName%3d%22Calibri%22+WrapText%3d%22False%22+FontSize%3d%2210%22+X%3d%2224%22+Y%3d%2278%22+%2f%3e%0d%0a++++++%3cTD+Style%3d%22Class114%22+Merge%3d%22False%22+RowSpan%3d%22%22+ColSpan%3d%22%22+Format%3d%22General%22+Width%3d%2214.25%22+Text%3d%22%22+Height%3d%2215.75%22+Align%3d%22Left%22+CellHasFormula%3d%22False%22+FontName%3d%22Calibri%22+WrapText%3d%22False%22+FontSize%3d%2210%22+X%3d%2225%22+Y%3d%2278%22+%2f%3e%0d%0a++++++%3cTD+Style%3d%22Class114%22+Merge%3d%22False%22+RowSpan%3d%22%22+ColSpan%3d%22%22+Format%3d%22General%22+Width%3d%2224.75%22+Text%3d%22%22+Height%3d%2215.75%22+Align%3d%22Left%22+CellHasFormula%3d%22False%22+FontName%3d%22Calibri%22+WrapText%3d%22False%22+FontSize%3d%2210%22+X%3d%2226%22+Y%3d%2278%22+%2f%3e%0d%0a++++++%3cTD+Style%3d%22Class114%22+Merge%3d%22False%22+RowSpan%3d%22%22+ColSpan%3d%22%22+Format%3d%22General%22+Width%3d%2231.5%22+Text%3d%22%22+Height%3d%2215.75%22+Align%3d%22Left%22+CellHasFormula%3d%22False%22+FontName%3d%22Calibri%22+WrapText%3d%22False%22+FontSize%3d%2210%22+X%3d%2227%22+Y%3d%2278%22+%2f%3e%0d%0a++++++%3cTD+Style%3d%22Class114%22+Merge%3d%22False%22+RowSpan%3d%22%22+ColSpan%3d%22%22+Format%3d%22General%22+Width%3d%2224.75%22+Text%3d%22%22+Height%3d%2215.75%22+Align%3d%22Left%22+CellHasFormula%3d%22False%22+FontName%3d%22Calibri%22+WrapText%3d%22False%22+FontSize%3d%2210%22+X%3d%2228%22+Y%3d%2278%22+%2f%3e%0d%0a++++++%3cTD+Style%3d%22Class114%22+Merge%3d%22False%22+RowSpan%3d%22%22+ColSpan%3d%22%22+Format%3d%22General%22+Width%3d%2224.75%22+Text%3d%22%22+Height%3d%2215.75%22+Align%3d%22Left%22+CellHasFormula%3d%22False%22+FontName%3d%22Calibri%22+WrapText%3d%22False%22+FontSize%3d%2210%22+X%3d%2229%22+Y%3d%2278%22+%2f%3e%0d%0a++++++%3cTD+Style%3d%22Class114%22+Merge%3d%22False%22+RowSpan%3d%22%22+ColSpan%3d%22%22+Format%3d%22General%22+Width%3d%2224.75%22+Text%3d%22%22+Height%3d%2215.75%22+Align%3d%22Left%22+CellHasFormula%3d%22False%22+FontName%3d%22Calibri%22+WrapText%3d%22False%22+FontSize%3d%2210%22+X%3d%2230%22+Y%3d%2278%22+%2f%3e%0d%0a++++++%3cTD+Style%3d%22Class114%22+Merge%3d%22False%22+RowSpan%3d%22%22+ColSpan%3d%22%22+Format%3d%22General%22+Width%3d%2224.75%22+Text%3d%22%22+Height%3d%2215.75%22+Align%3d%22Left%22+CellHasFormula%3d%22False%22+FontName%3d%22Calibri%22+WrapText%3d%22False%22+FontSize%3d%2210%22+X%3d%2231%22+Y%3d%2278%22+%2f%3e%0d%0a++++++%3cTD+Style%3d%22Class114%22+Merge%3d%22False%22+RowSpan%3d%22%22+ColSpan%3d%22%22+Format%3d%22General%22+Width%3d%2224.75%22+Text%3d%22%22+Height%3d%2215.75%22+Align%3d%22Left%22+CellHasFormula%3d%22False%22+FontName%3d%22Calibri%22+WrapText%3d%22False%22+FontSize%3d%2210%22+X%3d%2232%22+Y%3d%2278%22+%2f%3e%0d%0a++++++%3cTD+Style%3d%22Class114%22+Merge%3d%22False%22+RowSpan%3d%22%22+ColSpan%3d%22%22+Format%3d%22General%22+Width%3d%2224.75%22+Text%3d%22%22+Height%3d%2215.75%22+Align%3d%22Left%22+CellHasFormula%3d%22False%22+FontName%3d%22Calibri%22+WrapText%3d%22False%22+FontSize%3d%2210%22+X%3d%2233%22+Y%3d%2278%22+%2f%3e%0d%0a++++++%3cTD+Style%3d%22Class114%22+Merge%3d%22False%22+RowSpan%3d%22%22+ColSpan%3d%22%22+Format%3d%22General%22+Width%3d%2224.75%22+Text%3d%22%22+Height%3d%2215.75%22+Align%3d%22Left%22+CellHasFormula%3d%22False%22+FontName%3d%22Calibri%22+WrapText%3d%22False%22+FontSize%3d%2210%22+X%3d%2234%22+Y%3d%2278%22+%2f%3e%0d%0a++++++%3cTD+Style%3d%22Class114%22+Merge%3d%22False%22+RowSpan%3d%22%22+ColSpan%3d%22%22+Format%3d%22General%22+Width%3d%2224.75%22+Text%3d%22%22+Height%3d%2215.75%22+Align%3d%22Left%22+CellHasFormula%3d%22False%22+FontName%3d%22Calibri%22+WrapText%3d%22False%22+FontSize%3d%2210%22+X%3d%2235%22+Y%3d%2278%22+%2f%3e%0d%0a++++++%3cTD+Style%3d%22Class114%22+Merge%3d%22False%22+RowSpan%3d%22%22+ColSpan%3d%22%22+Format%3d%22General%22+Width%3d%2224.75%22+Text%3d%22%22+Height%3d%2215.75%22+Align%3d%22Left%22+CellHasFormula%3d%22False%22+FontName%3d%22Calibri%22+WrapText%3d%22False%22+FontSize%3d%2210%22+X%3d%2236%22+Y%3d%2278%22+%2f%3e%0d%0a++++++%3cTD+Style%3d%22Class114%22+Merge%3d%22False%22+RowSpan%3d%22%22+ColSpan%3d%22%22+Format%3d%22General%22+Width%3d%2224.75%22+Text%3d%22%22+Height%3d%2215.75%22+Align%3d%22Left%22+CellHasFormula%3d%22False%22+FontName%3d%22Calibri%22+WrapText%3d%22False%22+FontSize%3d%2210%22+X%3d%2237%22+Y%3d%2278%22+%2f%3e%0d%0a++++++%3cTD+Style%3d%22Class114%22+Merge%3d%22False%22+RowSpan%3d%22%22+ColSpan%3d%22%22+Format%3d%22General%22+Width%3d%2214.25%22+Text%3d%22%22+Height%3d%2215.75%22+Align%3d%22Left%22+CellHasFormula%3d%22False%22+FontName%3d%22Calibri%22+WrapText%3d%22False%22+FontSize%3d%2210%22+X%3d%2238%22+Y%3d%2278%22+%2f%3e%0d%0a++++++%3cTD+Style%3d%22Class113%22+Merge%3d%22False%22+RowSpan%3d%22%22+ColSpan%3d%22%22+Format%3d%22General%22+Width%3d%2224.75%22+Text%3d%22%22+Height%3d%2215.75%22+Align%3d%22Left%22+CellHasFormula%3d%22False%22+FontName%3d%22Calibri%22+WrapText%3d%22False%22+FontSize%3d%2211%22+X%3d%2239%22+Y%3d%2278%22+%2f%3e%0d%0a++++%3c%2fTR%3e%0d%0a++%3c%2fTable%3e%0d%0a%3c%2fTables%3e"]
["%3c%3fxml+version%3d%221.0%22+encoding%3d%22utf-16%22%3f%3e%0d%0a%3cPageLayouts+xmlns%3axsi%3d%22http%3a%2f%2fwww.w3.org%2f2001%2fXMLSchema-instance%22+xmlns%3axsd%3d%22http%3a%2f%2fwww.w3.org%2f2001%2fXMLSchema%22+IsTabsVisible%3d%22true%22+InitialPageIndex%3d%220%22%3e%0d%0a++%3cPageLayout+Index%3d%220%22+IsPageHidingEnabled%3d%22false%22+Order%3d%220%22+FileName%3d%221.+401k+Calculator%22+IsAjaxEnabled%3d%22false%22+Recipient%3d%22Enter+e-mail+address+here.%22+Location%3d%22Bottom%22+Alignment%3d%22Center%22+AutoResponseEmail%3d%22False%22+NotificationEmail%3d%22False%22+PageForwarding%3d%22False%22+PageForwardingCustomPage%3d%22False%22+PageForwardingIsExternalURL%3d%22False%22+PageForwardingExternalURL%3d%22None%22%3e%0d%0a++++%3cControls%3e%0d%0a++++++%3cPageControl+Enabled%3d%22true%22+Type%3d%22Calculate%22+Order%3d%220%22+CellLink%3d%22%3d'401k+Calculator'!%24V%2412%22+Name%3d%22Calculate%22+%2f%3e%0d%0a++++++%3cPageControl+Enabled%3d%22false%22+Type%3d%22Reset%22+Order%3d%221%22+CellLink%3d%22DEFAULT%22+Name%3d%22Reset%22+%2f%3e%0d%0a++++++%3cPageControl+Enabled%3d%22false%22+Type%3d%22Send+Results%22+Order%3d%222%22+CellLink%3d%22DEFAULT%22+Name%3d%22Submit%22+%2f%3e%0d%0a++++++%3cPageControl+Enabled%3d%22false%22+Type%3d%22Save%22+Order%3d%223%22+CellLink%3d%22DEFAULT%22+Name%3d%22Save%22+%2f%3e%0d%0a++++++%3cPageControl+Enabled%3d%22false%22+Type%3d%22Back%22+Order%3d%225%22+CellLink%3d%22DEFAULT%22+Name%3d%22Back%22+%2f%3e%0d%0a++++++%3cPageControl+Enabled%3d%22false%22+Type%3d%22Next%22+Order%3d%224%22+CellLink%3d%22DEFAULT%22+Name%3d%22Next%22+%2f%3e%0d%0a++++%3c%2fControls%3e%0d%0a++%3c%2fPageLayout%3e%0d%0a++%3cApplicationName%3e401k+Calculator+(Online)%3c%2fApplicationName%3e%0d%0a%3c%2fPageLayouts%3e"]
[{"$cut":{"chars":32522,"head":"\n.Class113{font-family: Calibri; font-size:11pt; color:Black;border: 0.5pt  None  Black ;background-color:White; text-align:left;vertical-align:bottom;}\n.Class114{font-family: Calibri; font-size:10pt; color:Black;border: 0.5pt  None  Black ;background-color:White; text-align:left;vertical-align:bottom;}\n.Class115{font-family: Candara; font-size:18pt; color:#376091;font-weight: bold;border: 0.5pt  None  Black ;background-color:White; text-align:center;vertical-align:bottom;}\n.Class116{font-family: Calibri; font-size:11pt; color:Black;border-bottom-style: Solid ;border-top-width: 0.5pt ;border-left-width: 0.5pt ;border-right-width: 0.5pt ;border-bottom-width: 1.5pt ;border-top-color: Black ;border-left-color: Black ;border-right-color: Black ;border-bottom-color: #666699 ;background-color:White; text-align:left;vertical-align:bottom;}\n.Class117{font-family: Calibri; font-size:10pt; color:Black;border-bottom-style: Solid ;border-top-width: 0.5pt ;border-left-width: 0.5pt ;border-right-width: 0.5pt ;border-bottom-width: 1.5pt ;border-top-color: Black ;border-left-color: Black ;border-right-color: Black ;border-bottom-color: #666699 ;background-color:White; text-align:left;vertical-align:bottom;}\n.Class118{font-family: Calibri; font-size:11pt; color:Black;border-right-style: Solid ;border-top-width: 0.5pt ;border-left-width: 0.5pt ;border-right-width: 1.5pt ;border-bottom-width: 0.5pt ;border-top-color: Black ;border-left-color: Black ;border-right-color: #666699 ;border-bottom-color: Black ;background-color:White; text-align:left;vertical-align:bottom;}\n.Class119{font-family: Bell MT; font-size:11pt; color:Black;border-top-style: Solid ;border-left-style: Solid ;border-top-width: 1.5pt ;border-left-width: 1.5pt ;border-right-width: 0.5pt ;border-bottom-width: 0.5pt ;border-top-color: #666699 ;border-left-color: #666699 ;border-right-color: Black ;border-bottom-color: Black ;background-color:#F6F5EE; text-align:left;vertical-align:middle;}\n.Class120{font-family: Bell MT; font-size:11pt; color:Black;border-top-style: Solid ;border-bottom-style: Solid ;border-top-width: 1.5pt ;border-left-width: 0.5pt ;border-right-width: 0.5pt ;border-bottom-width: 1.0pt ;border-top-color: #666699 ;border-left-color: Black ;border-right-color: Black ;border-bottom-color: #666699 ;background-color:#F6F5EE; text-align:left;vertical-align:middle;}\n.Class121{font-family: Bell MT; font-size:11pt; color:Black;font-weight: bold;border-top-style: Solid ;border-bottom-style: Solid ;border-top-width: 1.5pt ;border-left-width: 0.5pt ;border-right-width: 0.5pt ;border-bottom-width: 1.0pt ;border-top-color: #666699 ;border-left-color: Black ;border-right-color: Black ;border-bottom-color: #666699 ;background-color:#F6F5EE; text-align:left;vertical-align:middle;}\n.Class122{font-family: Bell MT; font-size:10pt; color:Black;border-top-style: Solid ;border-top-width: 1.5pt ;border-left-width: 0.5pt ;border-right-width: 0.5pt ;border-bottom-width: 0.5pt ;border-top-color: #666699 ;border-left-color: Black ;border-right-color: Black ;border-bottom-color: Black ;background-color:#F6F5EE; text-align:left;vertical-align:middle;}\n.Class123{font-family: Bell MT; font-size:10pt; color:Black;border-top-style: Solid ;border-bottom-style: Solid ;border-top-width: 1.5pt ;border-left-width: 0.5pt ;border-right-width: 0.5pt ;border-bottom-width: 1.0pt ;border-top-color: #666699 ;border-left-color: Black ;border-right-color: Black ;border-bottom-color: #666699 ;background-color:#F6F5EE; text-align:left;vertical-align:middle;}\n.Class124{font-family: Calibri; font-size:10pt; color:Black;border-top-style: Solid ;border-right-style: Solid ;border-top-width: 1.5pt ;border-left-width: 0.5pt ;border-right-width: 1.5pt ;border-bottom-width: 0.5pt ;border-top-color: #666699 ;border-left-color: Black ;border-right-color: #666699 ;border-bottom-color: Black ;background-color:#F6F5EE; text-align:left;vertical-align:middle;}\n.Class125{font-family: Calibri; font-size:11pt; color:Black;border-left-style: Solid ;border-right-style: Solid ;border-top-width: 0.5pt ;border-left-width: 1.5pt ;b"}},"\n.Class215{font-family: Calibri; font-size:10pt; color:Black;border-left-style: Solid ;border-bottom-style: Solid ;border-top-width: 0.5pt ;border-left-width: 1.5pt ;border-right-width: 0.5pt ;border-bottom-width: 1.5pt ;border-top-color: Black ;border-left-color: #666699 ;border-right-color: Black ;border-bottom-color: #666699 ;background-color:#F6F5EE; text-align:left;vertical-align:bottom;}\n.Class216{font-family: Calibri; font-size:10pt; color:Black;border-bottom-style: Solid ;border-top-width: 0.5pt ;border-left-width: 0.5pt ;border-right-width: 0.5pt ;border-bottom-width: 1.5pt ;border-top-color: Black ;border-left-color: Black ;border-right-color: Black ;border-bottom-color: #666699 ;background-color:#F6F5EE; text-align:left;vertical-align:bottom;}\n.Class217{font-family: Calibri; font-size:10pt; color:Black;border-right-style: Solid ;border-bottom-style: Solid ;border-top-width: 0.5pt ;border-left-width: 0.5pt ;border-right-width: 1.5pt ;border-bottom-width: 1.5pt ;border-top-color: Black ;border-left-color: Black ;border-right-color: #666699 ;border-bottom-color: #666699 ;background-color:#F6F5EE; text-align:left;vertical-align:bottom;}\n.Class218{font-family: Calibri; font-size:10pt; color:Black;border-top-style: Solid ;border-top-width: 1.5pt ;border-left-width: 0.5pt ;border-right-width: 0.5pt ;border-bottom-width: 0.5pt ;border-top-color: #666699 ;border-left-color: Black ;border-right-color: Black ;border-bottom-color: Black ;background-color:White; text-align:left;vertical-align:bottom;}\n.Class219{font-family: Calibri; font-size:11pt; color:Black;border-left-style: Solid ;border-bottom-style: Solid ;border-top-width: 0.5pt ;border-left-width: 1.5pt ;border-right-width: 0.5pt ;border-bottom-width: 1.5pt ;border-top-color: Black ;border-left-color: #666699 ;border-right-color: Black ;border-bottom-color: #666699 ;background-color:#EEECDE; text-align:left;vertical-align:bottom;}\n.Class220{font-family: Calibri; font-size:10pt; color:Black;border-bottom-style: Solid ;border-top-width: 0.5pt ;border-left-width: 0.5pt ;border-right-width: 0.5pt ;border-bottom-width: 1.5pt ;border-top-color: Black ;border-left-color: Black ;border-right-color: Black ;border-bottom-color: #666699 ;background-color:#EEECDE; text-align:center;vertical-align:bottom;}\n.Class221{font-family: Calibri; font-size:10pt; color:Black;border-bottom-style: Solid ;border-top-width: 0.5pt ;border-left-width: 0.5pt ;border-right-width: 0.5pt ;border-bottom-width: 1.5pt ;border-top-color: Black ;border-left-color: Black ;border-right-color: Black ;border-bottom-color: #666699 ;background-color:#EEECDE; text-align:left;vertical-align:bottom;}\n.Class222{font-family: Calibri; font-size:10pt; color:Black;border-right-style: Solid ;border-bottom-style: Solid ;border-top-width: 0.5pt ;border-left-width: 0.5pt ;border-right-width: 1.5pt ;border-bottom-width: 1.5pt ;border-top-color: Black ;border-left-color: Black ;border-right-color: #666699 ;border-bottom-color: #666699 ;background-color:#EEECDE; text-align:left;vertical-align:bottom;}\n.Class223{font-family: Calibri; font-size:11pt; color:Black;border-top-style: Solid ;border-top-width: 1.5pt ;border-left-width: 0.5pt ;border-right-width: 0.5pt ;border-bottom-width: 0.5pt ;border-top-color: #666699 ;border-left-color: Black ;border-right-color: Black ;border-bottom-color: Black ;background-color:White; text-align:left;vertical-align:bottom;}\n.Class224{font-family: Calibri; font-size:10pt; color:Black;border-top-style: Solid ;border-top-width: 1.5pt ;border-left-width: 0.5pt ;border-right-width: 0.5pt ;border-bottom-width: 0.5pt ;border-top-color: #666699 ;border-left-color: Black ;border-right-color: Black ;border-bottom-color: Black ;background-color:White; text-align:center;vertical-align:bottom;}"]
["tr-TR"]
["2.0.0.0"]
[]
["UEsFBgAAAAAAAAAAAAAAAAAAAAAAAA%3d%3d"]
[]
[]
["%3c%3fxml+version%3d%221.0%22+encoding%3d%22utf-16%22%3f%3e%0d%0a%3cSavingCells+xmlns%3axsi%3d%22http%3a%2f%2fwww.w3.org%2f2001%2fXMLSchema-instance%22+xmlns%3axsd%3d%22http%3a%2f%2fwww.w3.org%2f2001%2fXMLSchema%22+CellCount%3d%220%22+SavingCellPrefix%3d%22PSWSavingCell_%22+%2f%3e"]